{"id":19693,"date":"2019-05-17T11:03:10","date_gmt":"2019-05-17T09:03:10","guid":{"rendered":"http:\/\/www.polyequipements.com\/?page_id=19693"},"modified":"2026-01-23T11:10:47","modified_gmt":"2026-01-23T10:10:47","slug":"nous-contacter","status":"publish","type":"page","link":"https:\/\/www.sp-equipements.com\/site\/nous-contacter\/","title":{"rendered":"Nous contacter"},"content":{"rendered":"<div class=\"fusion-fullwidth fullwidth-box nonhundred-percent-fullwidth non-hundred-percent-height-scrolling\"  style='background-color: #ffffff;background-position: center center;background-repeat: no-repeat;padding-top:0px;padding-right:0px;padding-bottom:0px;padding-left:0px;'><div class=\"fusion-builder-row fusion-row \"><div  class=\"fusion-layout-column fusion_builder_column fusion_builder_column_1_2 fusion-builder-column-1 fusion-one-half fusion-column-first 1_2\"  style='margin-top:15px;margin-bottom:15px;width:50%;width:calc(50% - ( ( 4% ) * 0.5 ) );margin-right: 4%;'>\n\t\t\t\t\t<div class=\"fusion-column-wrapper\" style=\"padding: 10px 0px 0px 0px;background-position:left top;background-repeat:no-repeat;-webkit-background-size:cover;-moz-background-size:cover;-o-background-size:cover;background-size:cover;\"   data-bg-url=\"\">\n\t\t\t\t\t\t<div class=\"fusion-text\"><h1 style=\"text-align: center;\"><span style=\"color: #2081b5;\">SP \u00c9QUIPEMENTS<\/span><\/h1>\n<h1 style=\"text-align: center;\"><span style=\"color: #2081b5;\">Si\u00e8ge : 42, rue Monge<\/span><\/h1>\n<h1 style=\"text-align: center;\"><span style=\"color: #2081b5;\">75005 Paris<\/span><\/h1>\n<h1 style=\"text-align: center;\"><span style=\"color: #2081b5;\">D\u00e9p\u00f4t : 6-8 bis, Chemin du Moulin<\/span><\/h1>\n<h1 style=\"text-align: center;\"><span style=\"color: #2081b5;\">91350 Grigny<\/span><\/h1>\n<h1 style=\"text-align: center;\"><span style=\"color: #2081b5;\">T\u00e9l : 33(0) 1 69 06 23 23<\/span><\/h1>\n<h1 style=\"text-align: center;\"><span style=\"color: #2081b5;\">E-mail : info@sp-equipements.com<\/span><\/h1>\n<h1 style=\"text-align: center;\"><\/h1>\n<\/div><div class=\"fusion-sep-clear\"><\/div><div class=\"fusion-separator fusion-full-width-sep sep-single sep-solid\" style=\"border-color:#eaeaea;border-top-width:1px;margin-left: auto;margin-right: auto;margin-top:15px;margin-bottom:15px;\"><\/div><div class=\"fusion-button-wrapper fusion-aligncenter\"><style type=\"text\/css\" scoped=\"scoped\">.fusion-button.button-1 .fusion-button-text, .fusion-button.button-1 i {color:#105378;}.fusion-button.button-1 {border-width:0px;border-color:#105378;}.fusion-button.button-1 .fusion-button-icon-divider{border-color:#105378;}.fusion-button.button-1:hover .fusion-button-text, .fusion-button.button-1:hover i,.fusion-button.button-1:focus .fusion-button-text, .fusion-button.button-1:focus i,.fusion-button.button-1:active .fusion-button-text, .fusion-button.button-1:active{color:#105378;}.fusion-button.button-1:hover, .fusion-button.button-1:focus, .fusion-button.button-1:active{border-width:0px;border-color:#105378;}.fusion-button.button-1:hover .fusion-button-icon-divider, .fusion-button.button-1:hover .fusion-button-icon-divider, .fusion-button.button-1:active .fusion-button-icon-divider{border-color:#105378;}.fusion-button.button-1 .fusion-button-text {text-transform:uppercase;}.fusion-button.button-1{width:auto;}<\/style><a class=\"fusion-button button-flat fusion-button-pill button-medium button-default button-1\" target=\"_self\" href=\"\/site\/catalogue\/\"><span class=\"fusion-button-text\">Devis en ligne<\/span><\/a><\/div><div class=\"fusion-clearfix\"><\/div>\n\n\t\t\t\t\t<\/div>\n\t\t\t\t<\/div><div  class=\"fusion-layout-column fusion_builder_column fusion_builder_column_1_2 fusion-builder-column-2 fusion-one-half fusion-column-last 1_2\"  style='margin-top:15px;margin-bottom:15px;width:50%;width:calc(50% - ( ( 4% ) * 0.5 ) );'>\n\t\t\t\t\t<div class=\"fusion-column-wrapper\" style=\"padding: 0px 0px 0px 0px;background-position:left top;background-repeat:no-repeat;-webkit-background-size:cover;-moz-background-size:cover;-o-background-size:cover;background-size:cover;\"   data-bg-url=\"\">\n\t\t\t\t\t\t\t\t\t\t\t<script type=\"text\/javascript\">\n\t\t\t\t\t\tvar map_fusion_map_69e73e308d21b;\n\t\t\t\t\t\tvar markers = [];\n\t\t\t\t\t\tvar counter = 0;\n\t\t\t\t\t\t\t\t\t\t\t\t\t\t\t\t\t\t\t\tvar fusionMapNonce = 'e619586911';\n\t\t\t\t\t\t\t\t\t\t\t\tfunction fusion_run_map_fusion_map_69e73e308d21b() {\n\t\t\t\t\t\t\tjQuery('#fusion_map_69e73e308d21b').fusion_maps({\n\t\t\t\t\t\t\t\taddresses: [{\"address\":\"6 Chemin du Moulin, 91350 Grigny\",\"infobox_content\":\"6 Chemin du Moulin, 91350 Grigny\",\"coordinates\":false,\"cache\":true,\"latitude\":\"48.6584013\",\"longitude\":\"2.380857399999968\"}],\n\t\t\t\t\t\t\t\tanimations: true,\n\t\t\t\t\t\t\t\tinfobox_background_color: '',\n\t\t\t\t\t\t\t\tinfobox_styling: 'default',\n\t\t\t\t\t\t\t\tinfobox_text_color: '',\n\t\t\t\t\t\t\t\tmap_style: 'default',\n\t\t\t\t\t\t\t\tmap_type: 'roadmap',\n\t\t\t\t\t\t\t\tmarker_icon: '',\n\t\t\t\t\t\t\t\toverlay_color: '',\n\t\t\t\t\t\t\t\toverlay_color_hsl: {\"hue\":0,\"sat\":0,\"lum\":100},\n\t\t\t\t\t\t\t\tpan_control: true,\n\t\t\t\t\t\t\t\tshow_address: true,\n\t\t\t\t\t\t\t\tscale_control: true,\n\t\t\t\t\t\t\t\tscrollwheel: true,\n\t\t\t\t\t\t\t\tzoom: 9,\n\t\t\t\t\t\t\t\tzoom_control: true,\n\t\t\t\t\t\t\t});\n\t\t\t\t\t\t}\n\n\t\t\t\t\t\tgoogle.maps.event.addDomListener(window, 'load', fusion_run_map_fusion_map_69e73e308d21b);\n\t\t\t\t\t<\/script>\n\t\t\t\t\t<div class=\"shortcode-map fusion-google-map fusion-maps-js-type\" id=\"fusion_map_69e73e308d21b\" style=\"height:350px;width:100%;\"><\/div><div class=\"fusion-clearfix\"><\/div>\n\n\t\t\t\t\t<\/div>\n\t\t\t\t<\/div><\/div><\/div>\n","protected":false},"excerpt":{"rendered":"","protected":false},"author":1,"featured_media":0,"parent":0,"menu_order":0,"comment_status":"closed","ping_status":"closed","template":"","meta":{"footnotes":""},"yoast_head":"<!-- This site is optimized with the Yoast SEO plugin v22.2 - https:\/\/yoast.com\/wordpress\/plugins\/seo\/ -->\n<title>Nous contacter - SP \u00c9quipements - Achat ou location de mat\u00e9riel<\/title>\n<meta name=\"description\" content=\"Nous contacter au 33(0) 1 69 06 44 22 ou par email \u00e0 info@polyboutique.com. Notre adresse est la suivante : 6-8 bis,chemin du moulin 91351 GRIGNY-BP14\" \/>\n<meta name=\"robots\" content=\"index, follow, max-snippet:-1, max-image-preview:large, max-video-preview:-1\" \/>\n<link rel=\"canonical\" href=\"https:\/\/www.sp-equipements.com\/site\/nous-contacter\/\" \/>\n<meta property=\"og:locale\" content=\"fr_FR\" \/>\n<meta property=\"og:type\" content=\"article\" \/>\n<meta property=\"og:title\" content=\"Nous contacter - SP \u00c9quipements - Achat ou location de mat\u00e9riel\" \/>\n<meta property=\"og:description\" content=\"Nous contacter au 33(0) 1 69 06 44 22 ou par email \u00e0 info@polyboutique.com. Notre adresse est la suivante : 6-8 bis,chemin du moulin 91351 GRIGNY-BP14\" \/>\n<meta property=\"og:url\" content=\"https:\/\/www.sp-equipements.com\/site\/nous-contacter\/\" \/>\n<meta property=\"og:site_name\" content=\"SP \u00c9quipements\" \/>\n<meta property=\"article:modified_time\" content=\"2026-01-23T10:10:47+00:00\" \/>\n<meta name=\"twitter:card\" content=\"summary_large_image\" \/>\n<meta name=\"twitter:label1\" content=\"Dur\u00e9e de lecture estim\u00e9e\" \/>\n\t<meta name=\"twitter:data1\" content=\"2 minutes\" \/>\n<script type=\"application\/ld+json\" class=\"yoast-schema-graph\">{\"@context\":\"https:\/\/schema.org\",\"@graph\":[{\"@type\":\"WebPage\",\"@id\":\"https:\/\/www.sp-equipements.com\/site\/nous-contacter\/\",\"url\":\"https:\/\/www.sp-equipements.com\/site\/nous-contacter\/\",\"name\":\"Nous contacter - SP \u00c9quipements - Achat ou location de mat\u00e9riel\",\"isPartOf\":{\"@id\":\"https:\/\/www.sp-equipements.com\/site\/#website\"},\"datePublished\":\"2019-05-17T09:03:10+00:00\",\"dateModified\":\"2026-01-23T10:10:47+00:00\",\"description\":\"Nous contacter au 33(0) 1 69 06 44 22 ou par email \u00e0 info@polyboutique.com. Notre adresse est la suivante : 6-8 bis,chemin du moulin 91351 GRIGNY-BP14\",\"breadcrumb\":{\"@id\":\"https:\/\/www.sp-equipements.com\/site\/nous-contacter\/#breadcrumb\"},\"inLanguage\":\"fr-FR\",\"potentialAction\":[{\"@type\":\"ReadAction\",\"target\":[\"https:\/\/www.sp-equipements.com\/site\/nous-contacter\/\"]}]},{\"@type\":\"BreadcrumbList\",\"@id\":\"https:\/\/www.sp-equipements.com\/site\/nous-contacter\/#breadcrumb\",\"itemListElement\":[{\"@type\":\"ListItem\",\"position\":1,\"name\":\"Accueil\",\"item\":\"https:\/\/www.sp-equipements.com\/site\/\"},{\"@type\":\"ListItem\",\"position\":2,\"name\":\"Nous contacter\"}]},{\"@type\":\"WebSite\",\"@id\":\"https:\/\/www.sp-equipements.com\/site\/#website\",\"url\":\"https:\/\/www.sp-equipements.com\/site\/\",\"name\":\"SP \u00c9quipements\",\"description\":\"\u00c9quipements de collectivit\u00e9s\",\"potentialAction\":[{\"@type\":\"SearchAction\",\"target\":{\"@type\":\"EntryPoint\",\"urlTemplate\":\"https:\/\/www.sp-equipements.com\/site\/?s={search_term_string}\"},\"query-input\":\"required name=search_term_string\"}],\"inLanguage\":\"fr-FR\"}]}<\/script>\n<!-- \/ Yoast SEO plugin. -->","yoast_head_json":{"title":"Nous contacter - SP \u00c9quipements - Achat ou location de mat\u00e9riel","description":"Nous contacter au 33(0) 1 69 06 44 22 ou par email \u00e0 info@polyboutique.com. Notre adresse est la suivante : 6-8 bis,chemin du moulin 91351 GRIGNY-BP14","robots":{"index":"index","follow":"follow","max-snippet":"max-snippet:-1","max-image-preview":"max-image-preview:large","max-video-preview":"max-video-preview:-1"},"canonical":"https:\/\/www.sp-equipements.com\/site\/nous-contacter\/","og_locale":"fr_FR","og_type":"article","og_title":"Nous contacter - SP \u00c9quipements - Achat ou location de mat\u00e9riel","og_description":"Nous contacter au 33(0) 1 69 06 44 22 ou par email \u00e0 info@polyboutique.com. Notre adresse est la suivante : 6-8 bis,chemin du moulin 91351 GRIGNY-BP14","og_url":"https:\/\/www.sp-equipements.com\/site\/nous-contacter\/","og_site_name":"SP \u00c9quipements","article_modified_time":"2026-01-23T10:10:47+00:00","twitter_card":"summary_large_image","twitter_misc":{"Dur\u00e9e de lecture estim\u00e9e":"2 minutes"},"schema":{"@context":"https:\/\/schema.org","@graph":[{"@type":"WebPage","@id":"https:\/\/www.sp-equipements.com\/site\/nous-contacter\/","url":"https:\/\/www.sp-equipements.com\/site\/nous-contacter\/","name":"Nous contacter - SP \u00c9quipements - Achat ou location de mat\u00e9riel","isPartOf":{"@id":"https:\/\/www.sp-equipements.com\/site\/#website"},"datePublished":"2019-05-17T09:03:10+00:00","dateModified":"2026-01-23T10:10:47+00:00","description":"Nous contacter au 33(0) 1 69 06 44 22 ou par email \u00e0 info@polyboutique.com. Notre adresse est la suivante : 6-8 bis,chemin du moulin 91351 GRIGNY-BP14","breadcrumb":{"@id":"https:\/\/www.sp-equipements.com\/site\/nous-contacter\/#breadcrumb"},"inLanguage":"fr-FR","potentialAction":[{"@type":"ReadAction","target":["https:\/\/www.sp-equipements.com\/site\/nous-contacter\/"]}]},{"@type":"BreadcrumbList","@id":"https:\/\/www.sp-equipements.com\/site\/nous-contacter\/#breadcrumb","itemListElement":[{"@type":"ListItem","position":1,"name":"Accueil","item":"https:\/\/www.sp-equipements.com\/site\/"},{"@type":"ListItem","position":2,"name":"Nous contacter"}]},{"@type":"WebSite","@id":"https:\/\/www.sp-equipements.com\/site\/#website","url":"https:\/\/www.sp-equipements.com\/site\/","name":"SP \u00c9quipements","description":"\u00c9quipements de collectivit\u00e9s","potentialAction":[{"@type":"SearchAction","target":{"@type":"EntryPoint","urlTemplate":"https:\/\/www.sp-equipements.com\/site\/?s={search_term_string}"},"query-input":"required name=search_term_string"}],"inLanguage":"fr-FR"}]}},"_links":{"self":[{"href":"https:\/\/www.sp-equipements.com\/site\/wp-json\/wp\/v2\/pages\/19693"}],"collection":[{"href":"https:\/\/www.sp-equipements.com\/site\/wp-json\/wp\/v2\/pages"}],"about":[{"href":"https:\/\/www.sp-equipements.com\/site\/wp-json\/wp\/v2\/types\/page"}],"author":[{"embeddable":true,"href":"https:\/\/www.sp-equipements.com\/site\/wp-json\/wp\/v2\/users\/1"}],"replies":[{"embeddable":true,"href":"https:\/\/www.sp-equipements.com\/site\/wp-json\/wp\/v2\/comments?post=19693"}],"version-history":[{"count":8,"href":"https:\/\/www.sp-equipements.com\/site\/wp-json\/wp\/v2\/pages\/19693\/revisions"}],"predecessor-version":[{"id":38626,"href":"https:\/\/www.sp-equipements.com\/site\/wp-json\/wp\/v2\/pages\/19693\/revisions\/38626"}],"wp:attachment":[{"href":"https:\/\/www.sp-equipements.com\/site\/wp-json\/wp\/v2\/media?parent=19693"}],"curies":[{"name":"wp","href":"https:\/\/api.w.org\/{rel}","templated":true}]}}