{"id":20479,"date":"2019-06-05T11:51:06","date_gmt":"2019-06-05T09:51:06","guid":{"rendered":"http:\/\/www.polyequipements.com\/produit\/tabouret-de-bar-paradise\/"},"modified":"2019-06-19T15:29:56","modified_gmt":"2019-06-19T13:29:56","slug":"tabouret-de-bar-paradise","status":"publish","type":"product","link":"https:\/\/www.sp-equipements.com\/site\/produit\/tabouret-de-bar-paradise\/","title":{"rendered":"Tabouret de Bar PARADISE"},"content":{"rendered":"","protected":false},"excerpt":{"rendered":"<p>Tabouret de bar r\u00e9glable en hauteur de 51 \u00e0 76cm.<br \/>\nStructure en aluminium.<br \/>\nPi\u00e9tements et repose pied en acier chrom\u00e9.<br \/>\nAssise en alliage d&rsquo;aluminium. Existe en noir et gris.<\/p>\n<p><b>Descriptif technique :\u00a0<\/b>51~76<br \/>\nHauteur x Largeur x Profondeur : 83x38x43cm<br \/>\nLargeur assise (min-max) en cm : 35~38<br \/>\nHauteur repose pied (min-max) en cm : 16~41<br \/>\nBase en cm : 38<\/p>\n","protected":false},"featured_media":37436,"comment_status":"open","ping_status":"closed","template":"","meta":[],"product_cat":[91,118],"product_tag":[],"yoast_head":"<!-- This site is optimized with the Yoast SEO plugin v22.2 - https:\/\/yoast.com\/wordpress\/plugins\/seo\/ -->\n<title>Tabouret de Bar PARADISE - SP \u00c9quipements<\/title>\n<meta name=\"robots\" content=\"index, follow, max-snippet:-1, max-image-preview:large, max-video-preview:-1\" \/>\n<link rel=\"canonical\" href=\"https:\/\/www.sp-equipements.com\/site\/produit\/tabouret-de-bar-paradise\/\" \/>\n<meta property=\"og:locale\" content=\"fr_FR\" \/>\n<meta property=\"og:type\" content=\"article\" \/>\n<meta property=\"og:title\" content=\"Tabouret de Bar PARADISE - SP \u00c9quipements\" \/>\n<meta property=\"og:description\" content=\"Tabouret de bar r\u00e9glable en hauteur de 51 \u00e0 76cm. Structure en aluminium. Pi\u00e9tements et repose pied en acier chrom\u00e9. Assise en alliage d&#039;aluminium. Existe en noir et gris.  Descriptif technique :\u00a051~76 Hauteur x Largeur x Profondeur : 83x38x43cm Largeur assise (min-max) en cm : 35~38 Hauteur repose pied (min-max) en cm : 16~41 Base en cm : 38\" \/>\n<meta property=\"og:url\" content=\"https:\/\/www.sp-equipements.com\/site\/produit\/tabouret-de-bar-paradise\/\" \/>\n<meta property=\"og:site_name\" content=\"SP \u00c9quipements\" \/>\n<meta property=\"article:modified_time\" content=\"2019-06-19T13:29:56+00:00\" \/>\n<meta property=\"og:image\" content=\"https:\/\/www.sp-equipements.com\/site\/wp-content\/uploads\/2019\/06\/chaise_haute_paradise-1.jpg\" \/>\n\t<meta property=\"og:image:width\" content=\"190\" \/>\n\t<meta property=\"og:image:height\" content=\"190\" \/>\n\t<meta property=\"og:image:type\" content=\"image\/jpeg\" \/>\n<meta name=\"twitter:card\" content=\"summary_large_image\" \/>\n<script type=\"application\/ld+json\" class=\"yoast-schema-graph\">{\"@context\":\"https:\/\/schema.org\",\"@graph\":[{\"@type\":\"WebPage\",\"@id\":\"https:\/\/www.sp-equipements.com\/site\/produit\/tabouret-de-bar-paradise\/\",\"url\":\"https:\/\/www.sp-equipements.com\/site\/produit\/tabouret-de-bar-paradise\/\",\"name\":\"Tabouret de Bar PARADISE - SP \u00c9quipements\",\"isPartOf\":{\"@id\":\"https:\/\/www.sp-equipements.com\/site\/#website\"},\"primaryImageOfPage\":{\"@id\":\"https:\/\/www.sp-equipements.com\/site\/produit\/tabouret-de-bar-paradise\/#primaryimage\"},\"image\":{\"@id\":\"https:\/\/www.sp-equipements.com\/site\/produit\/tabouret-de-bar-paradise\/#primaryimage\"},\"thumbnailUrl\":\"https:\/\/www.sp-equipements.com\/site\/wp-content\/uploads\/2019\/06\/chaise_haute_paradise-1.jpg\",\"datePublished\":\"2019-06-05T09:51:06+00:00\",\"dateModified\":\"2019-06-19T13:29:56+00:00\",\"breadcrumb\":{\"@id\":\"https:\/\/www.sp-equipements.com\/site\/produit\/tabouret-de-bar-paradise\/#breadcrumb\"},\"inLanguage\":\"fr-FR\",\"potentialAction\":[{\"@type\":\"ReadAction\",\"target\":[\"https:\/\/www.sp-equipements.com\/site\/produit\/tabouret-de-bar-paradise\/\"]}]},{\"@type\":\"ImageObject\",\"inLanguage\":\"fr-FR\",\"@id\":\"https:\/\/www.sp-equipements.com\/site\/produit\/tabouret-de-bar-paradise\/#primaryimage\",\"url\":\"https:\/\/www.sp-equipements.com\/site\/wp-content\/uploads\/2019\/06\/chaise_haute_paradise-1.jpg\",\"contentUrl\":\"https:\/\/www.sp-equipements.com\/site\/wp-content\/uploads\/2019\/06\/chaise_haute_paradise-1.jpg\",\"width\":190,\"height\":190,\"caption\":\"chaise haute paradise 1\"},{\"@type\":\"BreadcrumbList\",\"@id\":\"https:\/\/www.sp-equipements.com\/site\/produit\/tabouret-de-bar-paradise\/#breadcrumb\",\"itemListElement\":[{\"@type\":\"ListItem\",\"position\":1,\"name\":\"Accueil\",\"item\":\"https:\/\/www.sp-equipements.com\/site\/\"},{\"@type\":\"ListItem\",\"position\":2,\"name\":\"Catalogue\",\"item\":\"https:\/\/www.sp-equipements.com\/site\/catalogue\/\"},{\"@type\":\"ListItem\",\"position\":3,\"name\":\"Tabouret de Bar PARADISE\"}]},{\"@type\":\"WebSite\",\"@id\":\"https:\/\/www.sp-equipements.com\/site\/#website\",\"url\":\"https:\/\/www.sp-equipements.com\/site\/\",\"name\":\"SP \u00c9quipements\",\"description\":\"\u00c9quipements de collectivit\u00e9s\",\"potentialAction\":[{\"@type\":\"SearchAction\",\"target\":{\"@type\":\"EntryPoint\",\"urlTemplate\":\"https:\/\/www.sp-equipements.com\/site\/?s={search_term_string}\"},\"query-input\":\"required name=search_term_string\"}],\"inLanguage\":\"fr-FR\"}]}<\/script>\n<!-- \/ Yoast SEO plugin. -->","yoast_head_json":{"title":"Tabouret de Bar PARADISE - SP \u00c9quipements","robots":{"index":"index","follow":"follow","max-snippet":"max-snippet:-1","max-image-preview":"max-image-preview:large","max-video-preview":"max-video-preview:-1"},"canonical":"https:\/\/www.sp-equipements.com\/site\/produit\/tabouret-de-bar-paradise\/","og_locale":"fr_FR","og_type":"article","og_title":"Tabouret de Bar PARADISE - SP \u00c9quipements","og_description":"Tabouret de bar r\u00e9glable en hauteur de 51 \u00e0 76cm. Structure en aluminium. Pi\u00e9tements et repose pied en acier chrom\u00e9. Assise en alliage d'aluminium. Existe en noir et gris.  Descriptif technique :\u00a051~76 Hauteur x Largeur x Profondeur : 83x38x43cm Largeur assise (min-max) en cm : 35~38 Hauteur repose pied (min-max) en cm : 16~41 Base en cm : 38","og_url":"https:\/\/www.sp-equipements.com\/site\/produit\/tabouret-de-bar-paradise\/","og_site_name":"SP \u00c9quipements","article_modified_time":"2019-06-19T13:29:56+00:00","og_image":[{"width":190,"height":190,"url":"https:\/\/www.sp-equipements.com\/site\/wp-content\/uploads\/2019\/06\/chaise_haute_paradise-1.jpg","type":"image\/jpeg"}],"twitter_card":"summary_large_image","schema":{"@context":"https:\/\/schema.org","@graph":[{"@type":"WebPage","@id":"https:\/\/www.sp-equipements.com\/site\/produit\/tabouret-de-bar-paradise\/","url":"https:\/\/www.sp-equipements.com\/site\/produit\/tabouret-de-bar-paradise\/","name":"Tabouret de Bar PARADISE - SP \u00c9quipements","isPartOf":{"@id":"https:\/\/www.sp-equipements.com\/site\/#website"},"primaryImageOfPage":{"@id":"https:\/\/www.sp-equipements.com\/site\/produit\/tabouret-de-bar-paradise\/#primaryimage"},"image":{"@id":"https:\/\/www.sp-equipements.com\/site\/produit\/tabouret-de-bar-paradise\/#primaryimage"},"thumbnailUrl":"https:\/\/www.sp-equipements.com\/site\/wp-content\/uploads\/2019\/06\/chaise_haute_paradise-1.jpg","datePublished":"2019-06-05T09:51:06+00:00","dateModified":"2019-06-19T13:29:56+00:00","breadcrumb":{"@id":"https:\/\/www.sp-equipements.com\/site\/produit\/tabouret-de-bar-paradise\/#breadcrumb"},"inLanguage":"fr-FR","potentialAction":[{"@type":"ReadAction","target":["https:\/\/www.sp-equipements.com\/site\/produit\/tabouret-de-bar-paradise\/"]}]},{"@type":"ImageObject","inLanguage":"fr-FR","@id":"https:\/\/www.sp-equipements.com\/site\/produit\/tabouret-de-bar-paradise\/#primaryimage","url":"https:\/\/www.sp-equipements.com\/site\/wp-content\/uploads\/2019\/06\/chaise_haute_paradise-1.jpg","contentUrl":"https:\/\/www.sp-equipements.com\/site\/wp-content\/uploads\/2019\/06\/chaise_haute_paradise-1.jpg","width":190,"height":190,"caption":"chaise haute paradise 1"},{"@type":"BreadcrumbList","@id":"https:\/\/www.sp-equipements.com\/site\/produit\/tabouret-de-bar-paradise\/#breadcrumb","itemListElement":[{"@type":"ListItem","position":1,"name":"Accueil","item":"https:\/\/www.sp-equipements.com\/site\/"},{"@type":"ListItem","position":2,"name":"Catalogue","item":"https:\/\/www.sp-equipements.com\/site\/catalogue\/"},{"@type":"ListItem","position":3,"name":"Tabouret de Bar PARADISE"}]},{"@type":"WebSite","@id":"https:\/\/www.sp-equipements.com\/site\/#website","url":"https:\/\/www.sp-equipements.com\/site\/","name":"SP \u00c9quipements","description":"\u00c9quipements de collectivit\u00e9s","potentialAction":[{"@type":"SearchAction","target":{"@type":"EntryPoint","urlTemplate":"https:\/\/www.sp-equipements.com\/site\/?s={search_term_string}"},"query-input":"required name=search_term_string"}],"inLanguage":"fr-FR"}]}},"_links":{"self":[{"href":"https:\/\/www.sp-equipements.com\/site\/wp-json\/wp\/v2\/product\/20479"}],"collection":[{"href":"https:\/\/www.sp-equipements.com\/site\/wp-json\/wp\/v2\/product"}],"about":[{"href":"https:\/\/www.sp-equipements.com\/site\/wp-json\/wp\/v2\/types\/product"}],"replies":[{"embeddable":true,"href":"https:\/\/www.sp-equipements.com\/site\/wp-json\/wp\/v2\/comments?post=20479"}],"wp:featuredmedia":[{"embeddable":true,"href":"https:\/\/www.sp-equipements.com\/site\/wp-json\/wp\/v2\/media\/37436"}],"wp:attachment":[{"href":"https:\/\/www.sp-equipements.com\/site\/wp-json\/wp\/v2\/media?parent=20479"}],"wp:term":[{"taxonomy":"product_cat","embeddable":true,"href":"https:\/\/www.sp-equipements.com\/site\/wp-json\/wp\/v2\/product_cat?post=20479"},{"taxonomy":"product_tag","embeddable":true,"href":"https:\/\/www.sp-equipements.com\/site\/wp-json\/wp\/v2\/product_tag?post=20479"}],"curies":[{"name":"wp","href":"https:\/\/api.w.org\/{rel}","templated":true}]}}