{"id":20507,"date":"2019-06-05T11:51:28","date_gmt":"2019-06-05T09:51:28","guid":{"rendered":"http:\/\/www.polyequipements.com\/produit\/table-pique-nique-ronde-lifetime\/"},"modified":"2022-04-04T21:04:47","modified_gmt":"2022-04-04T19:04:47","slug":"table-pique-nique-ronde-lifetime","status":"publish","type":"product","link":"https:\/\/www.sp-equipements.com\/site\/produit\/table-pique-nique-ronde-lifetime\/","title":{"rendered":"Table Pique-Nique Ronde <i>LIFETIME<\/i>"},"content":{"rendered":"","protected":false},"excerpt":{"rendered":"<p><i>Table PIQUE-NIQUE ronde LIFETIME en HDPE. Design innovant et brevet\u00e9. Table extr\u00eamement r\u00e9sistante. Elle ne craint pas les chocs, ne se fissure pas et ne s&rsquo;\u00e9caille pas.<\/i><\/p>\n<p>Les 3 bancs coulissent permettant de s&rsquo;asseoir facilement autour de la table et l&rsquo;accessibilit\u00e9 aux fauteuils roulants.<\/p>\n<p>Le plateau est trait\u00e9 contre les rayons UV pour emp\u00eacher la d\u00e9coloration et la d\u00e9gradation.<\/p>\n<p>Plateau r\u00e9sistant aux t\u00e2ches et aux intemp\u00e9ries, tr\u00e8s facile \u00e0 nettoyer, il est r\u00e9alis\u00e9 en\u00a0<b>poly\u00e9thyl\u00e8ne moul\u00e9 haute densit\u00e9 (HDPE)<\/b>\u00a0en une seule pi\u00e8ce et sans joint.<\/p>\n<p>Le pi\u00e8tement est en acier trait\u00e9, finition epoxy, traitement anti-corrosion.<\/p>\n<p>Les tubes des pieds sont en acier neuf, de 3cm de diam\u00e8tre et 1,25mm d&rsquo;\u00e9paisseur. Les pieds sont \u00e9quip\u00e9s de patins en caoutchouc.<\/p>\n<p>Cette table est con\u00e7ue pour une utilisation int\u00e9rieure et ext\u00e9rieure.<\/p>\n<p>Montage tr\u00e8s facile<br \/>\n<b>Caract\u00e9ristiques :<br \/>\nCertification ISO 9001:2000<br \/>\nHauteur : 74 cm<br \/>\nEpaisseur plateau : 5 cm<br \/>\nPoids net : 36,3 kg<br \/>\nCharge maximum recommand\u00e9e : 300 kg<br \/>\nConditionnement : unit\u00e9<br \/>\nCouleur : beige amande<\/b><\/p>\n","protected":false},"featured_media":37938,"comment_status":"open","ping_status":"closed","template":"","meta":[],"product_cat":[91,227,123,110],"product_tag":[],"yoast_head":"<!-- This site is optimized with the Yoast SEO plugin v22.2 - https:\/\/yoast.com\/wordpress\/plugins\/seo\/ -->\n<title>Table Pique-Nique Ronde LIFETIME - SP \u00c9quipements<\/title>\n<meta name=\"robots\" content=\"index, follow, max-snippet:-1, max-image-preview:large, max-video-preview:-1\" \/>\n<link rel=\"canonical\" href=\"https:\/\/www.sp-equipements.com\/site\/produit\/table-pique-nique-ronde-lifetime\/\" \/>\n<meta property=\"og:locale\" content=\"fr_FR\" \/>\n<meta property=\"og:type\" content=\"article\" \/>\n<meta property=\"og:title\" content=\"Table Pique-Nique Ronde LIFETIME - SP \u00c9quipements\" \/>\n<meta property=\"og:description\" content=\"Table PIQUE-NIQUE ronde LIFETIME en HDPE. Design innovant et brevet\u00e9. Table extr\u00eamement r\u00e9sistante. Elle ne craint pas les chocs, ne se fissure pas et ne s&#039;\u00e9caille pas.  Les 3 bancs coulissent permettant de s&#039;asseoir facilement autour de la table et l&#039;accessibilit\u00e9 aux fauteuils roulants.  Le plateau est trait\u00e9 contre les rayons UV pour emp\u00eacher la d\u00e9coloration et la d\u00e9gradation.  Plateau r\u00e9sistant aux t\u00e2ches et aux intemp\u00e9ries, tr\u00e8s facile \u00e0 nettoyer, il est r\u00e9alis\u00e9 en\u00a0poly\u00e9thyl\u00e8ne moul\u00e9 haute densit\u00e9 (HDPE)\u00a0en une seule pi\u00e8ce et sans joint.  Le pi\u00e8tement est en acier trait\u00e9, finition epoxy, traitement anti-corrosion.  Les tubes des pieds sont en acier neuf, de 3cm de diam\u00e8tre et 1,25mm d&#039;\u00e9paisseur. Les pieds sont \u00e9quip\u00e9s de patins en caoutchouc.  Cette table est con\u00e7ue pour une utilisation int\u00e9rieure et ext\u00e9rieure.  Montage tr\u00e8s facile Caract\u00e9ristiques : Certification ISO 9001:2000 Hauteur : 74 cm Epaisseur plateau : 5 cm Poids net : 36,3 kg Charge maximum recommand\u00e9e : 300 kg Conditionnement : unit\u00e9 Couleur : beige amande\" \/>\n<meta property=\"og:url\" content=\"https:\/\/www.sp-equipements.com\/site\/produit\/table-pique-nique-ronde-lifetime\/\" \/>\n<meta property=\"og:site_name\" content=\"SP \u00c9quipements\" \/>\n<meta property=\"article:modified_time\" content=\"2022-04-04T19:04:47+00:00\" \/>\n<meta property=\"og:image\" content=\"https:\/\/www.sp-equipements.com\/site\/wp-content\/uploads\/2019\/06\/table_pique_nique_ronde-2.jpg\" \/>\n\t<meta property=\"og:image:width\" content=\"190\" \/>\n\t<meta property=\"og:image:height\" content=\"190\" \/>\n\t<meta property=\"og:image:type\" content=\"image\/jpeg\" \/>\n<meta name=\"twitter:card\" content=\"summary_large_image\" \/>\n<script type=\"application\/ld+json\" class=\"yoast-schema-graph\">{\"@context\":\"https:\/\/schema.org\",\"@graph\":[{\"@type\":\"WebPage\",\"@id\":\"https:\/\/www.sp-equipements.com\/site\/produit\/table-pique-nique-ronde-lifetime\/\",\"url\":\"https:\/\/www.sp-equipements.com\/site\/produit\/table-pique-nique-ronde-lifetime\/\",\"name\":\"Table Pique-Nique Ronde LIFETIME - SP \u00c9quipements\",\"isPartOf\":{\"@id\":\"https:\/\/www.sp-equipements.com\/site\/#website\"},\"primaryImageOfPage\":{\"@id\":\"https:\/\/www.sp-equipements.com\/site\/produit\/table-pique-nique-ronde-lifetime\/#primaryimage\"},\"image\":{\"@id\":\"https:\/\/www.sp-equipements.com\/site\/produit\/table-pique-nique-ronde-lifetime\/#primaryimage\"},\"thumbnailUrl\":\"https:\/\/www.sp-equipements.com\/site\/wp-content\/uploads\/2019\/06\/table_pique_nique_ronde-2.jpg\",\"datePublished\":\"2019-06-05T09:51:28+00:00\",\"dateModified\":\"2022-04-04T19:04:47+00:00\",\"breadcrumb\":{\"@id\":\"https:\/\/www.sp-equipements.com\/site\/produit\/table-pique-nique-ronde-lifetime\/#breadcrumb\"},\"inLanguage\":\"fr-FR\",\"potentialAction\":[{\"@type\":\"ReadAction\",\"target\":[\"https:\/\/www.sp-equipements.com\/site\/produit\/table-pique-nique-ronde-lifetime\/\"]}]},{\"@type\":\"ImageObject\",\"inLanguage\":\"fr-FR\",\"@id\":\"https:\/\/www.sp-equipements.com\/site\/produit\/table-pique-nique-ronde-lifetime\/#primaryimage\",\"url\":\"https:\/\/www.sp-equipements.com\/site\/wp-content\/uploads\/2019\/06\/table_pique_nique_ronde-2.jpg\",\"contentUrl\":\"https:\/\/www.sp-equipements.com\/site\/wp-content\/uploads\/2019\/06\/table_pique_nique_ronde-2.jpg\",\"width\":190,\"height\":190,\"caption\":\"table pique nique ronde 2\"},{\"@type\":\"BreadcrumbList\",\"@id\":\"https:\/\/www.sp-equipements.com\/site\/produit\/table-pique-nique-ronde-lifetime\/#breadcrumb\",\"itemListElement\":[{\"@type\":\"ListItem\",\"position\":1,\"name\":\"Accueil\",\"item\":\"https:\/\/www.sp-equipements.com\/site\/\"},{\"@type\":\"ListItem\",\"position\":2,\"name\":\"Catalogue\",\"item\":\"https:\/\/www.sp-equipements.com\/site\/catalogue\/\"},{\"@type\":\"ListItem\",\"position\":3,\"name\":\"Table Pique-Nique Ronde LIFETIME\"}]},{\"@type\":\"WebSite\",\"@id\":\"https:\/\/www.sp-equipements.com\/site\/#website\",\"url\":\"https:\/\/www.sp-equipements.com\/site\/\",\"name\":\"SP \u00c9quipements\",\"description\":\"\u00c9quipements de collectivit\u00e9s\",\"potentialAction\":[{\"@type\":\"SearchAction\",\"target\":{\"@type\":\"EntryPoint\",\"urlTemplate\":\"https:\/\/www.sp-equipements.com\/site\/?s={search_term_string}\"},\"query-input\":\"required name=search_term_string\"}],\"inLanguage\":\"fr-FR\"}]}<\/script>\n<!-- \/ Yoast SEO plugin. -->","yoast_head_json":{"title":"Table Pique-Nique Ronde LIFETIME - SP \u00c9quipements","robots":{"index":"index","follow":"follow","max-snippet":"max-snippet:-1","max-image-preview":"max-image-preview:large","max-video-preview":"max-video-preview:-1"},"canonical":"https:\/\/www.sp-equipements.com\/site\/produit\/table-pique-nique-ronde-lifetime\/","og_locale":"fr_FR","og_type":"article","og_title":"Table Pique-Nique Ronde LIFETIME - SP \u00c9quipements","og_description":"Table PIQUE-NIQUE ronde LIFETIME en HDPE. Design innovant et brevet\u00e9. Table extr\u00eamement r\u00e9sistante. Elle ne craint pas les chocs, ne se fissure pas et ne s'\u00e9caille pas.  Les 3 bancs coulissent permettant de s'asseoir facilement autour de la table et l'accessibilit\u00e9 aux fauteuils roulants.  Le plateau est trait\u00e9 contre les rayons UV pour emp\u00eacher la d\u00e9coloration et la d\u00e9gradation.  Plateau r\u00e9sistant aux t\u00e2ches et aux intemp\u00e9ries, tr\u00e8s facile \u00e0 nettoyer, il est r\u00e9alis\u00e9 en\u00a0poly\u00e9thyl\u00e8ne moul\u00e9 haute densit\u00e9 (HDPE)\u00a0en une seule pi\u00e8ce et sans joint.  Le pi\u00e8tement est en acier trait\u00e9, finition epoxy, traitement anti-corrosion.  Les tubes des pieds sont en acier neuf, de 3cm de diam\u00e8tre et 1,25mm d'\u00e9paisseur. Les pieds sont \u00e9quip\u00e9s de patins en caoutchouc.  Cette table est con\u00e7ue pour une utilisation int\u00e9rieure et ext\u00e9rieure.  Montage tr\u00e8s facile Caract\u00e9ristiques : Certification ISO 9001:2000 Hauteur : 74 cm Epaisseur plateau : 5 cm Poids net : 36,3 kg Charge maximum recommand\u00e9e : 300 kg Conditionnement : unit\u00e9 Couleur : beige amande","og_url":"https:\/\/www.sp-equipements.com\/site\/produit\/table-pique-nique-ronde-lifetime\/","og_site_name":"SP \u00c9quipements","article_modified_time":"2022-04-04T19:04:47+00:00","og_image":[{"width":190,"height":190,"url":"https:\/\/www.sp-equipements.com\/site\/wp-content\/uploads\/2019\/06\/table_pique_nique_ronde-2.jpg","type":"image\/jpeg"}],"twitter_card":"summary_large_image","schema":{"@context":"https:\/\/schema.org","@graph":[{"@type":"WebPage","@id":"https:\/\/www.sp-equipements.com\/site\/produit\/table-pique-nique-ronde-lifetime\/","url":"https:\/\/www.sp-equipements.com\/site\/produit\/table-pique-nique-ronde-lifetime\/","name":"Table Pique-Nique Ronde LIFETIME - SP \u00c9quipements","isPartOf":{"@id":"https:\/\/www.sp-equipements.com\/site\/#website"},"primaryImageOfPage":{"@id":"https:\/\/www.sp-equipements.com\/site\/produit\/table-pique-nique-ronde-lifetime\/#primaryimage"},"image":{"@id":"https:\/\/www.sp-equipements.com\/site\/produit\/table-pique-nique-ronde-lifetime\/#primaryimage"},"thumbnailUrl":"https:\/\/www.sp-equipements.com\/site\/wp-content\/uploads\/2019\/06\/table_pique_nique_ronde-2.jpg","datePublished":"2019-06-05T09:51:28+00:00","dateModified":"2022-04-04T19:04:47+00:00","breadcrumb":{"@id":"https:\/\/www.sp-equipements.com\/site\/produit\/table-pique-nique-ronde-lifetime\/#breadcrumb"},"inLanguage":"fr-FR","potentialAction":[{"@type":"ReadAction","target":["https:\/\/www.sp-equipements.com\/site\/produit\/table-pique-nique-ronde-lifetime\/"]}]},{"@type":"ImageObject","inLanguage":"fr-FR","@id":"https:\/\/www.sp-equipements.com\/site\/produit\/table-pique-nique-ronde-lifetime\/#primaryimage","url":"https:\/\/www.sp-equipements.com\/site\/wp-content\/uploads\/2019\/06\/table_pique_nique_ronde-2.jpg","contentUrl":"https:\/\/www.sp-equipements.com\/site\/wp-content\/uploads\/2019\/06\/table_pique_nique_ronde-2.jpg","width":190,"height":190,"caption":"table pique nique ronde 2"},{"@type":"BreadcrumbList","@id":"https:\/\/www.sp-equipements.com\/site\/produit\/table-pique-nique-ronde-lifetime\/#breadcrumb","itemListElement":[{"@type":"ListItem","position":1,"name":"Accueil","item":"https:\/\/www.sp-equipements.com\/site\/"},{"@type":"ListItem","position":2,"name":"Catalogue","item":"https:\/\/www.sp-equipements.com\/site\/catalogue\/"},{"@type":"ListItem","position":3,"name":"Table Pique-Nique Ronde LIFETIME"}]},{"@type":"WebSite","@id":"https:\/\/www.sp-equipements.com\/site\/#website","url":"https:\/\/www.sp-equipements.com\/site\/","name":"SP \u00c9quipements","description":"\u00c9quipements de collectivit\u00e9s","potentialAction":[{"@type":"SearchAction","target":{"@type":"EntryPoint","urlTemplate":"https:\/\/www.sp-equipements.com\/site\/?s={search_term_string}"},"query-input":"required name=search_term_string"}],"inLanguage":"fr-FR"}]}},"_links":{"self":[{"href":"https:\/\/www.sp-equipements.com\/site\/wp-json\/wp\/v2\/product\/20507"}],"collection":[{"href":"https:\/\/www.sp-equipements.com\/site\/wp-json\/wp\/v2\/product"}],"about":[{"href":"https:\/\/www.sp-equipements.com\/site\/wp-json\/wp\/v2\/types\/product"}],"replies":[{"embeddable":true,"href":"https:\/\/www.sp-equipements.com\/site\/wp-json\/wp\/v2\/comments?post=20507"}],"wp:featuredmedia":[{"embeddable":true,"href":"https:\/\/www.sp-equipements.com\/site\/wp-json\/wp\/v2\/media\/37938"}],"wp:attachment":[{"href":"https:\/\/www.sp-equipements.com\/site\/wp-json\/wp\/v2\/media?parent=20507"}],"wp:term":[{"taxonomy":"product_cat","embeddable":true,"href":"https:\/\/www.sp-equipements.com\/site\/wp-json\/wp\/v2\/product_cat?post=20507"},{"taxonomy":"product_tag","embeddable":true,"href":"https:\/\/www.sp-equipements.com\/site\/wp-json\/wp\/v2\/product_tag?post=20507"}],"curies":[{"name":"wp","href":"https:\/\/api.w.org\/{rel}","templated":true}]}}