{"id":20519,"date":"2019-06-05T11:55:32","date_gmt":"2019-06-05T09:55:32","guid":{"rendered":"http:\/\/www.polyequipements.com\/produit\/porte-drapeau-mural-pour-1-2-ou-3-drapeaux\/"},"modified":"2019-06-19T15:30:05","modified_gmt":"2019-06-19T13:30:05","slug":"porte-drapeau-mural-pour-1-2-ou-3-drapeaux","status":"publish","type":"product","link":"https:\/\/www.sp-equipements.com\/site\/produit\/porte-drapeau-mural-pour-1-2-ou-3-drapeaux\/","title":{"rendered":"Porte Drapeau Mural pour 1, 2 ou 3 drapeaux"},"content":{"rendered":"","protected":false},"excerpt":{"rendered":"<div id=\"box-article-description\">\n<div id=\"display-article-description\">\n<p>R\u00e9alis\u00e9 en tube acier \u00d8 30 soud\u00e9 sur platine.<br \/>\n3 mod\u00e8les pour 1, 2 ou 3 m\u00e2ts \u00d8 36. Pour drapeaux sur hampes de \u00d8 25 maximum.<br \/>\nPose du m\u00e2t par emmanchement ext\u00e9rieur.<br \/>\nPose des drapeaux par emmanchement int\u00e9rieur.<br \/>\nFinition laqu\u00e9 blanc sur zinc.<br \/>\nFixation des supports par chevilles et vis (non fournies).<\/p>\n<\/div>\n<\/div>\n","protected":false},"featured_media":37463,"comment_status":"open","ping_status":"closed","template":"","meta":[],"product_cat":[94,130],"product_tag":[],"yoast_head":"<!-- This site is optimized with the Yoast SEO plugin v22.2 - https:\/\/yoast.com\/wordpress\/plugins\/seo\/ -->\n<title>Porte Drapeau Mural pour 1, 2 ou 3 drapeaux - SP \u00c9quipements<\/title>\n<meta name=\"robots\" content=\"index, follow, max-snippet:-1, max-image-preview:large, max-video-preview:-1\" \/>\n<link rel=\"canonical\" href=\"https:\/\/www.sp-equipements.com\/site\/produit\/porte-drapeau-mural-pour-1-2-ou-3-drapeaux\/\" \/>\n<meta property=\"og:locale\" content=\"fr_FR\" \/>\n<meta property=\"og:type\" content=\"article\" \/>\n<meta property=\"og:title\" content=\"Porte Drapeau Mural pour 1, 2 ou 3 drapeaux - SP \u00c9quipements\" \/>\n<meta property=\"og:description\" content=\"R\u00e9alis\u00e9 en tube acier \u00d8 30 soud\u00e9 sur platine. 3 mod\u00e8les pour 1, 2 ou 3 m\u00e2ts \u00d8 36. Pour drapeaux sur hampes de \u00d8 25 maximum. Pose du m\u00e2t par emmanchement ext\u00e9rieur. Pose des drapeaux par emmanchement int\u00e9rieur. Finition laqu\u00e9 blanc sur zinc. Fixation des supports par chevilles et vis (non fournies).\" \/>\n<meta property=\"og:url\" content=\"https:\/\/www.sp-equipements.com\/site\/produit\/porte-drapeau-mural-pour-1-2-ou-3-drapeaux\/\" \/>\n<meta property=\"og:site_name\" content=\"SP \u00c9quipements\" \/>\n<meta property=\"article:modified_time\" content=\"2019-06-19T13:30:05+00:00\" \/>\n<meta property=\"og:image\" content=\"https:\/\/www.sp-equipements.com\/site\/wp-content\/uploads\/2019\/06\/porte_drapeau_mural-1.jpg\" \/>\n\t<meta property=\"og:image:width\" content=\"190\" \/>\n\t<meta property=\"og:image:height\" content=\"190\" \/>\n\t<meta property=\"og:image:type\" content=\"image\/jpeg\" \/>\n<meta name=\"twitter:card\" content=\"summary_large_image\" \/>\n<script type=\"application\/ld+json\" class=\"yoast-schema-graph\">{\"@context\":\"https:\/\/schema.org\",\"@graph\":[{\"@type\":\"WebPage\",\"@id\":\"https:\/\/www.sp-equipements.com\/site\/produit\/porte-drapeau-mural-pour-1-2-ou-3-drapeaux\/\",\"url\":\"https:\/\/www.sp-equipements.com\/site\/produit\/porte-drapeau-mural-pour-1-2-ou-3-drapeaux\/\",\"name\":\"Porte Drapeau Mural pour 1, 2 ou 3 drapeaux - SP \u00c9quipements\",\"isPartOf\":{\"@id\":\"https:\/\/www.sp-equipements.com\/site\/#website\"},\"primaryImageOfPage\":{\"@id\":\"https:\/\/www.sp-equipements.com\/site\/produit\/porte-drapeau-mural-pour-1-2-ou-3-drapeaux\/#primaryimage\"},\"image\":{\"@id\":\"https:\/\/www.sp-equipements.com\/site\/produit\/porte-drapeau-mural-pour-1-2-ou-3-drapeaux\/#primaryimage\"},\"thumbnailUrl\":\"https:\/\/www.sp-equipements.com\/site\/wp-content\/uploads\/2019\/06\/porte_drapeau_mural-1.jpg\",\"datePublished\":\"2019-06-05T09:55:32+00:00\",\"dateModified\":\"2019-06-19T13:30:05+00:00\",\"breadcrumb\":{\"@id\":\"https:\/\/www.sp-equipements.com\/site\/produit\/porte-drapeau-mural-pour-1-2-ou-3-drapeaux\/#breadcrumb\"},\"inLanguage\":\"fr-FR\",\"potentialAction\":[{\"@type\":\"ReadAction\",\"target\":[\"https:\/\/www.sp-equipements.com\/site\/produit\/porte-drapeau-mural-pour-1-2-ou-3-drapeaux\/\"]}]},{\"@type\":\"ImageObject\",\"inLanguage\":\"fr-FR\",\"@id\":\"https:\/\/www.sp-equipements.com\/site\/produit\/porte-drapeau-mural-pour-1-2-ou-3-drapeaux\/#primaryimage\",\"url\":\"https:\/\/www.sp-equipements.com\/site\/wp-content\/uploads\/2019\/06\/porte_drapeau_mural-1.jpg\",\"contentUrl\":\"https:\/\/www.sp-equipements.com\/site\/wp-content\/uploads\/2019\/06\/porte_drapeau_mural-1.jpg\",\"width\":190,\"height\":190,\"caption\":\"porte drapeau mural 1\"},{\"@type\":\"BreadcrumbList\",\"@id\":\"https:\/\/www.sp-equipements.com\/site\/produit\/porte-drapeau-mural-pour-1-2-ou-3-drapeaux\/#breadcrumb\",\"itemListElement\":[{\"@type\":\"ListItem\",\"position\":1,\"name\":\"Accueil\",\"item\":\"https:\/\/www.sp-equipements.com\/site\/\"},{\"@type\":\"ListItem\",\"position\":2,\"name\":\"Catalogue\",\"item\":\"https:\/\/www.sp-equipements.com\/site\/catalogue\/\"},{\"@type\":\"ListItem\",\"position\":3,\"name\":\"Porte Drapeau Mural pour 1, 2 ou 3 drapeaux\"}]},{\"@type\":\"WebSite\",\"@id\":\"https:\/\/www.sp-equipements.com\/site\/#website\",\"url\":\"https:\/\/www.sp-equipements.com\/site\/\",\"name\":\"SP \u00c9quipements\",\"description\":\"\u00c9quipements de collectivit\u00e9s\",\"potentialAction\":[{\"@type\":\"SearchAction\",\"target\":{\"@type\":\"EntryPoint\",\"urlTemplate\":\"https:\/\/www.sp-equipements.com\/site\/?s={search_term_string}\"},\"query-input\":\"required name=search_term_string\"}],\"inLanguage\":\"fr-FR\"}]}<\/script>\n<!-- \/ Yoast SEO plugin. -->","yoast_head_json":{"title":"Porte Drapeau Mural pour 1, 2 ou 3 drapeaux - SP \u00c9quipements","robots":{"index":"index","follow":"follow","max-snippet":"max-snippet:-1","max-image-preview":"max-image-preview:large","max-video-preview":"max-video-preview:-1"},"canonical":"https:\/\/www.sp-equipements.com\/site\/produit\/porte-drapeau-mural-pour-1-2-ou-3-drapeaux\/","og_locale":"fr_FR","og_type":"article","og_title":"Porte Drapeau Mural pour 1, 2 ou 3 drapeaux - SP \u00c9quipements","og_description":"R\u00e9alis\u00e9 en tube acier \u00d8 30 soud\u00e9 sur platine. 3 mod\u00e8les pour 1, 2 ou 3 m\u00e2ts \u00d8 36. Pour drapeaux sur hampes de \u00d8 25 maximum. Pose du m\u00e2t par emmanchement ext\u00e9rieur. Pose des drapeaux par emmanchement int\u00e9rieur. Finition laqu\u00e9 blanc sur zinc. Fixation des supports par chevilles et vis (non fournies).","og_url":"https:\/\/www.sp-equipements.com\/site\/produit\/porte-drapeau-mural-pour-1-2-ou-3-drapeaux\/","og_site_name":"SP \u00c9quipements","article_modified_time":"2019-06-19T13:30:05+00:00","og_image":[{"width":190,"height":190,"url":"https:\/\/www.sp-equipements.com\/site\/wp-content\/uploads\/2019\/06\/porte_drapeau_mural-1.jpg","type":"image\/jpeg"}],"twitter_card":"summary_large_image","schema":{"@context":"https:\/\/schema.org","@graph":[{"@type":"WebPage","@id":"https:\/\/www.sp-equipements.com\/site\/produit\/porte-drapeau-mural-pour-1-2-ou-3-drapeaux\/","url":"https:\/\/www.sp-equipements.com\/site\/produit\/porte-drapeau-mural-pour-1-2-ou-3-drapeaux\/","name":"Porte Drapeau Mural pour 1, 2 ou 3 drapeaux - SP \u00c9quipements","isPartOf":{"@id":"https:\/\/www.sp-equipements.com\/site\/#website"},"primaryImageOfPage":{"@id":"https:\/\/www.sp-equipements.com\/site\/produit\/porte-drapeau-mural-pour-1-2-ou-3-drapeaux\/#primaryimage"},"image":{"@id":"https:\/\/www.sp-equipements.com\/site\/produit\/porte-drapeau-mural-pour-1-2-ou-3-drapeaux\/#primaryimage"},"thumbnailUrl":"https:\/\/www.sp-equipements.com\/site\/wp-content\/uploads\/2019\/06\/porte_drapeau_mural-1.jpg","datePublished":"2019-06-05T09:55:32+00:00","dateModified":"2019-06-19T13:30:05+00:00","breadcrumb":{"@id":"https:\/\/www.sp-equipements.com\/site\/produit\/porte-drapeau-mural-pour-1-2-ou-3-drapeaux\/#breadcrumb"},"inLanguage":"fr-FR","potentialAction":[{"@type":"ReadAction","target":["https:\/\/www.sp-equipements.com\/site\/produit\/porte-drapeau-mural-pour-1-2-ou-3-drapeaux\/"]}]},{"@type":"ImageObject","inLanguage":"fr-FR","@id":"https:\/\/www.sp-equipements.com\/site\/produit\/porte-drapeau-mural-pour-1-2-ou-3-drapeaux\/#primaryimage","url":"https:\/\/www.sp-equipements.com\/site\/wp-content\/uploads\/2019\/06\/porte_drapeau_mural-1.jpg","contentUrl":"https:\/\/www.sp-equipements.com\/site\/wp-content\/uploads\/2019\/06\/porte_drapeau_mural-1.jpg","width":190,"height":190,"caption":"porte drapeau mural 1"},{"@type":"BreadcrumbList","@id":"https:\/\/www.sp-equipements.com\/site\/produit\/porte-drapeau-mural-pour-1-2-ou-3-drapeaux\/#breadcrumb","itemListElement":[{"@type":"ListItem","position":1,"name":"Accueil","item":"https:\/\/www.sp-equipements.com\/site\/"},{"@type":"ListItem","position":2,"name":"Catalogue","item":"https:\/\/www.sp-equipements.com\/site\/catalogue\/"},{"@type":"ListItem","position":3,"name":"Porte Drapeau Mural pour 1, 2 ou 3 drapeaux"}]},{"@type":"WebSite","@id":"https:\/\/www.sp-equipements.com\/site\/#website","url":"https:\/\/www.sp-equipements.com\/site\/","name":"SP \u00c9quipements","description":"\u00c9quipements de collectivit\u00e9s","potentialAction":[{"@type":"SearchAction","target":{"@type":"EntryPoint","urlTemplate":"https:\/\/www.sp-equipements.com\/site\/?s={search_term_string}"},"query-input":"required name=search_term_string"}],"inLanguage":"fr-FR"}]}},"_links":{"self":[{"href":"https:\/\/www.sp-equipements.com\/site\/wp-json\/wp\/v2\/product\/20519"}],"collection":[{"href":"https:\/\/www.sp-equipements.com\/site\/wp-json\/wp\/v2\/product"}],"about":[{"href":"https:\/\/www.sp-equipements.com\/site\/wp-json\/wp\/v2\/types\/product"}],"replies":[{"embeddable":true,"href":"https:\/\/www.sp-equipements.com\/site\/wp-json\/wp\/v2\/comments?post=20519"}],"wp:featuredmedia":[{"embeddable":true,"href":"https:\/\/www.sp-equipements.com\/site\/wp-json\/wp\/v2\/media\/37463"}],"wp:attachment":[{"href":"https:\/\/www.sp-equipements.com\/site\/wp-json\/wp\/v2\/media?parent=20519"}],"wp:term":[{"taxonomy":"product_cat","embeddable":true,"href":"https:\/\/www.sp-equipements.com\/site\/wp-json\/wp\/v2\/product_cat?post=20519"},{"taxonomy":"product_tag","embeddable":true,"href":"https:\/\/www.sp-equipements.com\/site\/wp-json\/wp\/v2\/product_tag?post=20519"}],"curies":[{"name":"wp","href":"https:\/\/api.w.org\/{rel}","templated":true}]}}