{"id":20545,"date":"2019-06-05T11:55:43","date_gmt":"2019-06-05T09:55:43","guid":{"rendered":"http:\/\/www.polyequipements.com\/produit\/bouquet-de-28-drapeaux-des-pays-europeens\/"},"modified":"2019-06-19T15:30:13","modified_gmt":"2019-06-19T13:30:13","slug":"bouquet-de-28-drapeaux-des-pays-europeens","status":"publish","type":"product","link":"https:\/\/www.sp-equipements.com\/site\/produit\/bouquet-de-28-drapeaux-des-pays-europeens\/","title":{"rendered":"Bouquet de 28 Drapeaux des Pays Europ\u00e9ens"},"content":{"rendered":"","protected":false},"excerpt":{"rendered":"<div id=\"box-article-description\">\n<div id=\"display-article-description\">\n<p>Bouquet de 28 drapeaux 10&#215;14 cm.<br \/>\nTaffetas polyester avec tiges m\u00e9tal et socle en bois verni.<\/p>\n<p>ou<\/p>\n<p>Bouquet 28 drapeaux 20&#215;30 cm.<br \/>\nMaille polyester avec tiges et socle en bois verni.<\/p>\n<\/div>\n<\/div>\n","protected":false},"featured_media":37485,"comment_status":"open","ping_status":"closed","template":"","meta":[],"product_cat":[136,94],"product_tag":[],"yoast_head":"<!-- This site is optimized with the Yoast SEO plugin v22.2 - https:\/\/yoast.com\/wordpress\/plugins\/seo\/ -->\n<title>Bouquet de 28 Drapeaux des Pays Europ\u00e9ens - SP \u00c9quipements<\/title>\n<meta name=\"robots\" content=\"index, follow, max-snippet:-1, max-image-preview:large, max-video-preview:-1\" \/>\n<link rel=\"canonical\" href=\"https:\/\/www.sp-equipements.com\/site\/produit\/bouquet-de-28-drapeaux-des-pays-europeens\/\" \/>\n<meta property=\"og:locale\" content=\"fr_FR\" \/>\n<meta property=\"og:type\" content=\"article\" \/>\n<meta property=\"og:title\" content=\"Bouquet de 28 Drapeaux des Pays Europ\u00e9ens - SP \u00c9quipements\" \/>\n<meta property=\"og:description\" content=\"Bouquet de 28 drapeaux 10x14 cm. Taffetas polyester avec tiges m\u00e9tal et socle en bois verni.  ou  Bouquet 28 drapeaux 20x30 cm. Maille polyester avec tiges et socle en bois verni.\" \/>\n<meta property=\"og:url\" content=\"https:\/\/www.sp-equipements.com\/site\/produit\/bouquet-de-28-drapeaux-des-pays-europeens\/\" \/>\n<meta property=\"og:site_name\" content=\"SP \u00c9quipements\" \/>\n<meta property=\"article:modified_time\" content=\"2019-06-19T13:30:13+00:00\" \/>\n<meta property=\"og:image\" content=\"https:\/\/www.sp-equipements.com\/site\/wp-content\/uploads\/2019\/06\/bouquet-1.jpg\" \/>\n\t<meta property=\"og:image:width\" content=\"190\" \/>\n\t<meta property=\"og:image:height\" content=\"190\" \/>\n\t<meta property=\"og:image:type\" content=\"image\/jpeg\" \/>\n<meta name=\"twitter:card\" content=\"summary_large_image\" \/>\n<script type=\"application\/ld+json\" class=\"yoast-schema-graph\">{\"@context\":\"https:\/\/schema.org\",\"@graph\":[{\"@type\":\"WebPage\",\"@id\":\"https:\/\/www.sp-equipements.com\/site\/produit\/bouquet-de-28-drapeaux-des-pays-europeens\/\",\"url\":\"https:\/\/www.sp-equipements.com\/site\/produit\/bouquet-de-28-drapeaux-des-pays-europeens\/\",\"name\":\"Bouquet de 28 Drapeaux des Pays Europ\u00e9ens - SP \u00c9quipements\",\"isPartOf\":{\"@id\":\"https:\/\/www.sp-equipements.com\/site\/#website\"},\"primaryImageOfPage\":{\"@id\":\"https:\/\/www.sp-equipements.com\/site\/produit\/bouquet-de-28-drapeaux-des-pays-europeens\/#primaryimage\"},\"image\":{\"@id\":\"https:\/\/www.sp-equipements.com\/site\/produit\/bouquet-de-28-drapeaux-des-pays-europeens\/#primaryimage\"},\"thumbnailUrl\":\"https:\/\/www.sp-equipements.com\/site\/wp-content\/uploads\/2019\/06\/bouquet-1.jpg\",\"datePublished\":\"2019-06-05T09:55:43+00:00\",\"dateModified\":\"2019-06-19T13:30:13+00:00\",\"breadcrumb\":{\"@id\":\"https:\/\/www.sp-equipements.com\/site\/produit\/bouquet-de-28-drapeaux-des-pays-europeens\/#breadcrumb\"},\"inLanguage\":\"fr-FR\",\"potentialAction\":[{\"@type\":\"ReadAction\",\"target\":[\"https:\/\/www.sp-equipements.com\/site\/produit\/bouquet-de-28-drapeaux-des-pays-europeens\/\"]}]},{\"@type\":\"ImageObject\",\"inLanguage\":\"fr-FR\",\"@id\":\"https:\/\/www.sp-equipements.com\/site\/produit\/bouquet-de-28-drapeaux-des-pays-europeens\/#primaryimage\",\"url\":\"https:\/\/www.sp-equipements.com\/site\/wp-content\/uploads\/2019\/06\/bouquet-1.jpg\",\"contentUrl\":\"https:\/\/www.sp-equipements.com\/site\/wp-content\/uploads\/2019\/06\/bouquet-1.jpg\",\"width\":190,\"height\":190,\"caption\":\"bouquet 1\"},{\"@type\":\"BreadcrumbList\",\"@id\":\"https:\/\/www.sp-equipements.com\/site\/produit\/bouquet-de-28-drapeaux-des-pays-europeens\/#breadcrumb\",\"itemListElement\":[{\"@type\":\"ListItem\",\"position\":1,\"name\":\"Accueil\",\"item\":\"https:\/\/www.sp-equipements.com\/site\/\"},{\"@type\":\"ListItem\",\"position\":2,\"name\":\"Catalogue\",\"item\":\"https:\/\/www.sp-equipements.com\/site\/catalogue\/\"},{\"@type\":\"ListItem\",\"position\":3,\"name\":\"Bouquet de 28 Drapeaux des Pays Europ\u00e9ens\"}]},{\"@type\":\"WebSite\",\"@id\":\"https:\/\/www.sp-equipements.com\/site\/#website\",\"url\":\"https:\/\/www.sp-equipements.com\/site\/\",\"name\":\"SP \u00c9quipements\",\"description\":\"\u00c9quipements de collectivit\u00e9s\",\"potentialAction\":[{\"@type\":\"SearchAction\",\"target\":{\"@type\":\"EntryPoint\",\"urlTemplate\":\"https:\/\/www.sp-equipements.com\/site\/?s={search_term_string}\"},\"query-input\":\"required name=search_term_string\"}],\"inLanguage\":\"fr-FR\"}]}<\/script>\n<!-- \/ Yoast SEO plugin. -->","yoast_head_json":{"title":"Bouquet de 28 Drapeaux des Pays Europ\u00e9ens - SP \u00c9quipements","robots":{"index":"index","follow":"follow","max-snippet":"max-snippet:-1","max-image-preview":"max-image-preview:large","max-video-preview":"max-video-preview:-1"},"canonical":"https:\/\/www.sp-equipements.com\/site\/produit\/bouquet-de-28-drapeaux-des-pays-europeens\/","og_locale":"fr_FR","og_type":"article","og_title":"Bouquet de 28 Drapeaux des Pays Europ\u00e9ens - SP \u00c9quipements","og_description":"Bouquet de 28 drapeaux 10x14 cm. Taffetas polyester avec tiges m\u00e9tal et socle en bois verni.  ou  Bouquet 28 drapeaux 20x30 cm. Maille polyester avec tiges et socle en bois verni.","og_url":"https:\/\/www.sp-equipements.com\/site\/produit\/bouquet-de-28-drapeaux-des-pays-europeens\/","og_site_name":"SP \u00c9quipements","article_modified_time":"2019-06-19T13:30:13+00:00","og_image":[{"width":190,"height":190,"url":"https:\/\/www.sp-equipements.com\/site\/wp-content\/uploads\/2019\/06\/bouquet-1.jpg","type":"image\/jpeg"}],"twitter_card":"summary_large_image","schema":{"@context":"https:\/\/schema.org","@graph":[{"@type":"WebPage","@id":"https:\/\/www.sp-equipements.com\/site\/produit\/bouquet-de-28-drapeaux-des-pays-europeens\/","url":"https:\/\/www.sp-equipements.com\/site\/produit\/bouquet-de-28-drapeaux-des-pays-europeens\/","name":"Bouquet de 28 Drapeaux des Pays Europ\u00e9ens - SP \u00c9quipements","isPartOf":{"@id":"https:\/\/www.sp-equipements.com\/site\/#website"},"primaryImageOfPage":{"@id":"https:\/\/www.sp-equipements.com\/site\/produit\/bouquet-de-28-drapeaux-des-pays-europeens\/#primaryimage"},"image":{"@id":"https:\/\/www.sp-equipements.com\/site\/produit\/bouquet-de-28-drapeaux-des-pays-europeens\/#primaryimage"},"thumbnailUrl":"https:\/\/www.sp-equipements.com\/site\/wp-content\/uploads\/2019\/06\/bouquet-1.jpg","datePublished":"2019-06-05T09:55:43+00:00","dateModified":"2019-06-19T13:30:13+00:00","breadcrumb":{"@id":"https:\/\/www.sp-equipements.com\/site\/produit\/bouquet-de-28-drapeaux-des-pays-europeens\/#breadcrumb"},"inLanguage":"fr-FR","potentialAction":[{"@type":"ReadAction","target":["https:\/\/www.sp-equipements.com\/site\/produit\/bouquet-de-28-drapeaux-des-pays-europeens\/"]}]},{"@type":"ImageObject","inLanguage":"fr-FR","@id":"https:\/\/www.sp-equipements.com\/site\/produit\/bouquet-de-28-drapeaux-des-pays-europeens\/#primaryimage","url":"https:\/\/www.sp-equipements.com\/site\/wp-content\/uploads\/2019\/06\/bouquet-1.jpg","contentUrl":"https:\/\/www.sp-equipements.com\/site\/wp-content\/uploads\/2019\/06\/bouquet-1.jpg","width":190,"height":190,"caption":"bouquet 1"},{"@type":"BreadcrumbList","@id":"https:\/\/www.sp-equipements.com\/site\/produit\/bouquet-de-28-drapeaux-des-pays-europeens\/#breadcrumb","itemListElement":[{"@type":"ListItem","position":1,"name":"Accueil","item":"https:\/\/www.sp-equipements.com\/site\/"},{"@type":"ListItem","position":2,"name":"Catalogue","item":"https:\/\/www.sp-equipements.com\/site\/catalogue\/"},{"@type":"ListItem","position":3,"name":"Bouquet de 28 Drapeaux des Pays Europ\u00e9ens"}]},{"@type":"WebSite","@id":"https:\/\/www.sp-equipements.com\/site\/#website","url":"https:\/\/www.sp-equipements.com\/site\/","name":"SP \u00c9quipements","description":"\u00c9quipements de collectivit\u00e9s","potentialAction":[{"@type":"SearchAction","target":{"@type":"EntryPoint","urlTemplate":"https:\/\/www.sp-equipements.com\/site\/?s={search_term_string}"},"query-input":"required name=search_term_string"}],"inLanguage":"fr-FR"}]}},"_links":{"self":[{"href":"https:\/\/www.sp-equipements.com\/site\/wp-json\/wp\/v2\/product\/20545"}],"collection":[{"href":"https:\/\/www.sp-equipements.com\/site\/wp-json\/wp\/v2\/product"}],"about":[{"href":"https:\/\/www.sp-equipements.com\/site\/wp-json\/wp\/v2\/types\/product"}],"replies":[{"embeddable":true,"href":"https:\/\/www.sp-equipements.com\/site\/wp-json\/wp\/v2\/comments?post=20545"}],"wp:featuredmedia":[{"embeddable":true,"href":"https:\/\/www.sp-equipements.com\/site\/wp-json\/wp\/v2\/media\/37485"}],"wp:attachment":[{"href":"https:\/\/www.sp-equipements.com\/site\/wp-json\/wp\/v2\/media?parent=20545"}],"wp:term":[{"taxonomy":"product_cat","embeddable":true,"href":"https:\/\/www.sp-equipements.com\/site\/wp-json\/wp\/v2\/product_cat?post=20545"},{"taxonomy":"product_tag","embeddable":true,"href":"https:\/\/www.sp-equipements.com\/site\/wp-json\/wp\/v2\/product_tag?post=20545"}],"curies":[{"name":"wp","href":"https:\/\/api.w.org\/{rel}","templated":true}]}}