{"id":20776,"date":"2019-06-05T12:11:33","date_gmt":"2019-06-05T10:11:33","guid":{"rendered":"http:\/\/www.polyequipements.com\/produit\/chariot-porte-palan\/"},"modified":"2019-06-19T15:30:34","modified_gmt":"2019-06-19T13:30:34","slug":"chariot-porte-palan","status":"publish","type":"product","link":"https:\/\/www.sp-equipements.com\/site\/produit\/chariot-porte-palan\/","title":{"rendered":"Chariot Porte-Palan"},"content":{"rendered":"","protected":false},"excerpt":{"rendered":"<p><i>Fiable et robuste.<\/i><\/p>\n<p>La gamme des chariots porte-palan, facilement r\u00e9glable est id\u00e9ale pour la suspension de vos appareils de levage.<\/p>\n<p>\u2022 avance par cha\u00eene de manoeuvre (1 \u00e0 20 tonnes)<br \/>\n\u2022 avance par pouss\u00e9e (0,5 \u00e0 10 tonnes)<br \/>\n\u2022 dispositif anti-chute pour un fonctionnement en toute s\u00e9curit\u00e9<br \/>\n\u2022 anneau de suspension ovale, pour un accrochage rapide du palan.<\/p>\n<p><b>Largeur du fer en mm selon la capacit\u00e9 :<\/b><br \/>\nCapacit\u00e9 0,5T : 50 &gt;220<br \/>\nCapacit\u00e9 1T : 50 &gt; 220<br \/>\nCapacit\u00e9 2T : 66 &gt;220<br \/>\nCapacit\u00e9 3T : 74 &gt; 220<br \/>\nCapacit\u00e9 5T : 90 &gt; 220<\/p>\n","protected":false},"featured_media":37548,"comment_status":"open","ping_status":"closed","template":"","meta":[],"product_cat":[150,97],"product_tag":[],"yoast_head":"<!-- This site is optimized with the Yoast SEO plugin v22.2 - https:\/\/yoast.com\/wordpress\/plugins\/seo\/ -->\n<title>Chariot Porte-Palan - SP \u00c9quipements<\/title>\n<meta name=\"robots\" content=\"index, follow, max-snippet:-1, max-image-preview:large, max-video-preview:-1\" \/>\n<link rel=\"canonical\" href=\"https:\/\/www.sp-equipements.com\/site\/produit\/chariot-porte-palan\/\" \/>\n<meta property=\"og:locale\" content=\"fr_FR\" \/>\n<meta property=\"og:type\" content=\"article\" \/>\n<meta property=\"og:title\" content=\"Chariot Porte-Palan - SP \u00c9quipements\" \/>\n<meta property=\"og:description\" content=\"Fiable et robuste.  La gamme des chariots porte-palan, facilement r\u00e9glable est id\u00e9ale pour la suspension de vos appareils de levage.  \u2022 avance par cha\u00eene de manoeuvre (1 \u00e0 20 tonnes) \u2022 avance par pouss\u00e9e (0,5 \u00e0 10 tonnes) \u2022 dispositif anti-chute pour un fonctionnement en toute s\u00e9curit\u00e9 \u2022 anneau de suspension ovale, pour un accrochage rapide du palan.  Largeur du fer en mm selon la capacit\u00e9 : Capacit\u00e9 0,5T : 50 &gt;220 Capacit\u00e9 1T : 50 &gt; 220 Capacit\u00e9 2T : 66 &gt;220 Capacit\u00e9 3T : 74 &gt; 220 Capacit\u00e9 5T : 90 &gt; 220\" \/>\n<meta property=\"og:url\" content=\"https:\/\/www.sp-equipements.com\/site\/produit\/chariot-porte-palan\/\" \/>\n<meta property=\"og:site_name\" content=\"SP \u00c9quipements\" \/>\n<meta property=\"article:modified_time\" content=\"2019-06-19T13:30:34+00:00\" \/>\n<meta property=\"og:image\" content=\"https:\/\/www.sp-equipements.com\/site\/wp-content\/uploads\/2019\/06\/chariot_porte_palan-1.jpg\" \/>\n\t<meta property=\"og:image:width\" content=\"190\" \/>\n\t<meta property=\"og:image:height\" content=\"190\" \/>\n\t<meta property=\"og:image:type\" content=\"image\/jpeg\" \/>\n<meta name=\"twitter:card\" content=\"summary_large_image\" \/>\n<script type=\"application\/ld+json\" class=\"yoast-schema-graph\">{\"@context\":\"https:\/\/schema.org\",\"@graph\":[{\"@type\":\"WebPage\",\"@id\":\"https:\/\/www.sp-equipements.com\/site\/produit\/chariot-porte-palan\/\",\"url\":\"https:\/\/www.sp-equipements.com\/site\/produit\/chariot-porte-palan\/\",\"name\":\"Chariot Porte-Palan - SP \u00c9quipements\",\"isPartOf\":{\"@id\":\"https:\/\/www.sp-equipements.com\/site\/#website\"},\"primaryImageOfPage\":{\"@id\":\"https:\/\/www.sp-equipements.com\/site\/produit\/chariot-porte-palan\/#primaryimage\"},\"image\":{\"@id\":\"https:\/\/www.sp-equipements.com\/site\/produit\/chariot-porte-palan\/#primaryimage\"},\"thumbnailUrl\":\"https:\/\/www.sp-equipements.com\/site\/wp-content\/uploads\/2019\/06\/chariot_porte_palan-1.jpg\",\"datePublished\":\"2019-06-05T10:11:33+00:00\",\"dateModified\":\"2019-06-19T13:30:34+00:00\",\"breadcrumb\":{\"@id\":\"https:\/\/www.sp-equipements.com\/site\/produit\/chariot-porte-palan\/#breadcrumb\"},\"inLanguage\":\"fr-FR\",\"potentialAction\":[{\"@type\":\"ReadAction\",\"target\":[\"https:\/\/www.sp-equipements.com\/site\/produit\/chariot-porte-palan\/\"]}]},{\"@type\":\"ImageObject\",\"inLanguage\":\"fr-FR\",\"@id\":\"https:\/\/www.sp-equipements.com\/site\/produit\/chariot-porte-palan\/#primaryimage\",\"url\":\"https:\/\/www.sp-equipements.com\/site\/wp-content\/uploads\/2019\/06\/chariot_porte_palan-1.jpg\",\"contentUrl\":\"https:\/\/www.sp-equipements.com\/site\/wp-content\/uploads\/2019\/06\/chariot_porte_palan-1.jpg\",\"width\":190,\"height\":190,\"caption\":\"chariot porte palan 1\"},{\"@type\":\"BreadcrumbList\",\"@id\":\"https:\/\/www.sp-equipements.com\/site\/produit\/chariot-porte-palan\/#breadcrumb\",\"itemListElement\":[{\"@type\":\"ListItem\",\"position\":1,\"name\":\"Accueil\",\"item\":\"https:\/\/www.sp-equipements.com\/site\/\"},{\"@type\":\"ListItem\",\"position\":2,\"name\":\"Catalogue\",\"item\":\"https:\/\/www.sp-equipements.com\/site\/catalogue\/\"},{\"@type\":\"ListItem\",\"position\":3,\"name\":\"Chariot Porte-Palan\"}]},{\"@type\":\"WebSite\",\"@id\":\"https:\/\/www.sp-equipements.com\/site\/#website\",\"url\":\"https:\/\/www.sp-equipements.com\/site\/\",\"name\":\"SP \u00c9quipements\",\"description\":\"\u00c9quipements de collectivit\u00e9s\",\"potentialAction\":[{\"@type\":\"SearchAction\",\"target\":{\"@type\":\"EntryPoint\",\"urlTemplate\":\"https:\/\/www.sp-equipements.com\/site\/?s={search_term_string}\"},\"query-input\":\"required name=search_term_string\"}],\"inLanguage\":\"fr-FR\"}]}<\/script>\n<!-- \/ Yoast SEO plugin. -->","yoast_head_json":{"title":"Chariot Porte-Palan - SP \u00c9quipements","robots":{"index":"index","follow":"follow","max-snippet":"max-snippet:-1","max-image-preview":"max-image-preview:large","max-video-preview":"max-video-preview:-1"},"canonical":"https:\/\/www.sp-equipements.com\/site\/produit\/chariot-porte-palan\/","og_locale":"fr_FR","og_type":"article","og_title":"Chariot Porte-Palan - SP \u00c9quipements","og_description":"Fiable et robuste.  La gamme des chariots porte-palan, facilement r\u00e9glable est id\u00e9ale pour la suspension de vos appareils de levage.  \u2022 avance par cha\u00eene de manoeuvre (1 \u00e0 20 tonnes) \u2022 avance par pouss\u00e9e (0,5 \u00e0 10 tonnes) \u2022 dispositif anti-chute pour un fonctionnement en toute s\u00e9curit\u00e9 \u2022 anneau de suspension ovale, pour un accrochage rapide du palan.  Largeur du fer en mm selon la capacit\u00e9 : Capacit\u00e9 0,5T : 50 &gt;220 Capacit\u00e9 1T : 50 &gt; 220 Capacit\u00e9 2T : 66 &gt;220 Capacit\u00e9 3T : 74 &gt; 220 Capacit\u00e9 5T : 90 &gt; 220","og_url":"https:\/\/www.sp-equipements.com\/site\/produit\/chariot-porte-palan\/","og_site_name":"SP \u00c9quipements","article_modified_time":"2019-06-19T13:30:34+00:00","og_image":[{"width":190,"height":190,"url":"https:\/\/www.sp-equipements.com\/site\/wp-content\/uploads\/2019\/06\/chariot_porte_palan-1.jpg","type":"image\/jpeg"}],"twitter_card":"summary_large_image","schema":{"@context":"https:\/\/schema.org","@graph":[{"@type":"WebPage","@id":"https:\/\/www.sp-equipements.com\/site\/produit\/chariot-porte-palan\/","url":"https:\/\/www.sp-equipements.com\/site\/produit\/chariot-porte-palan\/","name":"Chariot Porte-Palan - SP \u00c9quipements","isPartOf":{"@id":"https:\/\/www.sp-equipements.com\/site\/#website"},"primaryImageOfPage":{"@id":"https:\/\/www.sp-equipements.com\/site\/produit\/chariot-porte-palan\/#primaryimage"},"image":{"@id":"https:\/\/www.sp-equipements.com\/site\/produit\/chariot-porte-palan\/#primaryimage"},"thumbnailUrl":"https:\/\/www.sp-equipements.com\/site\/wp-content\/uploads\/2019\/06\/chariot_porte_palan-1.jpg","datePublished":"2019-06-05T10:11:33+00:00","dateModified":"2019-06-19T13:30:34+00:00","breadcrumb":{"@id":"https:\/\/www.sp-equipements.com\/site\/produit\/chariot-porte-palan\/#breadcrumb"},"inLanguage":"fr-FR","potentialAction":[{"@type":"ReadAction","target":["https:\/\/www.sp-equipements.com\/site\/produit\/chariot-porte-palan\/"]}]},{"@type":"ImageObject","inLanguage":"fr-FR","@id":"https:\/\/www.sp-equipements.com\/site\/produit\/chariot-porte-palan\/#primaryimage","url":"https:\/\/www.sp-equipements.com\/site\/wp-content\/uploads\/2019\/06\/chariot_porte_palan-1.jpg","contentUrl":"https:\/\/www.sp-equipements.com\/site\/wp-content\/uploads\/2019\/06\/chariot_porte_palan-1.jpg","width":190,"height":190,"caption":"chariot porte palan 1"},{"@type":"BreadcrumbList","@id":"https:\/\/www.sp-equipements.com\/site\/produit\/chariot-porte-palan\/#breadcrumb","itemListElement":[{"@type":"ListItem","position":1,"name":"Accueil","item":"https:\/\/www.sp-equipements.com\/site\/"},{"@type":"ListItem","position":2,"name":"Catalogue","item":"https:\/\/www.sp-equipements.com\/site\/catalogue\/"},{"@type":"ListItem","position":3,"name":"Chariot Porte-Palan"}]},{"@type":"WebSite","@id":"https:\/\/www.sp-equipements.com\/site\/#website","url":"https:\/\/www.sp-equipements.com\/site\/","name":"SP \u00c9quipements","description":"\u00c9quipements de collectivit\u00e9s","potentialAction":[{"@type":"SearchAction","target":{"@type":"EntryPoint","urlTemplate":"https:\/\/www.sp-equipements.com\/site\/?s={search_term_string}"},"query-input":"required name=search_term_string"}],"inLanguage":"fr-FR"}]}},"_links":{"self":[{"href":"https:\/\/www.sp-equipements.com\/site\/wp-json\/wp\/v2\/product\/20776"}],"collection":[{"href":"https:\/\/www.sp-equipements.com\/site\/wp-json\/wp\/v2\/product"}],"about":[{"href":"https:\/\/www.sp-equipements.com\/site\/wp-json\/wp\/v2\/types\/product"}],"replies":[{"embeddable":true,"href":"https:\/\/www.sp-equipements.com\/site\/wp-json\/wp\/v2\/comments?post=20776"}],"wp:featuredmedia":[{"embeddable":true,"href":"https:\/\/www.sp-equipements.com\/site\/wp-json\/wp\/v2\/media\/37548"}],"wp:attachment":[{"href":"https:\/\/www.sp-equipements.com\/site\/wp-json\/wp\/v2\/media?parent=20776"}],"wp:term":[{"taxonomy":"product_cat","embeddable":true,"href":"https:\/\/www.sp-equipements.com\/site\/wp-json\/wp\/v2\/product_cat?post=20776"},{"taxonomy":"product_tag","embeddable":true,"href":"https:\/\/www.sp-equipements.com\/site\/wp-json\/wp\/v2\/product_tag?post=20776"}],"curies":[{"name":"wp","href":"https:\/\/api.w.org\/{rel}","templated":true}]}}