{"id":20836,"date":"2019-06-05T12:23:55","date_gmt":"2019-06-05T10:23:55","guid":{"rendered":"http:\/\/www.polyequipements.com\/produit\/chariot-1-dossier-fixe-tubulaire\/"},"modified":"2019-06-19T15:30:40","modified_gmt":"2019-06-19T13:30:40","slug":"chariot-1-dossier-fixe-tubulaire","status":"publish","type":"product","link":"https:\/\/www.sp-equipements.com\/site\/produit\/chariot-1-dossier-fixe-tubulaire\/","title":{"rendered":"Chariot 1 Dossier Fixe Tubulaire"},"content":{"rendered":"","protected":false},"excerpt":{"rendered":"<p><b>Fabrication fran\u00e7aise<\/p>\n<p>Charge 250 \u00e0 350 kg.<br \/>\n3 dimensions standard.<\/p>\n<p>Construction robuste en tube d&rsquo;acier de diam. 30 mm m\u00e9cano-soud\u00e9 laqu\u00e9.<br \/>\nDossier droit \u00e9vitant la d\u00e9formation des colis et cartons transport\u00e9s.<br \/>\nPlate-forme en bois encastr\u00e9s \u00e9paisseur 10 mm.<br \/>\nCoins arrondis pour s\u00e9curit\u00e9 optimum.<br \/>\n4 roulettes \u00e0 bandage caoutchouc semi-\u00e9lastique de diam. 125 mm ou 160mm (selon mod\u00e8le) dont 2 fixes et 2 pivotantes c\u00f4t\u00e9 poign\u00e9e.<br \/>\nRoulements \u00e0 rouleaux.<\/p>\n<p>Finition Epoxy Bleu RAL 5005.<\/b><\/p>\n","protected":false},"featured_media":37560,"comment_status":"open","ping_status":"closed","template":"","meta":[],"product_cat":[161,98],"product_tag":[],"yoast_head":"<!-- This site is optimized with the Yoast SEO plugin v22.2 - https:\/\/yoast.com\/wordpress\/plugins\/seo\/ -->\n<title>Chariot 1 Dossier Fixe Tubulaire - SP \u00c9quipements<\/title>\n<meta name=\"robots\" content=\"index, follow, max-snippet:-1, max-image-preview:large, max-video-preview:-1\" \/>\n<link rel=\"canonical\" href=\"https:\/\/www.sp-equipements.com\/site\/produit\/chariot-1-dossier-fixe-tubulaire\/\" \/>\n<meta property=\"og:locale\" content=\"fr_FR\" \/>\n<meta property=\"og:type\" content=\"article\" \/>\n<meta property=\"og:title\" content=\"Chariot 1 Dossier Fixe Tubulaire - SP \u00c9quipements\" \/>\n<meta property=\"og:description\" content=\"Fabrication fran\u00e7aise  Charge 250 \u00e0 350 kg. 3 dimensions standard.  Construction robuste en tube d&#039;acier de diam. 30 mm m\u00e9cano-soud\u00e9 laqu\u00e9. Dossier droit \u00e9vitant la d\u00e9formation des colis et cartons transport\u00e9s. Plate-forme en bois encastr\u00e9s \u00e9paisseur 10 mm. Coins arrondis pour s\u00e9curit\u00e9 optimum. 4 roulettes \u00e0 bandage caoutchouc semi-\u00e9lastique de diam. 125 mm ou 160mm (selon mod\u00e8le) dont 2 fixes et 2 pivotantes c\u00f4t\u00e9 poign\u00e9e. Roulements \u00e0 rouleaux.  Finition Epoxy Bleu RAL 5005.\" \/>\n<meta property=\"og:url\" content=\"https:\/\/www.sp-equipements.com\/site\/produit\/chariot-1-dossier-fixe-tubulaire\/\" \/>\n<meta property=\"og:site_name\" content=\"SP \u00c9quipements\" \/>\n<meta property=\"article:modified_time\" content=\"2019-06-19T13:30:40+00:00\" \/>\n<meta property=\"og:image\" content=\"https:\/\/www.sp-equipements.com\/site\/wp-content\/uploads\/2019\/06\/chariot_1_dossier_fixe_tubulaire-1.jpg\" \/>\n\t<meta property=\"og:image:width\" content=\"190\" \/>\n\t<meta property=\"og:image:height\" content=\"190\" \/>\n\t<meta property=\"og:image:type\" content=\"image\/jpeg\" \/>\n<meta name=\"twitter:card\" content=\"summary_large_image\" \/>\n<script type=\"application\/ld+json\" class=\"yoast-schema-graph\">{\"@context\":\"https:\/\/schema.org\",\"@graph\":[{\"@type\":\"WebPage\",\"@id\":\"https:\/\/www.sp-equipements.com\/site\/produit\/chariot-1-dossier-fixe-tubulaire\/\",\"url\":\"https:\/\/www.sp-equipements.com\/site\/produit\/chariot-1-dossier-fixe-tubulaire\/\",\"name\":\"Chariot 1 Dossier Fixe Tubulaire - SP \u00c9quipements\",\"isPartOf\":{\"@id\":\"https:\/\/www.sp-equipements.com\/site\/#website\"},\"primaryImageOfPage\":{\"@id\":\"https:\/\/www.sp-equipements.com\/site\/produit\/chariot-1-dossier-fixe-tubulaire\/#primaryimage\"},\"image\":{\"@id\":\"https:\/\/www.sp-equipements.com\/site\/produit\/chariot-1-dossier-fixe-tubulaire\/#primaryimage\"},\"thumbnailUrl\":\"https:\/\/www.sp-equipements.com\/site\/wp-content\/uploads\/2019\/06\/chariot_1_dossier_fixe_tubulaire-1.jpg\",\"datePublished\":\"2019-06-05T10:23:55+00:00\",\"dateModified\":\"2019-06-19T13:30:40+00:00\",\"breadcrumb\":{\"@id\":\"https:\/\/www.sp-equipements.com\/site\/produit\/chariot-1-dossier-fixe-tubulaire\/#breadcrumb\"},\"inLanguage\":\"fr-FR\",\"potentialAction\":[{\"@type\":\"ReadAction\",\"target\":[\"https:\/\/www.sp-equipements.com\/site\/produit\/chariot-1-dossier-fixe-tubulaire\/\"]}]},{\"@type\":\"ImageObject\",\"inLanguage\":\"fr-FR\",\"@id\":\"https:\/\/www.sp-equipements.com\/site\/produit\/chariot-1-dossier-fixe-tubulaire\/#primaryimage\",\"url\":\"https:\/\/www.sp-equipements.com\/site\/wp-content\/uploads\/2019\/06\/chariot_1_dossier_fixe_tubulaire-1.jpg\",\"contentUrl\":\"https:\/\/www.sp-equipements.com\/site\/wp-content\/uploads\/2019\/06\/chariot_1_dossier_fixe_tubulaire-1.jpg\",\"width\":190,\"height\":190,\"caption\":\"chariot 1 dossier fixe tubulaire 1\"},{\"@type\":\"BreadcrumbList\",\"@id\":\"https:\/\/www.sp-equipements.com\/site\/produit\/chariot-1-dossier-fixe-tubulaire\/#breadcrumb\",\"itemListElement\":[{\"@type\":\"ListItem\",\"position\":1,\"name\":\"Accueil\",\"item\":\"https:\/\/www.sp-equipements.com\/site\/\"},{\"@type\":\"ListItem\",\"position\":2,\"name\":\"Catalogue\",\"item\":\"https:\/\/www.sp-equipements.com\/site\/catalogue\/\"},{\"@type\":\"ListItem\",\"position\":3,\"name\":\"Chariot 1 Dossier Fixe Tubulaire\"}]},{\"@type\":\"WebSite\",\"@id\":\"https:\/\/www.sp-equipements.com\/site\/#website\",\"url\":\"https:\/\/www.sp-equipements.com\/site\/\",\"name\":\"SP \u00c9quipements\",\"description\":\"\u00c9quipements de collectivit\u00e9s\",\"potentialAction\":[{\"@type\":\"SearchAction\",\"target\":{\"@type\":\"EntryPoint\",\"urlTemplate\":\"https:\/\/www.sp-equipements.com\/site\/?s={search_term_string}\"},\"query-input\":\"required name=search_term_string\"}],\"inLanguage\":\"fr-FR\"}]}<\/script>\n<!-- \/ Yoast SEO plugin. -->","yoast_head_json":{"title":"Chariot 1 Dossier Fixe Tubulaire - SP \u00c9quipements","robots":{"index":"index","follow":"follow","max-snippet":"max-snippet:-1","max-image-preview":"max-image-preview:large","max-video-preview":"max-video-preview:-1"},"canonical":"https:\/\/www.sp-equipements.com\/site\/produit\/chariot-1-dossier-fixe-tubulaire\/","og_locale":"fr_FR","og_type":"article","og_title":"Chariot 1 Dossier Fixe Tubulaire - SP \u00c9quipements","og_description":"Fabrication fran\u00e7aise  Charge 250 \u00e0 350 kg. 3 dimensions standard.  Construction robuste en tube d'acier de diam. 30 mm m\u00e9cano-soud\u00e9 laqu\u00e9. Dossier droit \u00e9vitant la d\u00e9formation des colis et cartons transport\u00e9s. Plate-forme en bois encastr\u00e9s \u00e9paisseur 10 mm. Coins arrondis pour s\u00e9curit\u00e9 optimum. 4 roulettes \u00e0 bandage caoutchouc semi-\u00e9lastique de diam. 125 mm ou 160mm (selon mod\u00e8le) dont 2 fixes et 2 pivotantes c\u00f4t\u00e9 poign\u00e9e. Roulements \u00e0 rouleaux.  Finition Epoxy Bleu RAL 5005.","og_url":"https:\/\/www.sp-equipements.com\/site\/produit\/chariot-1-dossier-fixe-tubulaire\/","og_site_name":"SP \u00c9quipements","article_modified_time":"2019-06-19T13:30:40+00:00","og_image":[{"width":190,"height":190,"url":"https:\/\/www.sp-equipements.com\/site\/wp-content\/uploads\/2019\/06\/chariot_1_dossier_fixe_tubulaire-1.jpg","type":"image\/jpeg"}],"twitter_card":"summary_large_image","schema":{"@context":"https:\/\/schema.org","@graph":[{"@type":"WebPage","@id":"https:\/\/www.sp-equipements.com\/site\/produit\/chariot-1-dossier-fixe-tubulaire\/","url":"https:\/\/www.sp-equipements.com\/site\/produit\/chariot-1-dossier-fixe-tubulaire\/","name":"Chariot 1 Dossier Fixe Tubulaire - SP \u00c9quipements","isPartOf":{"@id":"https:\/\/www.sp-equipements.com\/site\/#website"},"primaryImageOfPage":{"@id":"https:\/\/www.sp-equipements.com\/site\/produit\/chariot-1-dossier-fixe-tubulaire\/#primaryimage"},"image":{"@id":"https:\/\/www.sp-equipements.com\/site\/produit\/chariot-1-dossier-fixe-tubulaire\/#primaryimage"},"thumbnailUrl":"https:\/\/www.sp-equipements.com\/site\/wp-content\/uploads\/2019\/06\/chariot_1_dossier_fixe_tubulaire-1.jpg","datePublished":"2019-06-05T10:23:55+00:00","dateModified":"2019-06-19T13:30:40+00:00","breadcrumb":{"@id":"https:\/\/www.sp-equipements.com\/site\/produit\/chariot-1-dossier-fixe-tubulaire\/#breadcrumb"},"inLanguage":"fr-FR","potentialAction":[{"@type":"ReadAction","target":["https:\/\/www.sp-equipements.com\/site\/produit\/chariot-1-dossier-fixe-tubulaire\/"]}]},{"@type":"ImageObject","inLanguage":"fr-FR","@id":"https:\/\/www.sp-equipements.com\/site\/produit\/chariot-1-dossier-fixe-tubulaire\/#primaryimage","url":"https:\/\/www.sp-equipements.com\/site\/wp-content\/uploads\/2019\/06\/chariot_1_dossier_fixe_tubulaire-1.jpg","contentUrl":"https:\/\/www.sp-equipements.com\/site\/wp-content\/uploads\/2019\/06\/chariot_1_dossier_fixe_tubulaire-1.jpg","width":190,"height":190,"caption":"chariot 1 dossier fixe tubulaire 1"},{"@type":"BreadcrumbList","@id":"https:\/\/www.sp-equipements.com\/site\/produit\/chariot-1-dossier-fixe-tubulaire\/#breadcrumb","itemListElement":[{"@type":"ListItem","position":1,"name":"Accueil","item":"https:\/\/www.sp-equipements.com\/site\/"},{"@type":"ListItem","position":2,"name":"Catalogue","item":"https:\/\/www.sp-equipements.com\/site\/catalogue\/"},{"@type":"ListItem","position":3,"name":"Chariot 1 Dossier Fixe Tubulaire"}]},{"@type":"WebSite","@id":"https:\/\/www.sp-equipements.com\/site\/#website","url":"https:\/\/www.sp-equipements.com\/site\/","name":"SP \u00c9quipements","description":"\u00c9quipements de collectivit\u00e9s","potentialAction":[{"@type":"SearchAction","target":{"@type":"EntryPoint","urlTemplate":"https:\/\/www.sp-equipements.com\/site\/?s={search_term_string}"},"query-input":"required name=search_term_string"}],"inLanguage":"fr-FR"}]}},"_links":{"self":[{"href":"https:\/\/www.sp-equipements.com\/site\/wp-json\/wp\/v2\/product\/20836"}],"collection":[{"href":"https:\/\/www.sp-equipements.com\/site\/wp-json\/wp\/v2\/product"}],"about":[{"href":"https:\/\/www.sp-equipements.com\/site\/wp-json\/wp\/v2\/types\/product"}],"replies":[{"embeddable":true,"href":"https:\/\/www.sp-equipements.com\/site\/wp-json\/wp\/v2\/comments?post=20836"}],"wp:featuredmedia":[{"embeddable":true,"href":"https:\/\/www.sp-equipements.com\/site\/wp-json\/wp\/v2\/media\/37560"}],"wp:attachment":[{"href":"https:\/\/www.sp-equipements.com\/site\/wp-json\/wp\/v2\/media?parent=20836"}],"wp:term":[{"taxonomy":"product_cat","embeddable":true,"href":"https:\/\/www.sp-equipements.com\/site\/wp-json\/wp\/v2\/product_cat?post=20836"},{"taxonomy":"product_tag","embeddable":true,"href":"https:\/\/www.sp-equipements.com\/site\/wp-json\/wp\/v2\/product_tag?post=20836"}],"curies":[{"name":"wp","href":"https:\/\/api.w.org\/{rel}","templated":true}]}}