{"id":20843,"date":"2019-06-05T12:23:59","date_gmt":"2019-06-05T10:23:59","guid":{"rendered":"http:\/\/www.polyequipements.com\/produit\/diable-droit-tt-a-pelle-tubulaire-rabattable\/"},"modified":"2019-06-19T15:30:41","modified_gmt":"2019-06-19T13:30:41","slug":"diable-droit-tt-a-pelle-tubulaire-rabattable","status":"publish","type":"product","link":"https:\/\/www.sp-equipements.com\/site\/produit\/diable-droit-tt-a-pelle-tubulaire-rabattable\/","title":{"rendered":"Diable Droit TT \u00e0 Pelle Tubulaire Rabattable"},"content":{"rendered":"","protected":false},"excerpt":{"rendered":"<p><b>Fabrication fran\u00e7aise<b><\/p>\n<p>Diable universel.<br \/>\nDossier droit \u00e0 pelle tubulaire rabattable.<br \/>\nDiable polyvalent pour tout type de manutention.<br \/>\nRoues gonfl\u00e9es permettant le franchissement ais\u00e9 d&rsquo;obstacles et l&rsquo;utilisation en ext\u00e9rieur.<\/p>\n<p>\u2022 Dim. hors-tout hxlxp (mm) : 1120x540x380<br \/>\n\u2022 Dim. pelle lxp (mm) : 345&#215;400<br \/>\n\u2022 \u00d8 roues (mm) : 260<br \/>\n\u2022 Type de roue : <b>Pneumatique <\/b><br \/>\n\u2022 Charge (kg) : 300<br \/>\n\u2022 Poids (kg) : 12.00 <\/b><\/b><\/p>\n","protected":false},"featured_media":37567,"comment_status":"open","ping_status":"closed","template":"","meta":[],"product_cat":[162,98],"product_tag":[],"yoast_head":"<!-- This site is optimized with the Yoast SEO plugin v22.2 - https:\/\/yoast.com\/wordpress\/plugins\/seo\/ -->\n<title>Diable Droit TT \u00e0 Pelle Tubulaire Rabattable - SP \u00c9quipements<\/title>\n<meta name=\"robots\" content=\"index, follow, max-snippet:-1, max-image-preview:large, max-video-preview:-1\" \/>\n<link rel=\"canonical\" href=\"https:\/\/www.sp-equipements.com\/site\/produit\/diable-droit-tt-a-pelle-tubulaire-rabattable\/\" \/>\n<meta property=\"og:locale\" content=\"fr_FR\" \/>\n<meta property=\"og:type\" content=\"article\" \/>\n<meta property=\"og:title\" content=\"Diable Droit TT \u00e0 Pelle Tubulaire Rabattable - SP \u00c9quipements\" \/>\n<meta property=\"og:description\" content=\"Fabrication fran\u00e7aise  Diable universel. Dossier droit \u00e0 pelle tubulaire rabattable. Diable polyvalent pour tout type de manutention. Roues gonfl\u00e9es permettant le franchissement ais\u00e9 d&#039;obstacles et l&#039;utilisation en ext\u00e9rieur.  \u2022 Dim. hors-tout hxlxp (mm) : 1120x540x380 \u2022 Dim. pelle lxp (mm) : 345x400 \u2022 \u00d8 roues (mm) : 260 \u2022 Type de roue : Pneumatique  \u2022 Charge (kg) : 300 \u2022 Poids (kg) : 12.00\" \/>\n<meta property=\"og:url\" content=\"https:\/\/www.sp-equipements.com\/site\/produit\/diable-droit-tt-a-pelle-tubulaire-rabattable\/\" \/>\n<meta property=\"og:site_name\" content=\"SP \u00c9quipements\" \/>\n<meta property=\"article:modified_time\" content=\"2019-06-19T13:30:41+00:00\" \/>\n<meta property=\"og:image\" content=\"https:\/\/www.sp-equipements.com\/site\/wp-content\/uploads\/2019\/06\/diable_droit_tt_a_pelle_tubulaire_rabattable-1.jpg\" \/>\n\t<meta property=\"og:image:width\" content=\"190\" \/>\n\t<meta property=\"og:image:height\" content=\"190\" \/>\n\t<meta property=\"og:image:type\" content=\"image\/jpeg\" \/>\n<meta name=\"twitter:card\" content=\"summary_large_image\" \/>\n<script type=\"application\/ld+json\" class=\"yoast-schema-graph\">{\"@context\":\"https:\/\/schema.org\",\"@graph\":[{\"@type\":\"WebPage\",\"@id\":\"https:\/\/www.sp-equipements.com\/site\/produit\/diable-droit-tt-a-pelle-tubulaire-rabattable\/\",\"url\":\"https:\/\/www.sp-equipements.com\/site\/produit\/diable-droit-tt-a-pelle-tubulaire-rabattable\/\",\"name\":\"Diable Droit TT \u00e0 Pelle Tubulaire Rabattable - SP \u00c9quipements\",\"isPartOf\":{\"@id\":\"https:\/\/www.sp-equipements.com\/site\/#website\"},\"primaryImageOfPage\":{\"@id\":\"https:\/\/www.sp-equipements.com\/site\/produit\/diable-droit-tt-a-pelle-tubulaire-rabattable\/#primaryimage\"},\"image\":{\"@id\":\"https:\/\/www.sp-equipements.com\/site\/produit\/diable-droit-tt-a-pelle-tubulaire-rabattable\/#primaryimage\"},\"thumbnailUrl\":\"https:\/\/www.sp-equipements.com\/site\/wp-content\/uploads\/2019\/06\/diable_droit_tt_a_pelle_tubulaire_rabattable-1.jpg\",\"datePublished\":\"2019-06-05T10:23:59+00:00\",\"dateModified\":\"2019-06-19T13:30:41+00:00\",\"breadcrumb\":{\"@id\":\"https:\/\/www.sp-equipements.com\/site\/produit\/diable-droit-tt-a-pelle-tubulaire-rabattable\/#breadcrumb\"},\"inLanguage\":\"fr-FR\",\"potentialAction\":[{\"@type\":\"ReadAction\",\"target\":[\"https:\/\/www.sp-equipements.com\/site\/produit\/diable-droit-tt-a-pelle-tubulaire-rabattable\/\"]}]},{\"@type\":\"ImageObject\",\"inLanguage\":\"fr-FR\",\"@id\":\"https:\/\/www.sp-equipements.com\/site\/produit\/diable-droit-tt-a-pelle-tubulaire-rabattable\/#primaryimage\",\"url\":\"https:\/\/www.sp-equipements.com\/site\/wp-content\/uploads\/2019\/06\/diable_droit_tt_a_pelle_tubulaire_rabattable-1.jpg\",\"contentUrl\":\"https:\/\/www.sp-equipements.com\/site\/wp-content\/uploads\/2019\/06\/diable_droit_tt_a_pelle_tubulaire_rabattable-1.jpg\",\"width\":190,\"height\":190,\"caption\":\"diable droit tt a pelle tubulaire rabattable 1\"},{\"@type\":\"BreadcrumbList\",\"@id\":\"https:\/\/www.sp-equipements.com\/site\/produit\/diable-droit-tt-a-pelle-tubulaire-rabattable\/#breadcrumb\",\"itemListElement\":[{\"@type\":\"ListItem\",\"position\":1,\"name\":\"Accueil\",\"item\":\"https:\/\/www.sp-equipements.com\/site\/\"},{\"@type\":\"ListItem\",\"position\":2,\"name\":\"Catalogue\",\"item\":\"https:\/\/www.sp-equipements.com\/site\/catalogue\/\"},{\"@type\":\"ListItem\",\"position\":3,\"name\":\"Diable Droit TT \u00e0 Pelle Tubulaire Rabattable\"}]},{\"@type\":\"WebSite\",\"@id\":\"https:\/\/www.sp-equipements.com\/site\/#website\",\"url\":\"https:\/\/www.sp-equipements.com\/site\/\",\"name\":\"SP \u00c9quipements\",\"description\":\"\u00c9quipements de collectivit\u00e9s\",\"potentialAction\":[{\"@type\":\"SearchAction\",\"target\":{\"@type\":\"EntryPoint\",\"urlTemplate\":\"https:\/\/www.sp-equipements.com\/site\/?s={search_term_string}\"},\"query-input\":\"required name=search_term_string\"}],\"inLanguage\":\"fr-FR\"}]}<\/script>\n<!-- \/ Yoast SEO plugin. -->","yoast_head_json":{"title":"Diable Droit TT \u00e0 Pelle Tubulaire Rabattable - SP \u00c9quipements","robots":{"index":"index","follow":"follow","max-snippet":"max-snippet:-1","max-image-preview":"max-image-preview:large","max-video-preview":"max-video-preview:-1"},"canonical":"https:\/\/www.sp-equipements.com\/site\/produit\/diable-droit-tt-a-pelle-tubulaire-rabattable\/","og_locale":"fr_FR","og_type":"article","og_title":"Diable Droit TT \u00e0 Pelle Tubulaire Rabattable - SP \u00c9quipements","og_description":"Fabrication fran\u00e7aise  Diable universel. Dossier droit \u00e0 pelle tubulaire rabattable. Diable polyvalent pour tout type de manutention. Roues gonfl\u00e9es permettant le franchissement ais\u00e9 d'obstacles et l'utilisation en ext\u00e9rieur.  \u2022 Dim. hors-tout hxlxp (mm) : 1120x540x380 \u2022 Dim. pelle lxp (mm) : 345x400 \u2022 \u00d8 roues (mm) : 260 \u2022 Type de roue : Pneumatique  \u2022 Charge (kg) : 300 \u2022 Poids (kg) : 12.00","og_url":"https:\/\/www.sp-equipements.com\/site\/produit\/diable-droit-tt-a-pelle-tubulaire-rabattable\/","og_site_name":"SP \u00c9quipements","article_modified_time":"2019-06-19T13:30:41+00:00","og_image":[{"width":190,"height":190,"url":"https:\/\/www.sp-equipements.com\/site\/wp-content\/uploads\/2019\/06\/diable_droit_tt_a_pelle_tubulaire_rabattable-1.jpg","type":"image\/jpeg"}],"twitter_card":"summary_large_image","schema":{"@context":"https:\/\/schema.org","@graph":[{"@type":"WebPage","@id":"https:\/\/www.sp-equipements.com\/site\/produit\/diable-droit-tt-a-pelle-tubulaire-rabattable\/","url":"https:\/\/www.sp-equipements.com\/site\/produit\/diable-droit-tt-a-pelle-tubulaire-rabattable\/","name":"Diable Droit TT \u00e0 Pelle Tubulaire Rabattable - SP \u00c9quipements","isPartOf":{"@id":"https:\/\/www.sp-equipements.com\/site\/#website"},"primaryImageOfPage":{"@id":"https:\/\/www.sp-equipements.com\/site\/produit\/diable-droit-tt-a-pelle-tubulaire-rabattable\/#primaryimage"},"image":{"@id":"https:\/\/www.sp-equipements.com\/site\/produit\/diable-droit-tt-a-pelle-tubulaire-rabattable\/#primaryimage"},"thumbnailUrl":"https:\/\/www.sp-equipements.com\/site\/wp-content\/uploads\/2019\/06\/diable_droit_tt_a_pelle_tubulaire_rabattable-1.jpg","datePublished":"2019-06-05T10:23:59+00:00","dateModified":"2019-06-19T13:30:41+00:00","breadcrumb":{"@id":"https:\/\/www.sp-equipements.com\/site\/produit\/diable-droit-tt-a-pelle-tubulaire-rabattable\/#breadcrumb"},"inLanguage":"fr-FR","potentialAction":[{"@type":"ReadAction","target":["https:\/\/www.sp-equipements.com\/site\/produit\/diable-droit-tt-a-pelle-tubulaire-rabattable\/"]}]},{"@type":"ImageObject","inLanguage":"fr-FR","@id":"https:\/\/www.sp-equipements.com\/site\/produit\/diable-droit-tt-a-pelle-tubulaire-rabattable\/#primaryimage","url":"https:\/\/www.sp-equipements.com\/site\/wp-content\/uploads\/2019\/06\/diable_droit_tt_a_pelle_tubulaire_rabattable-1.jpg","contentUrl":"https:\/\/www.sp-equipements.com\/site\/wp-content\/uploads\/2019\/06\/diable_droit_tt_a_pelle_tubulaire_rabattable-1.jpg","width":190,"height":190,"caption":"diable droit tt a pelle tubulaire rabattable 1"},{"@type":"BreadcrumbList","@id":"https:\/\/www.sp-equipements.com\/site\/produit\/diable-droit-tt-a-pelle-tubulaire-rabattable\/#breadcrumb","itemListElement":[{"@type":"ListItem","position":1,"name":"Accueil","item":"https:\/\/www.sp-equipements.com\/site\/"},{"@type":"ListItem","position":2,"name":"Catalogue","item":"https:\/\/www.sp-equipements.com\/site\/catalogue\/"},{"@type":"ListItem","position":3,"name":"Diable Droit TT \u00e0 Pelle Tubulaire Rabattable"}]},{"@type":"WebSite","@id":"https:\/\/www.sp-equipements.com\/site\/#website","url":"https:\/\/www.sp-equipements.com\/site\/","name":"SP \u00c9quipements","description":"\u00c9quipements de collectivit\u00e9s","potentialAction":[{"@type":"SearchAction","target":{"@type":"EntryPoint","urlTemplate":"https:\/\/www.sp-equipements.com\/site\/?s={search_term_string}"},"query-input":"required name=search_term_string"}],"inLanguage":"fr-FR"}]}},"_links":{"self":[{"href":"https:\/\/www.sp-equipements.com\/site\/wp-json\/wp\/v2\/product\/20843"}],"collection":[{"href":"https:\/\/www.sp-equipements.com\/site\/wp-json\/wp\/v2\/product"}],"about":[{"href":"https:\/\/www.sp-equipements.com\/site\/wp-json\/wp\/v2\/types\/product"}],"replies":[{"embeddable":true,"href":"https:\/\/www.sp-equipements.com\/site\/wp-json\/wp\/v2\/comments?post=20843"}],"wp:featuredmedia":[{"embeddable":true,"href":"https:\/\/www.sp-equipements.com\/site\/wp-json\/wp\/v2\/media\/37567"}],"wp:attachment":[{"href":"https:\/\/www.sp-equipements.com\/site\/wp-json\/wp\/v2\/media?parent=20843"}],"wp:term":[{"taxonomy":"product_cat","embeddable":true,"href":"https:\/\/www.sp-equipements.com\/site\/wp-json\/wp\/v2\/product_cat?post=20843"},{"taxonomy":"product_tag","embeddable":true,"href":"https:\/\/www.sp-equipements.com\/site\/wp-json\/wp\/v2\/product_tag?post=20843"}],"curies":[{"name":"wp","href":"https:\/\/api.w.org\/{rel}","templated":true}]}}