{"id":20861,"date":"2019-06-05T12:24:08","date_gmt":"2019-06-05T10:24:08","guid":{"rendered":"http:\/\/www.polyequipements.com\/produit\/servante-datelier-a-2-plateaux-fixes-metalliques\/"},"modified":"2021-03-22T11:45:56","modified_gmt":"2021-03-22T10:45:56","slug":"servante-datelier-a-2-plateaux-fixes-metalliques","status":"publish","type":"product","link":"https:\/\/www.sp-equipements.com\/site\/produit\/servante-datelier-a-2-plateaux-fixes-metalliques\/","title":{"rendered":"Servante d&rsquo;Atelier \u00e0 2 Plateaux Fixes M\u00e9talliques"},"content":{"rendered":"","protected":false},"excerpt":{"rendered":"<p><b>Fabrication fran\u00e7aise<\/p>\n<p>Charge 200 kg uniform\u00e9ment r\u00e9partie.<br \/>\nDimension hors tout Lxlxh(mm) : 1130x620x1070.<br \/>\nDe conception \u00e9l\u00e9gante, ces chariots peuvent \u00eatre utilis\u00e9s aussi bien dans un environnement de bureau que dans l\u2019atelier.<br \/>\nConstruction principale en tube d\u2019acier soud\u00e9 de \u00f8 25 mm avec barre de pouss\u00e9e de chaque c\u00f4t\u00e9 du chariot.<br \/>\n2 plateaux fixes en t\u00f4le d\u2019acier \u00e9paisseur 15\/10\u00e8me soud\u00e9s au ch\u00e2ssis avec ou sans rebords 25 mm selon les mod\u00e8les.<br \/>\nChariots \u00e9quip\u00e9s de 4 roulettes de \u00f8 125 mm en caoutchouc synth\u00e9tique non tachant avec pare-fil dont 2 fixes et 2 pivotantes.<br \/>\nGrande maniabilit\u00e9 gr\u00e2ce \u00e0 la mati\u00e8re des roues.<br \/>\nFinition Epoxy Bleu RAL 5005.<\/b><\/p>\n","protected":false},"featured_media":37585,"comment_status":"open","ping_status":"closed","template":"","meta":[],"product_cat":[98,163],"product_tag":[],"yoast_head":"<!-- This site is optimized with the Yoast SEO plugin v22.2 - https:\/\/yoast.com\/wordpress\/plugins\/seo\/ -->\n<title>Servante d&#039;Atelier \u00e0 2 Plateaux Fixes M\u00e9talliques - SP \u00c9quipements<\/title>\n<meta name=\"robots\" content=\"index, follow, max-snippet:-1, max-image-preview:large, max-video-preview:-1\" \/>\n<link rel=\"canonical\" href=\"https:\/\/www.sp-equipements.com\/site\/produit\/servante-datelier-a-2-plateaux-fixes-metalliques\/\" \/>\n<meta property=\"og:locale\" content=\"fr_FR\" \/>\n<meta property=\"og:type\" content=\"article\" \/>\n<meta property=\"og:title\" content=\"Servante d&#039;Atelier \u00e0 2 Plateaux Fixes M\u00e9talliques - SP \u00c9quipements\" \/>\n<meta property=\"og:description\" content=\"Fabrication fran\u00e7aise  Charge 200 kg uniform\u00e9ment r\u00e9partie. Dimension hors tout Lxlxh(mm) : 1130x620x1070. De conception \u00e9l\u00e9gante, ces chariots peuvent \u00eatre utilis\u00e9s aussi bien dans un environnement de bureau que dans l\u2019atelier. Construction principale en tube d\u2019acier soud\u00e9 de \u00f8 25 mm avec barre de pouss\u00e9e de chaque c\u00f4t\u00e9 du chariot. 2 plateaux fixes en t\u00f4le d\u2019acier \u00e9paisseur 15\/10\u00e8me soud\u00e9s au ch\u00e2ssis avec ou sans rebords 25 mm selon les mod\u00e8les. Chariots \u00e9quip\u00e9s de 4 roulettes de \u00f8 125 mm en caoutchouc synth\u00e9tique non tachant avec pare-fil dont 2 fixes et 2 pivotantes. Grande maniabilit\u00e9 gr\u00e2ce \u00e0 la mati\u00e8re des roues. Finition Epoxy Bleu RAL 5005.\" \/>\n<meta property=\"og:url\" content=\"https:\/\/www.sp-equipements.com\/site\/produit\/servante-datelier-a-2-plateaux-fixes-metalliques\/\" \/>\n<meta property=\"og:site_name\" content=\"SP \u00c9quipements\" \/>\n<meta property=\"article:modified_time\" content=\"2021-03-22T10:45:56+00:00\" \/>\n<meta property=\"og:image\" content=\"https:\/\/www.sp-equipements.com\/site\/wp-content\/uploads\/2019\/06\/servante_atelier_a_2_plateaux_fixes_metalliques-1.jpg\" \/>\n\t<meta property=\"og:image:width\" content=\"190\" \/>\n\t<meta property=\"og:image:height\" content=\"190\" \/>\n\t<meta property=\"og:image:type\" content=\"image\/jpeg\" \/>\n<meta name=\"twitter:card\" content=\"summary_large_image\" \/>\n<script type=\"application\/ld+json\" class=\"yoast-schema-graph\">{\"@context\":\"https:\/\/schema.org\",\"@graph\":[{\"@type\":\"WebPage\",\"@id\":\"https:\/\/www.sp-equipements.com\/site\/produit\/servante-datelier-a-2-plateaux-fixes-metalliques\/\",\"url\":\"https:\/\/www.sp-equipements.com\/site\/produit\/servante-datelier-a-2-plateaux-fixes-metalliques\/\",\"name\":\"Servante d'Atelier \u00e0 2 Plateaux Fixes M\u00e9talliques - SP \u00c9quipements\",\"isPartOf\":{\"@id\":\"https:\/\/www.sp-equipements.com\/site\/#website\"},\"primaryImageOfPage\":{\"@id\":\"https:\/\/www.sp-equipements.com\/site\/produit\/servante-datelier-a-2-plateaux-fixes-metalliques\/#primaryimage\"},\"image\":{\"@id\":\"https:\/\/www.sp-equipements.com\/site\/produit\/servante-datelier-a-2-plateaux-fixes-metalliques\/#primaryimage\"},\"thumbnailUrl\":\"https:\/\/www.sp-equipements.com\/site\/wp-content\/uploads\/2019\/06\/servante_atelier_a_2_plateaux_fixes_metalliques-1.jpg\",\"datePublished\":\"2019-06-05T10:24:08+00:00\",\"dateModified\":\"2021-03-22T10:45:56+00:00\",\"breadcrumb\":{\"@id\":\"https:\/\/www.sp-equipements.com\/site\/produit\/servante-datelier-a-2-plateaux-fixes-metalliques\/#breadcrumb\"},\"inLanguage\":\"fr-FR\",\"potentialAction\":[{\"@type\":\"ReadAction\",\"target\":[\"https:\/\/www.sp-equipements.com\/site\/produit\/servante-datelier-a-2-plateaux-fixes-metalliques\/\"]}]},{\"@type\":\"ImageObject\",\"inLanguage\":\"fr-FR\",\"@id\":\"https:\/\/www.sp-equipements.com\/site\/produit\/servante-datelier-a-2-plateaux-fixes-metalliques\/#primaryimage\",\"url\":\"https:\/\/www.sp-equipements.com\/site\/wp-content\/uploads\/2019\/06\/servante_atelier_a_2_plateaux_fixes_metalliques-1.jpg\",\"contentUrl\":\"https:\/\/www.sp-equipements.com\/site\/wp-content\/uploads\/2019\/06\/servante_atelier_a_2_plateaux_fixes_metalliques-1.jpg\",\"width\":190,\"height\":190,\"caption\":\"servante atelier a 2 plateaux fixes metalliques 1\"},{\"@type\":\"BreadcrumbList\",\"@id\":\"https:\/\/www.sp-equipements.com\/site\/produit\/servante-datelier-a-2-plateaux-fixes-metalliques\/#breadcrumb\",\"itemListElement\":[{\"@type\":\"ListItem\",\"position\":1,\"name\":\"Accueil\",\"item\":\"https:\/\/www.sp-equipements.com\/site\/\"},{\"@type\":\"ListItem\",\"position\":2,\"name\":\"Catalogue\",\"item\":\"https:\/\/www.sp-equipements.com\/site\/catalogue\/\"},{\"@type\":\"ListItem\",\"position\":3,\"name\":\"Servante d&rsquo;Atelier \u00e0 2 Plateaux Fixes M\u00e9talliques\"}]},{\"@type\":\"WebSite\",\"@id\":\"https:\/\/www.sp-equipements.com\/site\/#website\",\"url\":\"https:\/\/www.sp-equipements.com\/site\/\",\"name\":\"SP \u00c9quipements\",\"description\":\"\u00c9quipements de collectivit\u00e9s\",\"potentialAction\":[{\"@type\":\"SearchAction\",\"target\":{\"@type\":\"EntryPoint\",\"urlTemplate\":\"https:\/\/www.sp-equipements.com\/site\/?s={search_term_string}\"},\"query-input\":\"required name=search_term_string\"}],\"inLanguage\":\"fr-FR\"}]}<\/script>\n<!-- \/ Yoast SEO plugin. -->","yoast_head_json":{"title":"Servante d'Atelier \u00e0 2 Plateaux Fixes M\u00e9talliques - SP \u00c9quipements","robots":{"index":"index","follow":"follow","max-snippet":"max-snippet:-1","max-image-preview":"max-image-preview:large","max-video-preview":"max-video-preview:-1"},"canonical":"https:\/\/www.sp-equipements.com\/site\/produit\/servante-datelier-a-2-plateaux-fixes-metalliques\/","og_locale":"fr_FR","og_type":"article","og_title":"Servante d'Atelier \u00e0 2 Plateaux Fixes M\u00e9talliques - SP \u00c9quipements","og_description":"Fabrication fran\u00e7aise  Charge 200 kg uniform\u00e9ment r\u00e9partie. Dimension hors tout Lxlxh(mm) : 1130x620x1070. De conception \u00e9l\u00e9gante, ces chariots peuvent \u00eatre utilis\u00e9s aussi bien dans un environnement de bureau que dans l\u2019atelier. Construction principale en tube d\u2019acier soud\u00e9 de \u00f8 25 mm avec barre de pouss\u00e9e de chaque c\u00f4t\u00e9 du chariot. 2 plateaux fixes en t\u00f4le d\u2019acier \u00e9paisseur 15\/10\u00e8me soud\u00e9s au ch\u00e2ssis avec ou sans rebords 25 mm selon les mod\u00e8les. Chariots \u00e9quip\u00e9s de 4 roulettes de \u00f8 125 mm en caoutchouc synth\u00e9tique non tachant avec pare-fil dont 2 fixes et 2 pivotantes. Grande maniabilit\u00e9 gr\u00e2ce \u00e0 la mati\u00e8re des roues. Finition Epoxy Bleu RAL 5005.","og_url":"https:\/\/www.sp-equipements.com\/site\/produit\/servante-datelier-a-2-plateaux-fixes-metalliques\/","og_site_name":"SP \u00c9quipements","article_modified_time":"2021-03-22T10:45:56+00:00","og_image":[{"width":190,"height":190,"url":"https:\/\/www.sp-equipements.com\/site\/wp-content\/uploads\/2019\/06\/servante_atelier_a_2_plateaux_fixes_metalliques-1.jpg","type":"image\/jpeg"}],"twitter_card":"summary_large_image","schema":{"@context":"https:\/\/schema.org","@graph":[{"@type":"WebPage","@id":"https:\/\/www.sp-equipements.com\/site\/produit\/servante-datelier-a-2-plateaux-fixes-metalliques\/","url":"https:\/\/www.sp-equipements.com\/site\/produit\/servante-datelier-a-2-plateaux-fixes-metalliques\/","name":"Servante d'Atelier \u00e0 2 Plateaux Fixes M\u00e9talliques - SP \u00c9quipements","isPartOf":{"@id":"https:\/\/www.sp-equipements.com\/site\/#website"},"primaryImageOfPage":{"@id":"https:\/\/www.sp-equipements.com\/site\/produit\/servante-datelier-a-2-plateaux-fixes-metalliques\/#primaryimage"},"image":{"@id":"https:\/\/www.sp-equipements.com\/site\/produit\/servante-datelier-a-2-plateaux-fixes-metalliques\/#primaryimage"},"thumbnailUrl":"https:\/\/www.sp-equipements.com\/site\/wp-content\/uploads\/2019\/06\/servante_atelier_a_2_plateaux_fixes_metalliques-1.jpg","datePublished":"2019-06-05T10:24:08+00:00","dateModified":"2021-03-22T10:45:56+00:00","breadcrumb":{"@id":"https:\/\/www.sp-equipements.com\/site\/produit\/servante-datelier-a-2-plateaux-fixes-metalliques\/#breadcrumb"},"inLanguage":"fr-FR","potentialAction":[{"@type":"ReadAction","target":["https:\/\/www.sp-equipements.com\/site\/produit\/servante-datelier-a-2-plateaux-fixes-metalliques\/"]}]},{"@type":"ImageObject","inLanguage":"fr-FR","@id":"https:\/\/www.sp-equipements.com\/site\/produit\/servante-datelier-a-2-plateaux-fixes-metalliques\/#primaryimage","url":"https:\/\/www.sp-equipements.com\/site\/wp-content\/uploads\/2019\/06\/servante_atelier_a_2_plateaux_fixes_metalliques-1.jpg","contentUrl":"https:\/\/www.sp-equipements.com\/site\/wp-content\/uploads\/2019\/06\/servante_atelier_a_2_plateaux_fixes_metalliques-1.jpg","width":190,"height":190,"caption":"servante atelier a 2 plateaux fixes metalliques 1"},{"@type":"BreadcrumbList","@id":"https:\/\/www.sp-equipements.com\/site\/produit\/servante-datelier-a-2-plateaux-fixes-metalliques\/#breadcrumb","itemListElement":[{"@type":"ListItem","position":1,"name":"Accueil","item":"https:\/\/www.sp-equipements.com\/site\/"},{"@type":"ListItem","position":2,"name":"Catalogue","item":"https:\/\/www.sp-equipements.com\/site\/catalogue\/"},{"@type":"ListItem","position":3,"name":"Servante d&rsquo;Atelier \u00e0 2 Plateaux Fixes M\u00e9talliques"}]},{"@type":"WebSite","@id":"https:\/\/www.sp-equipements.com\/site\/#website","url":"https:\/\/www.sp-equipements.com\/site\/","name":"SP \u00c9quipements","description":"\u00c9quipements de collectivit\u00e9s","potentialAction":[{"@type":"SearchAction","target":{"@type":"EntryPoint","urlTemplate":"https:\/\/www.sp-equipements.com\/site\/?s={search_term_string}"},"query-input":"required name=search_term_string"}],"inLanguage":"fr-FR"}]}},"_links":{"self":[{"href":"https:\/\/www.sp-equipements.com\/site\/wp-json\/wp\/v2\/product\/20861"}],"collection":[{"href":"https:\/\/www.sp-equipements.com\/site\/wp-json\/wp\/v2\/product"}],"about":[{"href":"https:\/\/www.sp-equipements.com\/site\/wp-json\/wp\/v2\/types\/product"}],"replies":[{"embeddable":true,"href":"https:\/\/www.sp-equipements.com\/site\/wp-json\/wp\/v2\/comments?post=20861"}],"wp:featuredmedia":[{"embeddable":true,"href":"https:\/\/www.sp-equipements.com\/site\/wp-json\/wp\/v2\/media\/37585"}],"wp:attachment":[{"href":"https:\/\/www.sp-equipements.com\/site\/wp-json\/wp\/v2\/media?parent=20861"}],"wp:term":[{"taxonomy":"product_cat","embeddable":true,"href":"https:\/\/www.sp-equipements.com\/site\/wp-json\/wp\/v2\/product_cat?post=20861"},{"taxonomy":"product_tag","embeddable":true,"href":"https:\/\/www.sp-equipements.com\/site\/wp-json\/wp\/v2\/product_tag?post=20861"}],"curies":[{"name":"wp","href":"https:\/\/api.w.org\/{rel}","templated":true}]}}