{"id":21692,"date":"2019-06-07T10:13:24","date_gmt":"2019-06-07T08:13:24","guid":{"rendered":"http:\/\/www.polyequipements.com\/produit\/support-cycles-deco-composables\/"},"modified":"2019-06-19T15:31:03","modified_gmt":"2019-06-19T13:31:03","slug":"support-cycles-deco-composables","status":"publish","type":"product","link":"https:\/\/www.sp-equipements.com\/site\/produit\/support-cycles-deco-composables\/","title":{"rendered":"Support Cycles DECO composables"},"content":{"rendered":"","protected":false},"excerpt":{"rendered":"<div id=\"box-article-description\">\n<div id=\"display-article-description\">\n<p>\u2022 Choix entre 4 pommeaux<br \/>\n\u2022 Simple face ou double face<br \/>\n\u2022 Tous les coloris de nos RAL<br \/>\n\u2022 Extension par modules de 6 places simple ou double face.<\/p>\n<p>Permettent de ranger et d\u2019attacher tous les cycles, VTT compris.<br \/>\nR\u00e9alis\u00e9s en acier, poteaux \u00d8 76, arceaux \u00d8 22. Ecart entre les arceaux de 50 mm.<br \/>\nFinition peint sur galva.<br \/>\nFixation sur platines par tiges d\u2019ancrage fournies.<\/p>\n<\/div>\n<\/div>\n","protected":false},"featured_media":37628,"comment_status":"open","ping_status":"closed","template":"","meta":[],"product_cat":[100,171],"product_tag":[],"yoast_head":"<!-- This site is optimized with the Yoast SEO plugin v22.2 - https:\/\/yoast.com\/wordpress\/plugins\/seo\/ -->\n<title>Support Cycles DECO composables - SP \u00c9quipements<\/title>\n<meta name=\"robots\" content=\"index, follow, max-snippet:-1, max-image-preview:large, max-video-preview:-1\" \/>\n<link rel=\"canonical\" href=\"https:\/\/www.sp-equipements.com\/site\/produit\/support-cycles-deco-composables\/\" \/>\n<meta property=\"og:locale\" content=\"fr_FR\" \/>\n<meta property=\"og:type\" content=\"article\" \/>\n<meta property=\"og:title\" content=\"Support Cycles DECO composables - SP \u00c9quipements\" \/>\n<meta property=\"og:description\" content=\"\u2022 Choix entre 4 pommeaux \u2022 Simple face ou double face \u2022 Tous les coloris de nos RAL \u2022 Extension par modules de 6 places simple ou double face.  Permettent de ranger et d\u2019attacher tous les cycles, VTT compris. R\u00e9alis\u00e9s en acier, poteaux \u00d8 76, arceaux \u00d8 22. Ecart entre les arceaux de 50 mm. Finition peint sur galva. Fixation sur platines par tiges d\u2019ancrage fournies.\" \/>\n<meta property=\"og:url\" content=\"https:\/\/www.sp-equipements.com\/site\/produit\/support-cycles-deco-composables\/\" \/>\n<meta property=\"og:site_name\" content=\"SP \u00c9quipements\" \/>\n<meta property=\"article:modified_time\" content=\"2019-06-19T13:31:03+00:00\" \/>\n<meta property=\"og:image\" content=\"https:\/\/www.sp-equipements.com\/site\/wp-content\/uploads\/2019\/06\/support_cycles_deco_simple_6_places-1.jpg\" \/>\n\t<meta property=\"og:image:width\" content=\"190\" \/>\n\t<meta property=\"og:image:height\" content=\"190\" \/>\n\t<meta property=\"og:image:type\" content=\"image\/jpeg\" \/>\n<meta name=\"twitter:card\" content=\"summary_large_image\" \/>\n<script type=\"application\/ld+json\" class=\"yoast-schema-graph\">{\"@context\":\"https:\/\/schema.org\",\"@graph\":[{\"@type\":\"WebPage\",\"@id\":\"https:\/\/www.sp-equipements.com\/site\/produit\/support-cycles-deco-composables\/\",\"url\":\"https:\/\/www.sp-equipements.com\/site\/produit\/support-cycles-deco-composables\/\",\"name\":\"Support Cycles DECO composables - SP \u00c9quipements\",\"isPartOf\":{\"@id\":\"https:\/\/www.sp-equipements.com\/site\/#website\"},\"primaryImageOfPage\":{\"@id\":\"https:\/\/www.sp-equipements.com\/site\/produit\/support-cycles-deco-composables\/#primaryimage\"},\"image\":{\"@id\":\"https:\/\/www.sp-equipements.com\/site\/produit\/support-cycles-deco-composables\/#primaryimage\"},\"thumbnailUrl\":\"https:\/\/www.sp-equipements.com\/site\/wp-content\/uploads\/2019\/06\/support_cycles_deco_simple_6_places-1.jpg\",\"datePublished\":\"2019-06-07T08:13:24+00:00\",\"dateModified\":\"2019-06-19T13:31:03+00:00\",\"breadcrumb\":{\"@id\":\"https:\/\/www.sp-equipements.com\/site\/produit\/support-cycles-deco-composables\/#breadcrumb\"},\"inLanguage\":\"fr-FR\",\"potentialAction\":[{\"@type\":\"ReadAction\",\"target\":[\"https:\/\/www.sp-equipements.com\/site\/produit\/support-cycles-deco-composables\/\"]}]},{\"@type\":\"ImageObject\",\"inLanguage\":\"fr-FR\",\"@id\":\"https:\/\/www.sp-equipements.com\/site\/produit\/support-cycles-deco-composables\/#primaryimage\",\"url\":\"https:\/\/www.sp-equipements.com\/site\/wp-content\/uploads\/2019\/06\/support_cycles_deco_simple_6_places-1.jpg\",\"contentUrl\":\"https:\/\/www.sp-equipements.com\/site\/wp-content\/uploads\/2019\/06\/support_cycles_deco_simple_6_places-1.jpg\",\"width\":190,\"height\":190,\"caption\":\"support cycles deco simple 6 places 1\"},{\"@type\":\"BreadcrumbList\",\"@id\":\"https:\/\/www.sp-equipements.com\/site\/produit\/support-cycles-deco-composables\/#breadcrumb\",\"itemListElement\":[{\"@type\":\"ListItem\",\"position\":1,\"name\":\"Accueil\",\"item\":\"https:\/\/www.sp-equipements.com\/site\/\"},{\"@type\":\"ListItem\",\"position\":2,\"name\":\"Catalogue\",\"item\":\"https:\/\/www.sp-equipements.com\/site\/catalogue\/\"},{\"@type\":\"ListItem\",\"position\":3,\"name\":\"Support Cycles DECO composables\"}]},{\"@type\":\"WebSite\",\"@id\":\"https:\/\/www.sp-equipements.com\/site\/#website\",\"url\":\"https:\/\/www.sp-equipements.com\/site\/\",\"name\":\"SP \u00c9quipements\",\"description\":\"\u00c9quipements de collectivit\u00e9s\",\"potentialAction\":[{\"@type\":\"SearchAction\",\"target\":{\"@type\":\"EntryPoint\",\"urlTemplate\":\"https:\/\/www.sp-equipements.com\/site\/?s={search_term_string}\"},\"query-input\":\"required name=search_term_string\"}],\"inLanguage\":\"fr-FR\"}]}<\/script>\n<!-- \/ Yoast SEO plugin. -->","yoast_head_json":{"title":"Support Cycles DECO composables - SP \u00c9quipements","robots":{"index":"index","follow":"follow","max-snippet":"max-snippet:-1","max-image-preview":"max-image-preview:large","max-video-preview":"max-video-preview:-1"},"canonical":"https:\/\/www.sp-equipements.com\/site\/produit\/support-cycles-deco-composables\/","og_locale":"fr_FR","og_type":"article","og_title":"Support Cycles DECO composables - SP \u00c9quipements","og_description":"\u2022 Choix entre 4 pommeaux \u2022 Simple face ou double face \u2022 Tous les coloris de nos RAL \u2022 Extension par modules de 6 places simple ou double face.  Permettent de ranger et d\u2019attacher tous les cycles, VTT compris. R\u00e9alis\u00e9s en acier, poteaux \u00d8 76, arceaux \u00d8 22. Ecart entre les arceaux de 50 mm. Finition peint sur galva. Fixation sur platines par tiges d\u2019ancrage fournies.","og_url":"https:\/\/www.sp-equipements.com\/site\/produit\/support-cycles-deco-composables\/","og_site_name":"SP \u00c9quipements","article_modified_time":"2019-06-19T13:31:03+00:00","og_image":[{"width":190,"height":190,"url":"https:\/\/www.sp-equipements.com\/site\/wp-content\/uploads\/2019\/06\/support_cycles_deco_simple_6_places-1.jpg","type":"image\/jpeg"}],"twitter_card":"summary_large_image","schema":{"@context":"https:\/\/schema.org","@graph":[{"@type":"WebPage","@id":"https:\/\/www.sp-equipements.com\/site\/produit\/support-cycles-deco-composables\/","url":"https:\/\/www.sp-equipements.com\/site\/produit\/support-cycles-deco-composables\/","name":"Support Cycles DECO composables - SP \u00c9quipements","isPartOf":{"@id":"https:\/\/www.sp-equipements.com\/site\/#website"},"primaryImageOfPage":{"@id":"https:\/\/www.sp-equipements.com\/site\/produit\/support-cycles-deco-composables\/#primaryimage"},"image":{"@id":"https:\/\/www.sp-equipements.com\/site\/produit\/support-cycles-deco-composables\/#primaryimage"},"thumbnailUrl":"https:\/\/www.sp-equipements.com\/site\/wp-content\/uploads\/2019\/06\/support_cycles_deco_simple_6_places-1.jpg","datePublished":"2019-06-07T08:13:24+00:00","dateModified":"2019-06-19T13:31:03+00:00","breadcrumb":{"@id":"https:\/\/www.sp-equipements.com\/site\/produit\/support-cycles-deco-composables\/#breadcrumb"},"inLanguage":"fr-FR","potentialAction":[{"@type":"ReadAction","target":["https:\/\/www.sp-equipements.com\/site\/produit\/support-cycles-deco-composables\/"]}]},{"@type":"ImageObject","inLanguage":"fr-FR","@id":"https:\/\/www.sp-equipements.com\/site\/produit\/support-cycles-deco-composables\/#primaryimage","url":"https:\/\/www.sp-equipements.com\/site\/wp-content\/uploads\/2019\/06\/support_cycles_deco_simple_6_places-1.jpg","contentUrl":"https:\/\/www.sp-equipements.com\/site\/wp-content\/uploads\/2019\/06\/support_cycles_deco_simple_6_places-1.jpg","width":190,"height":190,"caption":"support cycles deco simple 6 places 1"},{"@type":"BreadcrumbList","@id":"https:\/\/www.sp-equipements.com\/site\/produit\/support-cycles-deco-composables\/#breadcrumb","itemListElement":[{"@type":"ListItem","position":1,"name":"Accueil","item":"https:\/\/www.sp-equipements.com\/site\/"},{"@type":"ListItem","position":2,"name":"Catalogue","item":"https:\/\/www.sp-equipements.com\/site\/catalogue\/"},{"@type":"ListItem","position":3,"name":"Support Cycles DECO composables"}]},{"@type":"WebSite","@id":"https:\/\/www.sp-equipements.com\/site\/#website","url":"https:\/\/www.sp-equipements.com\/site\/","name":"SP \u00c9quipements","description":"\u00c9quipements de collectivit\u00e9s","potentialAction":[{"@type":"SearchAction","target":{"@type":"EntryPoint","urlTemplate":"https:\/\/www.sp-equipements.com\/site\/?s={search_term_string}"},"query-input":"required name=search_term_string"}],"inLanguage":"fr-FR"}]}},"_links":{"self":[{"href":"https:\/\/www.sp-equipements.com\/site\/wp-json\/wp\/v2\/product\/21692"}],"collection":[{"href":"https:\/\/www.sp-equipements.com\/site\/wp-json\/wp\/v2\/product"}],"about":[{"href":"https:\/\/www.sp-equipements.com\/site\/wp-json\/wp\/v2\/types\/product"}],"replies":[{"embeddable":true,"href":"https:\/\/www.sp-equipements.com\/site\/wp-json\/wp\/v2\/comments?post=21692"}],"wp:featuredmedia":[{"embeddable":true,"href":"https:\/\/www.sp-equipements.com\/site\/wp-json\/wp\/v2\/media\/37628"}],"wp:attachment":[{"href":"https:\/\/www.sp-equipements.com\/site\/wp-json\/wp\/v2\/media?parent=21692"}],"wp:term":[{"taxonomy":"product_cat","embeddable":true,"href":"https:\/\/www.sp-equipements.com\/site\/wp-json\/wp\/v2\/product_cat?post=21692"},{"taxonomy":"product_tag","embeddable":true,"href":"https:\/\/www.sp-equipements.com\/site\/wp-json\/wp\/v2\/product_tag?post=21692"}],"curies":[{"name":"wp","href":"https:\/\/api.w.org\/{rel}","templated":true}]}}