{"id":21737,"date":"2019-06-07T10:13:48","date_gmt":"2019-06-07T08:13:48","guid":{"rendered":"http:\/\/www.polyequipements.com\/produit\/corbeille-vercors\/"},"modified":"2019-06-19T15:31:18","modified_gmt":"2019-06-19T13:31:18","slug":"corbeille-vercors","status":"publish","type":"product","link":"https:\/\/www.sp-equipements.com\/site\/produit\/corbeille-vercors\/","title":{"rendered":"Corbeille VERCORS"},"content":{"rendered":"","protected":false},"excerpt":{"rendered":"<div id=\"box-article-description\">\n<div id=\"display-article-description\">\n<p><i>Poubelle sur pi\u00e8tement tube acier \u00d8 60.<\/i><\/p>\n<p>Corps maintenu en partie sup\u00e9rieure par 2 demi-arceaux horizontaux en acier plat dont l\u2019un se l\u00e8ve pour permettre le basculement du corps de la poubelle \u00e0 45\u00b0.<br \/>\nSac plastique non fourni.<br \/>\nEn option, seau en t\u00f4le \u00e9lectrozingu\u00e9e 8\/10e muni de deux anses lat\u00e9rales en fil \u00d8 5.<br \/>\nEn option blocage par serrure \u00e0 cl\u00e9 triangle.<br \/>\nPeint une couleur sur zinc selon nos RAL.<br \/>\nPictogramme \u00e0 poser (adh\u00e9sif transfert).<br \/>\nPose par scellement direct.<\/p>\n<\/div>\n<\/div>\n","protected":false},"featured_media":37661,"comment_status":"open","ping_status":"closed","template":"","meta":[],"product_cat":[174,100],"product_tag":[],"yoast_head":"<!-- This site is optimized with the Yoast SEO plugin v22.2 - https:\/\/yoast.com\/wordpress\/plugins\/seo\/ -->\n<title>Corbeille VERCORS - SP \u00c9quipements<\/title>\n<meta name=\"robots\" content=\"index, follow, max-snippet:-1, max-image-preview:large, max-video-preview:-1\" \/>\n<link rel=\"canonical\" href=\"https:\/\/www.sp-equipements.com\/site\/produit\/corbeille-vercors\/\" \/>\n<meta property=\"og:locale\" content=\"fr_FR\" \/>\n<meta property=\"og:type\" content=\"article\" \/>\n<meta property=\"og:title\" content=\"Corbeille VERCORS - SP \u00c9quipements\" \/>\n<meta property=\"og:description\" content=\"Poubelle sur pi\u00e8tement tube acier \u00d8 60.  Corps maintenu en partie sup\u00e9rieure par 2 demi-arceaux horizontaux en acier plat dont l\u2019un se l\u00e8ve pour permettre le basculement du corps de la poubelle \u00e0 45\u00b0. Sac plastique non fourni. En option, seau en t\u00f4le \u00e9lectrozingu\u00e9e 8\/10e muni de deux anses lat\u00e9rales en fil \u00d8 5. En option blocage par serrure \u00e0 cl\u00e9 triangle. Peint une couleur sur zinc selon nos RAL. Pictogramme \u00e0 poser (adh\u00e9sif transfert). Pose par scellement direct.\" \/>\n<meta property=\"og:url\" content=\"https:\/\/www.sp-equipements.com\/site\/produit\/corbeille-vercors\/\" \/>\n<meta property=\"og:site_name\" content=\"SP \u00c9quipements\" \/>\n<meta property=\"article:modified_time\" content=\"2019-06-19T13:31:18+00:00\" \/>\n<meta property=\"og:image\" content=\"https:\/\/www.sp-equipements.com\/site\/wp-content\/uploads\/2019\/06\/corbeille_de_proprete_vercos-1.jpg\" \/>\n\t<meta property=\"og:image:width\" content=\"190\" \/>\n\t<meta property=\"og:image:height\" content=\"190\" \/>\n\t<meta property=\"og:image:type\" content=\"image\/jpeg\" \/>\n<meta name=\"twitter:card\" content=\"summary_large_image\" \/>\n<script type=\"application\/ld+json\" class=\"yoast-schema-graph\">{\"@context\":\"https:\/\/schema.org\",\"@graph\":[{\"@type\":\"WebPage\",\"@id\":\"https:\/\/www.sp-equipements.com\/site\/produit\/corbeille-vercors\/\",\"url\":\"https:\/\/www.sp-equipements.com\/site\/produit\/corbeille-vercors\/\",\"name\":\"Corbeille VERCORS - SP \u00c9quipements\",\"isPartOf\":{\"@id\":\"https:\/\/www.sp-equipements.com\/site\/#website\"},\"primaryImageOfPage\":{\"@id\":\"https:\/\/www.sp-equipements.com\/site\/produit\/corbeille-vercors\/#primaryimage\"},\"image\":{\"@id\":\"https:\/\/www.sp-equipements.com\/site\/produit\/corbeille-vercors\/#primaryimage\"},\"thumbnailUrl\":\"https:\/\/www.sp-equipements.com\/site\/wp-content\/uploads\/2019\/06\/corbeille_de_proprete_vercos-1.jpg\",\"datePublished\":\"2019-06-07T08:13:48+00:00\",\"dateModified\":\"2019-06-19T13:31:18+00:00\",\"breadcrumb\":{\"@id\":\"https:\/\/www.sp-equipements.com\/site\/produit\/corbeille-vercors\/#breadcrumb\"},\"inLanguage\":\"fr-FR\",\"potentialAction\":[{\"@type\":\"ReadAction\",\"target\":[\"https:\/\/www.sp-equipements.com\/site\/produit\/corbeille-vercors\/\"]}]},{\"@type\":\"ImageObject\",\"inLanguage\":\"fr-FR\",\"@id\":\"https:\/\/www.sp-equipements.com\/site\/produit\/corbeille-vercors\/#primaryimage\",\"url\":\"https:\/\/www.sp-equipements.com\/site\/wp-content\/uploads\/2019\/06\/corbeille_de_proprete_vercos-1.jpg\",\"contentUrl\":\"https:\/\/www.sp-equipements.com\/site\/wp-content\/uploads\/2019\/06\/corbeille_de_proprete_vercos-1.jpg\",\"width\":190,\"height\":190,\"caption\":\"corbeille de proprete vercos 1\"},{\"@type\":\"BreadcrumbList\",\"@id\":\"https:\/\/www.sp-equipements.com\/site\/produit\/corbeille-vercors\/#breadcrumb\",\"itemListElement\":[{\"@type\":\"ListItem\",\"position\":1,\"name\":\"Accueil\",\"item\":\"https:\/\/www.sp-equipements.com\/site\/\"},{\"@type\":\"ListItem\",\"position\":2,\"name\":\"Catalogue\",\"item\":\"https:\/\/www.sp-equipements.com\/site\/catalogue\/\"},{\"@type\":\"ListItem\",\"position\":3,\"name\":\"Corbeille VERCORS\"}]},{\"@type\":\"WebSite\",\"@id\":\"https:\/\/www.sp-equipements.com\/site\/#website\",\"url\":\"https:\/\/www.sp-equipements.com\/site\/\",\"name\":\"SP \u00c9quipements\",\"description\":\"\u00c9quipements de collectivit\u00e9s\",\"potentialAction\":[{\"@type\":\"SearchAction\",\"target\":{\"@type\":\"EntryPoint\",\"urlTemplate\":\"https:\/\/www.sp-equipements.com\/site\/?s={search_term_string}\"},\"query-input\":\"required name=search_term_string\"}],\"inLanguage\":\"fr-FR\"}]}<\/script>\n<!-- \/ Yoast SEO plugin. -->","yoast_head_json":{"title":"Corbeille VERCORS - SP \u00c9quipements","robots":{"index":"index","follow":"follow","max-snippet":"max-snippet:-1","max-image-preview":"max-image-preview:large","max-video-preview":"max-video-preview:-1"},"canonical":"https:\/\/www.sp-equipements.com\/site\/produit\/corbeille-vercors\/","og_locale":"fr_FR","og_type":"article","og_title":"Corbeille VERCORS - SP \u00c9quipements","og_description":"Poubelle sur pi\u00e8tement tube acier \u00d8 60.  Corps maintenu en partie sup\u00e9rieure par 2 demi-arceaux horizontaux en acier plat dont l\u2019un se l\u00e8ve pour permettre le basculement du corps de la poubelle \u00e0 45\u00b0. Sac plastique non fourni. En option, seau en t\u00f4le \u00e9lectrozingu\u00e9e 8\/10e muni de deux anses lat\u00e9rales en fil \u00d8 5. En option blocage par serrure \u00e0 cl\u00e9 triangle. Peint une couleur sur zinc selon nos RAL. Pictogramme \u00e0 poser (adh\u00e9sif transfert). Pose par scellement direct.","og_url":"https:\/\/www.sp-equipements.com\/site\/produit\/corbeille-vercors\/","og_site_name":"SP \u00c9quipements","article_modified_time":"2019-06-19T13:31:18+00:00","og_image":[{"width":190,"height":190,"url":"https:\/\/www.sp-equipements.com\/site\/wp-content\/uploads\/2019\/06\/corbeille_de_proprete_vercos-1.jpg","type":"image\/jpeg"}],"twitter_card":"summary_large_image","schema":{"@context":"https:\/\/schema.org","@graph":[{"@type":"WebPage","@id":"https:\/\/www.sp-equipements.com\/site\/produit\/corbeille-vercors\/","url":"https:\/\/www.sp-equipements.com\/site\/produit\/corbeille-vercors\/","name":"Corbeille VERCORS - SP \u00c9quipements","isPartOf":{"@id":"https:\/\/www.sp-equipements.com\/site\/#website"},"primaryImageOfPage":{"@id":"https:\/\/www.sp-equipements.com\/site\/produit\/corbeille-vercors\/#primaryimage"},"image":{"@id":"https:\/\/www.sp-equipements.com\/site\/produit\/corbeille-vercors\/#primaryimage"},"thumbnailUrl":"https:\/\/www.sp-equipements.com\/site\/wp-content\/uploads\/2019\/06\/corbeille_de_proprete_vercos-1.jpg","datePublished":"2019-06-07T08:13:48+00:00","dateModified":"2019-06-19T13:31:18+00:00","breadcrumb":{"@id":"https:\/\/www.sp-equipements.com\/site\/produit\/corbeille-vercors\/#breadcrumb"},"inLanguage":"fr-FR","potentialAction":[{"@type":"ReadAction","target":["https:\/\/www.sp-equipements.com\/site\/produit\/corbeille-vercors\/"]}]},{"@type":"ImageObject","inLanguage":"fr-FR","@id":"https:\/\/www.sp-equipements.com\/site\/produit\/corbeille-vercors\/#primaryimage","url":"https:\/\/www.sp-equipements.com\/site\/wp-content\/uploads\/2019\/06\/corbeille_de_proprete_vercos-1.jpg","contentUrl":"https:\/\/www.sp-equipements.com\/site\/wp-content\/uploads\/2019\/06\/corbeille_de_proprete_vercos-1.jpg","width":190,"height":190,"caption":"corbeille de proprete vercos 1"},{"@type":"BreadcrumbList","@id":"https:\/\/www.sp-equipements.com\/site\/produit\/corbeille-vercors\/#breadcrumb","itemListElement":[{"@type":"ListItem","position":1,"name":"Accueil","item":"https:\/\/www.sp-equipements.com\/site\/"},{"@type":"ListItem","position":2,"name":"Catalogue","item":"https:\/\/www.sp-equipements.com\/site\/catalogue\/"},{"@type":"ListItem","position":3,"name":"Corbeille VERCORS"}]},{"@type":"WebSite","@id":"https:\/\/www.sp-equipements.com\/site\/#website","url":"https:\/\/www.sp-equipements.com\/site\/","name":"SP \u00c9quipements","description":"\u00c9quipements de collectivit\u00e9s","potentialAction":[{"@type":"SearchAction","target":{"@type":"EntryPoint","urlTemplate":"https:\/\/www.sp-equipements.com\/site\/?s={search_term_string}"},"query-input":"required name=search_term_string"}],"inLanguage":"fr-FR"}]}},"_links":{"self":[{"href":"https:\/\/www.sp-equipements.com\/site\/wp-json\/wp\/v2\/product\/21737"}],"collection":[{"href":"https:\/\/www.sp-equipements.com\/site\/wp-json\/wp\/v2\/product"}],"about":[{"href":"https:\/\/www.sp-equipements.com\/site\/wp-json\/wp\/v2\/types\/product"}],"replies":[{"embeddable":true,"href":"https:\/\/www.sp-equipements.com\/site\/wp-json\/wp\/v2\/comments?post=21737"}],"wp:featuredmedia":[{"embeddable":true,"href":"https:\/\/www.sp-equipements.com\/site\/wp-json\/wp\/v2\/media\/37661"}],"wp:attachment":[{"href":"https:\/\/www.sp-equipements.com\/site\/wp-json\/wp\/v2\/media?parent=21737"}],"wp:term":[{"taxonomy":"product_cat","embeddable":true,"href":"https:\/\/www.sp-equipements.com\/site\/wp-json\/wp\/v2\/product_cat?post=21737"},{"taxonomy":"product_tag","embeddable":true,"href":"https:\/\/www.sp-equipements.com\/site\/wp-json\/wp\/v2\/product_tag?post=21737"}],"curies":[{"name":"wp","href":"https:\/\/api.w.org\/{rel}","templated":true}]}}