{"id":21781,"date":"2019-06-07T10:14:14","date_gmt":"2019-06-07T08:14:14","guid":{"rendered":"http:\/\/www.polyequipements.com\/produit\/mat-dinformation\/"},"modified":"2022-08-28T12:08:05","modified_gmt":"2022-08-28T10:08:05","slug":"mat-dinformation","status":"publish","type":"product","link":"https:\/\/www.sp-equipements.com\/site\/produit\/mat-dinformation\/","title":{"rendered":"M\u00e2t d&rsquo;Information"},"content":{"rendered":"","protected":false},"excerpt":{"rendered":"<div id=\"box-article-description\">\n<div id=\"display-article-description\">\n<p><i>Avec poteau et vitrine 150mm axial ou d\u00e9port\u00e9.<\/i><\/p>\n<p><b>M\u00e2t<\/b><br \/>\nTube aluminium \u00d876mm, hauteur hors sol 3500mm renforc\u00e9 par un fourreau int\u00e9rieur en aluminium \u00d8 69mm.<br \/>\n4 pommeaux au choix, City, Agora, Boule, Europe.<br \/>\nEmbase 1 pour pommeaux Boule et Europe, embase 2 pour pommeaux City et Agora.<br \/>\nPose par scellement direct.<\/p>\n<p><b>Vitrine<\/b><br \/>\nProfil\u00e9 aluminium de 150 mm d&rsquo;\u00e9paisseur.<br \/>\nDimensions d\u2019affichage H 800 x 600mm.<br \/>\nPorte battante \u00e0 charni\u00e8re int\u00e9gr\u00e9e, vitrage en plexi-chocs.<br \/>\nFermeture par serrure, 2 cl\u00e9s.<br \/>\nEtanch\u00e9it\u00e9 assur\u00e9e par joint \u00e9lastom\u00e8re rapport\u00e9.<br \/>\nOuverture double face.<br \/>\nFond t\u00f4le \u00e9lectrozingu\u00e9e, laqu\u00e9 blanc.<\/p>\n<p><b>Montage<\/b><br \/>\nEnsemble m\u00e2t \u00d8 76mm et vitrine livr\u00e9 mont\u00e9.<br \/>\nNotice de montage fournie.<\/p>\n<p><b>Finition<\/b><br \/>\nVersion 1 : peint une couleur selon nos RAL.<br \/>\nVersion 2 : peint deux couleurs selon nos RAL (\u00e0 pr\u00e9ciser lors de la commande).<\/p>\n<\/div>\n<\/div>\n","protected":false},"featured_media":37705,"comment_status":"open","ping_status":"closed","template":"","meta":[],"product_cat":[100,176],"product_tag":[],"yoast_head":"<!-- This site is optimized with the Yoast SEO plugin v22.2 - https:\/\/yoast.com\/wordpress\/plugins\/seo\/ -->\n<title>M\u00e2t d&#039;Information - SP \u00c9quipements<\/title>\n<meta name=\"robots\" content=\"index, follow, max-snippet:-1, max-image-preview:large, max-video-preview:-1\" \/>\n<link rel=\"canonical\" href=\"https:\/\/www.sp-equipements.com\/site\/produit\/mat-dinformation\/\" \/>\n<meta property=\"og:locale\" content=\"fr_FR\" \/>\n<meta property=\"og:type\" content=\"article\" \/>\n<meta property=\"og:title\" content=\"M\u00e2t d&#039;Information - SP \u00c9quipements\" \/>\n<meta property=\"og:description\" content=\"Avec poteau et vitrine 150mm axial ou d\u00e9port\u00e9.  M\u00e2t Tube aluminium \u00d876mm, hauteur hors sol 3500mm renforc\u00e9 par un fourreau int\u00e9rieur en aluminium \u00d8 69mm. 4 pommeaux au choix, City, Agora, Boule, Europe. Embase 1 pour pommeaux Boule et Europe, embase 2 pour pommeaux City et Agora. Pose par scellement direct.  Vitrine Profil\u00e9 aluminium de 150 mm d&#039;\u00e9paisseur. Dimensions d\u2019affichage H 800 x 600mm. Porte battante \u00e0 charni\u00e8re int\u00e9gr\u00e9e, vitrage en plexi-chocs. Fermeture par serrure, 2 cl\u00e9s. Etanch\u00e9it\u00e9 assur\u00e9e par joint \u00e9lastom\u00e8re rapport\u00e9. Ouverture double face. Fond t\u00f4le \u00e9lectrozingu\u00e9e, laqu\u00e9 blanc.  Montage Ensemble m\u00e2t \u00d8 76mm et vitrine livr\u00e9 mont\u00e9. Notice de montage fournie.  Finition Version 1 : peint une couleur selon nos RAL. Version 2 : peint deux couleurs selon nos RAL (\u00e0 pr\u00e9ciser lors de la commande).\" \/>\n<meta property=\"og:url\" content=\"https:\/\/www.sp-equipements.com\/site\/produit\/mat-dinformation\/\" \/>\n<meta property=\"og:site_name\" content=\"SP \u00c9quipements\" \/>\n<meta property=\"article:modified_time\" content=\"2022-08-28T10:08:05+00:00\" \/>\n<meta property=\"og:image\" content=\"https:\/\/www.sp-equipements.com\/site\/wp-content\/uploads\/2019\/06\/mat_information-1.jpg\" \/>\n\t<meta property=\"og:image:width\" content=\"190\" \/>\n\t<meta property=\"og:image:height\" content=\"190\" \/>\n\t<meta property=\"og:image:type\" content=\"image\/jpeg\" \/>\n<meta name=\"twitter:card\" content=\"summary_large_image\" \/>\n<script type=\"application\/ld+json\" class=\"yoast-schema-graph\">{\"@context\":\"https:\/\/schema.org\",\"@graph\":[{\"@type\":\"WebPage\",\"@id\":\"https:\/\/www.sp-equipements.com\/site\/produit\/mat-dinformation\/\",\"url\":\"https:\/\/www.sp-equipements.com\/site\/produit\/mat-dinformation\/\",\"name\":\"M\u00e2t d'Information - SP \u00c9quipements\",\"isPartOf\":{\"@id\":\"https:\/\/www.sp-equipements.com\/site\/#website\"},\"primaryImageOfPage\":{\"@id\":\"https:\/\/www.sp-equipements.com\/site\/produit\/mat-dinformation\/#primaryimage\"},\"image\":{\"@id\":\"https:\/\/www.sp-equipements.com\/site\/produit\/mat-dinformation\/#primaryimage\"},\"thumbnailUrl\":\"https:\/\/www.sp-equipements.com\/site\/wp-content\/uploads\/2019\/06\/mat_information-1.jpg\",\"datePublished\":\"2019-06-07T08:14:14+00:00\",\"dateModified\":\"2022-08-28T10:08:05+00:00\",\"breadcrumb\":{\"@id\":\"https:\/\/www.sp-equipements.com\/site\/produit\/mat-dinformation\/#breadcrumb\"},\"inLanguage\":\"fr-FR\",\"potentialAction\":[{\"@type\":\"ReadAction\",\"target\":[\"https:\/\/www.sp-equipements.com\/site\/produit\/mat-dinformation\/\"]}]},{\"@type\":\"ImageObject\",\"inLanguage\":\"fr-FR\",\"@id\":\"https:\/\/www.sp-equipements.com\/site\/produit\/mat-dinformation\/#primaryimage\",\"url\":\"https:\/\/www.sp-equipements.com\/site\/wp-content\/uploads\/2019\/06\/mat_information-1.jpg\",\"contentUrl\":\"https:\/\/www.sp-equipements.com\/site\/wp-content\/uploads\/2019\/06\/mat_information-1.jpg\",\"width\":190,\"height\":190,\"caption\":\"mat information 1\"},{\"@type\":\"BreadcrumbList\",\"@id\":\"https:\/\/www.sp-equipements.com\/site\/produit\/mat-dinformation\/#breadcrumb\",\"itemListElement\":[{\"@type\":\"ListItem\",\"position\":1,\"name\":\"Accueil\",\"item\":\"https:\/\/www.sp-equipements.com\/site\/\"},{\"@type\":\"ListItem\",\"position\":2,\"name\":\"Catalogue\",\"item\":\"https:\/\/www.sp-equipements.com\/site\/catalogue\/\"},{\"@type\":\"ListItem\",\"position\":3,\"name\":\"M\u00e2t d&rsquo;Information\"}]},{\"@type\":\"WebSite\",\"@id\":\"https:\/\/www.sp-equipements.com\/site\/#website\",\"url\":\"https:\/\/www.sp-equipements.com\/site\/\",\"name\":\"SP \u00c9quipements\",\"description\":\"\u00c9quipements de collectivit\u00e9s\",\"potentialAction\":[{\"@type\":\"SearchAction\",\"target\":{\"@type\":\"EntryPoint\",\"urlTemplate\":\"https:\/\/www.sp-equipements.com\/site\/?s={search_term_string}\"},\"query-input\":\"required name=search_term_string\"}],\"inLanguage\":\"fr-FR\"}]}<\/script>\n<!-- \/ Yoast SEO plugin. -->","yoast_head_json":{"title":"M\u00e2t d'Information - SP \u00c9quipements","robots":{"index":"index","follow":"follow","max-snippet":"max-snippet:-1","max-image-preview":"max-image-preview:large","max-video-preview":"max-video-preview:-1"},"canonical":"https:\/\/www.sp-equipements.com\/site\/produit\/mat-dinformation\/","og_locale":"fr_FR","og_type":"article","og_title":"M\u00e2t d'Information - SP \u00c9quipements","og_description":"Avec poteau et vitrine 150mm axial ou d\u00e9port\u00e9.  M\u00e2t Tube aluminium \u00d876mm, hauteur hors sol 3500mm renforc\u00e9 par un fourreau int\u00e9rieur en aluminium \u00d8 69mm. 4 pommeaux au choix, City, Agora, Boule, Europe. Embase 1 pour pommeaux Boule et Europe, embase 2 pour pommeaux City et Agora. Pose par scellement direct.  Vitrine Profil\u00e9 aluminium de 150 mm d'\u00e9paisseur. Dimensions d\u2019affichage H 800 x 600mm. Porte battante \u00e0 charni\u00e8re int\u00e9gr\u00e9e, vitrage en plexi-chocs. Fermeture par serrure, 2 cl\u00e9s. Etanch\u00e9it\u00e9 assur\u00e9e par joint \u00e9lastom\u00e8re rapport\u00e9. Ouverture double face. Fond t\u00f4le \u00e9lectrozingu\u00e9e, laqu\u00e9 blanc.  Montage Ensemble m\u00e2t \u00d8 76mm et vitrine livr\u00e9 mont\u00e9. Notice de montage fournie.  Finition Version 1 : peint une couleur selon nos RAL. Version 2 : peint deux couleurs selon nos RAL (\u00e0 pr\u00e9ciser lors de la commande).","og_url":"https:\/\/www.sp-equipements.com\/site\/produit\/mat-dinformation\/","og_site_name":"SP \u00c9quipements","article_modified_time":"2022-08-28T10:08:05+00:00","og_image":[{"width":190,"height":190,"url":"https:\/\/www.sp-equipements.com\/site\/wp-content\/uploads\/2019\/06\/mat_information-1.jpg","type":"image\/jpeg"}],"twitter_card":"summary_large_image","schema":{"@context":"https:\/\/schema.org","@graph":[{"@type":"WebPage","@id":"https:\/\/www.sp-equipements.com\/site\/produit\/mat-dinformation\/","url":"https:\/\/www.sp-equipements.com\/site\/produit\/mat-dinformation\/","name":"M\u00e2t d'Information - SP \u00c9quipements","isPartOf":{"@id":"https:\/\/www.sp-equipements.com\/site\/#website"},"primaryImageOfPage":{"@id":"https:\/\/www.sp-equipements.com\/site\/produit\/mat-dinformation\/#primaryimage"},"image":{"@id":"https:\/\/www.sp-equipements.com\/site\/produit\/mat-dinformation\/#primaryimage"},"thumbnailUrl":"https:\/\/www.sp-equipements.com\/site\/wp-content\/uploads\/2019\/06\/mat_information-1.jpg","datePublished":"2019-06-07T08:14:14+00:00","dateModified":"2022-08-28T10:08:05+00:00","breadcrumb":{"@id":"https:\/\/www.sp-equipements.com\/site\/produit\/mat-dinformation\/#breadcrumb"},"inLanguage":"fr-FR","potentialAction":[{"@type":"ReadAction","target":["https:\/\/www.sp-equipements.com\/site\/produit\/mat-dinformation\/"]}]},{"@type":"ImageObject","inLanguage":"fr-FR","@id":"https:\/\/www.sp-equipements.com\/site\/produit\/mat-dinformation\/#primaryimage","url":"https:\/\/www.sp-equipements.com\/site\/wp-content\/uploads\/2019\/06\/mat_information-1.jpg","contentUrl":"https:\/\/www.sp-equipements.com\/site\/wp-content\/uploads\/2019\/06\/mat_information-1.jpg","width":190,"height":190,"caption":"mat information 1"},{"@type":"BreadcrumbList","@id":"https:\/\/www.sp-equipements.com\/site\/produit\/mat-dinformation\/#breadcrumb","itemListElement":[{"@type":"ListItem","position":1,"name":"Accueil","item":"https:\/\/www.sp-equipements.com\/site\/"},{"@type":"ListItem","position":2,"name":"Catalogue","item":"https:\/\/www.sp-equipements.com\/site\/catalogue\/"},{"@type":"ListItem","position":3,"name":"M\u00e2t d&rsquo;Information"}]},{"@type":"WebSite","@id":"https:\/\/www.sp-equipements.com\/site\/#website","url":"https:\/\/www.sp-equipements.com\/site\/","name":"SP \u00c9quipements","description":"\u00c9quipements de collectivit\u00e9s","potentialAction":[{"@type":"SearchAction","target":{"@type":"EntryPoint","urlTemplate":"https:\/\/www.sp-equipements.com\/site\/?s={search_term_string}"},"query-input":"required name=search_term_string"}],"inLanguage":"fr-FR"}]}},"_links":{"self":[{"href":"https:\/\/www.sp-equipements.com\/site\/wp-json\/wp\/v2\/product\/21781"}],"collection":[{"href":"https:\/\/www.sp-equipements.com\/site\/wp-json\/wp\/v2\/product"}],"about":[{"href":"https:\/\/www.sp-equipements.com\/site\/wp-json\/wp\/v2\/types\/product"}],"replies":[{"embeddable":true,"href":"https:\/\/www.sp-equipements.com\/site\/wp-json\/wp\/v2\/comments?post=21781"}],"wp:featuredmedia":[{"embeddable":true,"href":"https:\/\/www.sp-equipements.com\/site\/wp-json\/wp\/v2\/media\/37705"}],"wp:attachment":[{"href":"https:\/\/www.sp-equipements.com\/site\/wp-json\/wp\/v2\/media?parent=21781"}],"wp:term":[{"taxonomy":"product_cat","embeddable":true,"href":"https:\/\/www.sp-equipements.com\/site\/wp-json\/wp\/v2\/product_cat?post=21781"},{"taxonomy":"product_tag","embeddable":true,"href":"https:\/\/www.sp-equipements.com\/site\/wp-json\/wp\/v2\/product_tag?post=21781"}],"curies":[{"name":"wp","href":"https:\/\/api.w.org\/{rel}","templated":true}]}}