{"id":21783,"date":"2019-06-07T10:14:15","date_gmt":"2019-06-07T08:14:15","guid":{"rendered":"http:\/\/www.polyequipements.com\/produit\/bloc-parking\/"},"modified":"2019-06-19T15:31:33","modified_gmt":"2019-06-19T13:31:33","slug":"bloc-parking","status":"publish","type":"product","link":"https:\/\/www.sp-equipements.com\/site\/produit\/bloc-parking\/","title":{"rendered":"Bloc Parking"},"content":{"rendered":"","protected":false},"excerpt":{"rendered":"<div id=\"box-article-description\">\n<div id=\"display-article-description\">\n<p><i>Ensemble r\u00e9alis\u00e9 en tube acier galvanis\u00e9 avec bandes r\u00e9flectos \u00e0 coller.\u00a0<\/i><\/p>\n<p>Pied t\u00e9lescopique.<br \/>\nSabots en fonte d\u2019aluminium.<br \/>\nOuverture par cylindre europ\u00e9en (3 cl\u00e9s fournies).<br \/>\nCl\u00e9s identiques ou cl\u00e9 triangle, en option.<br \/>\nVerrouillage automatique.<br \/>\nMod\u00e8le BPE Amortichoc\u00ae pour absorber la pouss\u00e9e d\u2019un v\u00e9hicule manoeuvrant.<br \/>\nPose facile par U de scellement et \u00e9crous \u00d8 8mm \u00e0 rupture fournis.<\/p>\n<\/div>\n<\/div>\n","protected":false},"featured_media":37707,"comment_status":"open","ping_status":"closed","template":"","meta":[],"product_cat":[100,178],"product_tag":[],"yoast_head":"<!-- This site is optimized with the Yoast SEO plugin v22.2 - https:\/\/yoast.com\/wordpress\/plugins\/seo\/ -->\n<title>Bloc Parking - SP \u00c9quipements<\/title>\n<meta name=\"robots\" content=\"index, follow, max-snippet:-1, max-image-preview:large, max-video-preview:-1\" \/>\n<link rel=\"canonical\" href=\"https:\/\/www.sp-equipements.com\/site\/produit\/bloc-parking\/\" \/>\n<meta property=\"og:locale\" content=\"fr_FR\" \/>\n<meta property=\"og:type\" content=\"article\" \/>\n<meta property=\"og:title\" content=\"Bloc Parking - SP \u00c9quipements\" \/>\n<meta property=\"og:description\" content=\"Ensemble r\u00e9alis\u00e9 en tube acier galvanis\u00e9 avec bandes r\u00e9flectos \u00e0 coller.\u00a0  Pied t\u00e9lescopique. Sabots en fonte d\u2019aluminium. Ouverture par cylindre europ\u00e9en (3 cl\u00e9s fournies). Cl\u00e9s identiques ou cl\u00e9 triangle, en option. Verrouillage automatique. Mod\u00e8le BPE Amortichoc\u00ae pour absorber la pouss\u00e9e d\u2019un v\u00e9hicule manoeuvrant. Pose facile par U de scellement et \u00e9crous \u00d8 8mm \u00e0 rupture fournis.\" \/>\n<meta property=\"og:url\" content=\"https:\/\/www.sp-equipements.com\/site\/produit\/bloc-parking\/\" \/>\n<meta property=\"og:site_name\" content=\"SP \u00c9quipements\" \/>\n<meta property=\"article:modified_time\" content=\"2019-06-19T13:31:33+00:00\" \/>\n<meta property=\"og:image\" content=\"https:\/\/www.sp-equipements.com\/site\/wp-content\/uploads\/2019\/06\/bloc_parking-1.jpg\" \/>\n\t<meta property=\"og:image:width\" content=\"190\" \/>\n\t<meta property=\"og:image:height\" content=\"190\" \/>\n\t<meta property=\"og:image:type\" content=\"image\/jpeg\" \/>\n<meta name=\"twitter:card\" content=\"summary_large_image\" \/>\n<script type=\"application\/ld+json\" class=\"yoast-schema-graph\">{\"@context\":\"https:\/\/schema.org\",\"@graph\":[{\"@type\":\"WebPage\",\"@id\":\"https:\/\/www.sp-equipements.com\/site\/produit\/bloc-parking\/\",\"url\":\"https:\/\/www.sp-equipements.com\/site\/produit\/bloc-parking\/\",\"name\":\"Bloc Parking - SP \u00c9quipements\",\"isPartOf\":{\"@id\":\"https:\/\/www.sp-equipements.com\/site\/#website\"},\"primaryImageOfPage\":{\"@id\":\"https:\/\/www.sp-equipements.com\/site\/produit\/bloc-parking\/#primaryimage\"},\"image\":{\"@id\":\"https:\/\/www.sp-equipements.com\/site\/produit\/bloc-parking\/#primaryimage\"},\"thumbnailUrl\":\"https:\/\/www.sp-equipements.com\/site\/wp-content\/uploads\/2019\/06\/bloc_parking-1.jpg\",\"datePublished\":\"2019-06-07T08:14:15+00:00\",\"dateModified\":\"2019-06-19T13:31:33+00:00\",\"breadcrumb\":{\"@id\":\"https:\/\/www.sp-equipements.com\/site\/produit\/bloc-parking\/#breadcrumb\"},\"inLanguage\":\"fr-FR\",\"potentialAction\":[{\"@type\":\"ReadAction\",\"target\":[\"https:\/\/www.sp-equipements.com\/site\/produit\/bloc-parking\/\"]}]},{\"@type\":\"ImageObject\",\"inLanguage\":\"fr-FR\",\"@id\":\"https:\/\/www.sp-equipements.com\/site\/produit\/bloc-parking\/#primaryimage\",\"url\":\"https:\/\/www.sp-equipements.com\/site\/wp-content\/uploads\/2019\/06\/bloc_parking-1.jpg\",\"contentUrl\":\"https:\/\/www.sp-equipements.com\/site\/wp-content\/uploads\/2019\/06\/bloc_parking-1.jpg\",\"width\":190,\"height\":190,\"caption\":\"bloc parking 1\"},{\"@type\":\"BreadcrumbList\",\"@id\":\"https:\/\/www.sp-equipements.com\/site\/produit\/bloc-parking\/#breadcrumb\",\"itemListElement\":[{\"@type\":\"ListItem\",\"position\":1,\"name\":\"Accueil\",\"item\":\"https:\/\/www.sp-equipements.com\/site\/\"},{\"@type\":\"ListItem\",\"position\":2,\"name\":\"Catalogue\",\"item\":\"https:\/\/www.sp-equipements.com\/site\/catalogue\/\"},{\"@type\":\"ListItem\",\"position\":3,\"name\":\"Bloc Parking\"}]},{\"@type\":\"WebSite\",\"@id\":\"https:\/\/www.sp-equipements.com\/site\/#website\",\"url\":\"https:\/\/www.sp-equipements.com\/site\/\",\"name\":\"SP \u00c9quipements\",\"description\":\"\u00c9quipements de collectivit\u00e9s\",\"potentialAction\":[{\"@type\":\"SearchAction\",\"target\":{\"@type\":\"EntryPoint\",\"urlTemplate\":\"https:\/\/www.sp-equipements.com\/site\/?s={search_term_string}\"},\"query-input\":\"required name=search_term_string\"}],\"inLanguage\":\"fr-FR\"}]}<\/script>\n<!-- \/ Yoast SEO plugin. -->","yoast_head_json":{"title":"Bloc Parking - SP \u00c9quipements","robots":{"index":"index","follow":"follow","max-snippet":"max-snippet:-1","max-image-preview":"max-image-preview:large","max-video-preview":"max-video-preview:-1"},"canonical":"https:\/\/www.sp-equipements.com\/site\/produit\/bloc-parking\/","og_locale":"fr_FR","og_type":"article","og_title":"Bloc Parking - SP \u00c9quipements","og_description":"Ensemble r\u00e9alis\u00e9 en tube acier galvanis\u00e9 avec bandes r\u00e9flectos \u00e0 coller.\u00a0  Pied t\u00e9lescopique. Sabots en fonte d\u2019aluminium. Ouverture par cylindre europ\u00e9en (3 cl\u00e9s fournies). Cl\u00e9s identiques ou cl\u00e9 triangle, en option. Verrouillage automatique. Mod\u00e8le BPE Amortichoc\u00ae pour absorber la pouss\u00e9e d\u2019un v\u00e9hicule manoeuvrant. Pose facile par U de scellement et \u00e9crous \u00d8 8mm \u00e0 rupture fournis.","og_url":"https:\/\/www.sp-equipements.com\/site\/produit\/bloc-parking\/","og_site_name":"SP \u00c9quipements","article_modified_time":"2019-06-19T13:31:33+00:00","og_image":[{"width":190,"height":190,"url":"https:\/\/www.sp-equipements.com\/site\/wp-content\/uploads\/2019\/06\/bloc_parking-1.jpg","type":"image\/jpeg"}],"twitter_card":"summary_large_image","schema":{"@context":"https:\/\/schema.org","@graph":[{"@type":"WebPage","@id":"https:\/\/www.sp-equipements.com\/site\/produit\/bloc-parking\/","url":"https:\/\/www.sp-equipements.com\/site\/produit\/bloc-parking\/","name":"Bloc Parking - SP \u00c9quipements","isPartOf":{"@id":"https:\/\/www.sp-equipements.com\/site\/#website"},"primaryImageOfPage":{"@id":"https:\/\/www.sp-equipements.com\/site\/produit\/bloc-parking\/#primaryimage"},"image":{"@id":"https:\/\/www.sp-equipements.com\/site\/produit\/bloc-parking\/#primaryimage"},"thumbnailUrl":"https:\/\/www.sp-equipements.com\/site\/wp-content\/uploads\/2019\/06\/bloc_parking-1.jpg","datePublished":"2019-06-07T08:14:15+00:00","dateModified":"2019-06-19T13:31:33+00:00","breadcrumb":{"@id":"https:\/\/www.sp-equipements.com\/site\/produit\/bloc-parking\/#breadcrumb"},"inLanguage":"fr-FR","potentialAction":[{"@type":"ReadAction","target":["https:\/\/www.sp-equipements.com\/site\/produit\/bloc-parking\/"]}]},{"@type":"ImageObject","inLanguage":"fr-FR","@id":"https:\/\/www.sp-equipements.com\/site\/produit\/bloc-parking\/#primaryimage","url":"https:\/\/www.sp-equipements.com\/site\/wp-content\/uploads\/2019\/06\/bloc_parking-1.jpg","contentUrl":"https:\/\/www.sp-equipements.com\/site\/wp-content\/uploads\/2019\/06\/bloc_parking-1.jpg","width":190,"height":190,"caption":"bloc parking 1"},{"@type":"BreadcrumbList","@id":"https:\/\/www.sp-equipements.com\/site\/produit\/bloc-parking\/#breadcrumb","itemListElement":[{"@type":"ListItem","position":1,"name":"Accueil","item":"https:\/\/www.sp-equipements.com\/site\/"},{"@type":"ListItem","position":2,"name":"Catalogue","item":"https:\/\/www.sp-equipements.com\/site\/catalogue\/"},{"@type":"ListItem","position":3,"name":"Bloc Parking"}]},{"@type":"WebSite","@id":"https:\/\/www.sp-equipements.com\/site\/#website","url":"https:\/\/www.sp-equipements.com\/site\/","name":"SP \u00c9quipements","description":"\u00c9quipements de collectivit\u00e9s","potentialAction":[{"@type":"SearchAction","target":{"@type":"EntryPoint","urlTemplate":"https:\/\/www.sp-equipements.com\/site\/?s={search_term_string}"},"query-input":"required name=search_term_string"}],"inLanguage":"fr-FR"}]}},"_links":{"self":[{"href":"https:\/\/www.sp-equipements.com\/site\/wp-json\/wp\/v2\/product\/21783"}],"collection":[{"href":"https:\/\/www.sp-equipements.com\/site\/wp-json\/wp\/v2\/product"}],"about":[{"href":"https:\/\/www.sp-equipements.com\/site\/wp-json\/wp\/v2\/types\/product"}],"replies":[{"embeddable":true,"href":"https:\/\/www.sp-equipements.com\/site\/wp-json\/wp\/v2\/comments?post=21783"}],"wp:featuredmedia":[{"embeddable":true,"href":"https:\/\/www.sp-equipements.com\/site\/wp-json\/wp\/v2\/media\/37707"}],"wp:attachment":[{"href":"https:\/\/www.sp-equipements.com\/site\/wp-json\/wp\/v2\/media?parent=21783"}],"wp:term":[{"taxonomy":"product_cat","embeddable":true,"href":"https:\/\/www.sp-equipements.com\/site\/wp-json\/wp\/v2\/product_cat?post=21783"},{"taxonomy":"product_tag","embeddable":true,"href":"https:\/\/www.sp-equipements.com\/site\/wp-json\/wp\/v2\/product_tag?post=21783"}],"curies":[{"name":"wp","href":"https:\/\/api.w.org\/{rel}","templated":true}]}}