{"id":21840,"date":"2019-06-07T10:15:59","date_gmt":"2019-06-07T08:15:59","guid":{"rendered":"http:\/\/www.polyequipements.com\/produit\/piste-de-danse-clic-clac-interieur\/"},"modified":"2019-06-19T15:32:35","modified_gmt":"2019-06-19T13:32:35","slug":"piste-de-danse-clic-clac-interieur","status":"publish","type":"product","link":"https:\/\/www.sp-equipements.com\/site\/produit\/piste-de-danse-clic-clac-interieur\/","title":{"rendered":"Piste de Danse CLIC-CLAC <i>Int\u00e9rieur<\/i>"},"content":{"rendered":"","protected":false},"excerpt":{"rendered":"<div id=\"box-article-description\">\n<div id=\"display-article-description\">\n<p><i>CLIC-CLAC est un syst\u00e8me exclusif de piste de danse d\u00e9montable ne n\u00e9cessitant aucun outil, aucune vis pour sa mise en place. La qualit\u00e9 du syst\u00e8me CLIC-CLAC en fait un produit appr\u00e9ci\u00e9 tant par les amateurs que par les professionnels.<\/i><\/p>\n<p><b>Assemblage<\/b><br \/>\nL\u2019assemblage est fait par un proc\u00e9d\u00e9 ing\u00e9nieux d\u2019embo\u00eetement et de blocage, qui permet une mise en place simple et rapide.<br \/>\nL\u2019ensemble de la piste de danse est entour\u00e9 d\u2019une bordure stri\u00e9e en aluminium facilitant l\u2019acc\u00e8s.<\/p>\n<p><b>Panneaux<\/b><br \/>\nLa base du panneau est en MDF, dimensions 1 x 1 m, \u00e9paisseur de 22 mm, avec un film d\u00e9cor parquet et un chant PVC sur la p\u00e9riph\u00e9rie du panneau.<br \/>\nSur le dessous du panneau sont fix\u00e9es les pi\u00e8ces servant \u00e0 l&rsquo;assemblage.<br \/>\nIl s&rsquo;agit de languettes \u00e9quip\u00e9es ou non d&rsquo;ergots d&#8217;embo\u00eetement.<br \/>\nLes ergots se logent dans des per\u00e7ages sous le panneau pour les solidariser entre-eux.<br \/>\nLa pi\u00e8ce principale du syst\u00e8me est la raquette coulissante qui assure le blocage total entre les panneaux.<\/p>\n<p><b>Bordures<\/b><br \/>\nLes bordures sont des profil\u00e9s aluminium de 1 m\u00e8tre biais\u00e9s et stri\u00e9s facilitant l\u2019acc\u00e8s \u00e0 la piste de danse.<br \/>\nIl y a deux sortes de bordures (avec ou sans ergots d\u2019assemblage).<br \/>\nLes coins sont ind\u00e9pendants.<\/p>\n<p><b>Rangement<\/b><br \/>\nChariot de stockage 1,10 x 0,80 m et flight-case de rangement<\/p>\n<p><b>Caract\u00e9ristiques techniques<\/b><br \/>\nPanneaux MDF &#8211; d\u00e9cor parquet h\u00eatre 1 x 1 m x 22 mm<br \/>\nBordures Aluminium 1 x 0,12 m<br \/>\nPiste mont\u00e9e \u00e9paisseur totale 32 mm<br \/>\nR\u00e9sistant aux br\u00fblures de cigarettes, aux taches, aux rayures, facile d\u2019entretien et insensible \u00e0 certains produits.<\/p>\n<\/div>\n<\/div>\n","protected":false},"featured_media":37854,"comment_status":"open","ping_status":"closed","template":"","meta":[],"product_cat":[223,102],"product_tag":[],"yoast_head":"<!-- This site is optimized with the Yoast SEO plugin v22.2 - https:\/\/yoast.com\/wordpress\/plugins\/seo\/ -->\n<title>Piste de Danse CLIC-CLAC Int\u00e9rieur - SP \u00c9quipements<\/title>\n<meta name=\"robots\" content=\"index, follow, max-snippet:-1, max-image-preview:large, max-video-preview:-1\" \/>\n<link rel=\"canonical\" href=\"https:\/\/www.sp-equipements.com\/site\/produit\/piste-de-danse-clic-clac-interieur\/\" \/>\n<meta property=\"og:locale\" content=\"fr_FR\" \/>\n<meta property=\"og:type\" content=\"article\" \/>\n<meta property=\"og:title\" content=\"Piste de Danse CLIC-CLAC Int\u00e9rieur - SP \u00c9quipements\" \/>\n<meta property=\"og:description\" content=\"CLIC-CLAC est un syst\u00e8me exclusif de piste de danse d\u00e9montable ne n\u00e9cessitant aucun outil, aucune vis pour sa mise en place. La qualit\u00e9 du syst\u00e8me CLIC-CLAC en fait un produit appr\u00e9ci\u00e9 tant par les amateurs que par les professionnels.  Assemblage L\u2019assemblage est fait par un proc\u00e9d\u00e9 ing\u00e9nieux d\u2019embo\u00eetement et de blocage, qui permet une mise en place simple et rapide. L\u2019ensemble de la piste de danse est entour\u00e9 d\u2019une bordure stri\u00e9e en aluminium facilitant l\u2019acc\u00e8s.  Panneaux La base du panneau est en MDF, dimensions 1 x 1 m, \u00e9paisseur de 22 mm, avec un film d\u00e9cor parquet et un chant PVC sur la p\u00e9riph\u00e9rie du panneau. Sur le dessous du panneau sont fix\u00e9es les pi\u00e8ces servant \u00e0 l&#039;assemblage. Il s&#039;agit de languettes \u00e9quip\u00e9es ou non d&#039;ergots d&#039;embo\u00eetement. Les ergots se logent dans des per\u00e7ages sous le panneau pour les solidariser entre-eux. La pi\u00e8ce principale du syst\u00e8me est la raquette coulissante qui assure le blocage total entre les panneaux.  Bordures Les bordures sont des profil\u00e9s aluminium de 1 m\u00e8tre biais\u00e9s et stri\u00e9s facilitant l\u2019acc\u00e8s \u00e0 la piste de danse. Il y a deux sortes de bordures (avec ou sans ergots d\u2019assemblage). Les coins sont ind\u00e9pendants.  Rangement Chariot de stockage 1,10 x 0,80 m et flight-case de rangement  Caract\u00e9ristiques techniques Panneaux MDF - d\u00e9cor parquet h\u00eatre 1 x 1 m x 22 mm Bordures Aluminium 1 x 0,12 m Piste mont\u00e9e \u00e9paisseur totale 32 mm R\u00e9sistant aux br\u00fblures de cigarettes, aux taches, aux rayures, facile d\u2019entretien et insensible \u00e0 certains produits.\" \/>\n<meta property=\"og:url\" content=\"https:\/\/www.sp-equipements.com\/site\/produit\/piste-de-danse-clic-clac-interieur\/\" \/>\n<meta property=\"og:site_name\" content=\"SP \u00c9quipements\" \/>\n<meta property=\"article:modified_time\" content=\"2019-06-19T13:32:35+00:00\" \/>\n<meta property=\"og:image\" content=\"https:\/\/www.sp-equipements.com\/site\/wp-content\/uploads\/2019\/06\/piste_de_danse_clicclac-1.jpg\" \/>\n\t<meta property=\"og:image:width\" content=\"190\" \/>\n\t<meta property=\"og:image:height\" content=\"190\" \/>\n\t<meta property=\"og:image:type\" content=\"image\/jpeg\" \/>\n<meta name=\"twitter:card\" content=\"summary_large_image\" \/>\n<script type=\"application\/ld+json\" class=\"yoast-schema-graph\">{\"@context\":\"https:\/\/schema.org\",\"@graph\":[{\"@type\":\"WebPage\",\"@id\":\"https:\/\/www.sp-equipements.com\/site\/produit\/piste-de-danse-clic-clac-interieur\/\",\"url\":\"https:\/\/www.sp-equipements.com\/site\/produit\/piste-de-danse-clic-clac-interieur\/\",\"name\":\"Piste de Danse CLIC-CLAC Int\u00e9rieur - SP \u00c9quipements\",\"isPartOf\":{\"@id\":\"https:\/\/www.sp-equipements.com\/site\/#website\"},\"primaryImageOfPage\":{\"@id\":\"https:\/\/www.sp-equipements.com\/site\/produit\/piste-de-danse-clic-clac-interieur\/#primaryimage\"},\"image\":{\"@id\":\"https:\/\/www.sp-equipements.com\/site\/produit\/piste-de-danse-clic-clac-interieur\/#primaryimage\"},\"thumbnailUrl\":\"https:\/\/www.sp-equipements.com\/site\/wp-content\/uploads\/2019\/06\/piste_de_danse_clicclac-1.jpg\",\"datePublished\":\"2019-06-07T08:15:59+00:00\",\"dateModified\":\"2019-06-19T13:32:35+00:00\",\"breadcrumb\":{\"@id\":\"https:\/\/www.sp-equipements.com\/site\/produit\/piste-de-danse-clic-clac-interieur\/#breadcrumb\"},\"inLanguage\":\"fr-FR\",\"potentialAction\":[{\"@type\":\"ReadAction\",\"target\":[\"https:\/\/www.sp-equipements.com\/site\/produit\/piste-de-danse-clic-clac-interieur\/\"]}]},{\"@type\":\"ImageObject\",\"inLanguage\":\"fr-FR\",\"@id\":\"https:\/\/www.sp-equipements.com\/site\/produit\/piste-de-danse-clic-clac-interieur\/#primaryimage\",\"url\":\"https:\/\/www.sp-equipements.com\/site\/wp-content\/uploads\/2019\/06\/piste_de_danse_clicclac-1.jpg\",\"contentUrl\":\"https:\/\/www.sp-equipements.com\/site\/wp-content\/uploads\/2019\/06\/piste_de_danse_clicclac-1.jpg\",\"width\":190,\"height\":190,\"caption\":\"piste de danse clicclac 1\"},{\"@type\":\"BreadcrumbList\",\"@id\":\"https:\/\/www.sp-equipements.com\/site\/produit\/piste-de-danse-clic-clac-interieur\/#breadcrumb\",\"itemListElement\":[{\"@type\":\"ListItem\",\"position\":1,\"name\":\"Accueil\",\"item\":\"https:\/\/www.sp-equipements.com\/site\/\"},{\"@type\":\"ListItem\",\"position\":2,\"name\":\"Catalogue\",\"item\":\"https:\/\/www.sp-equipements.com\/site\/catalogue\/\"},{\"@type\":\"ListItem\",\"position\":3,\"name\":\"Piste de Danse CLIC-CLAC Int\u00e9rieur\"}]},{\"@type\":\"WebSite\",\"@id\":\"https:\/\/www.sp-equipements.com\/site\/#website\",\"url\":\"https:\/\/www.sp-equipements.com\/site\/\",\"name\":\"SP \u00c9quipements\",\"description\":\"\u00c9quipements de collectivit\u00e9s\",\"potentialAction\":[{\"@type\":\"SearchAction\",\"target\":{\"@type\":\"EntryPoint\",\"urlTemplate\":\"https:\/\/www.sp-equipements.com\/site\/?s={search_term_string}\"},\"query-input\":\"required name=search_term_string\"}],\"inLanguage\":\"fr-FR\"}]}<\/script>\n<!-- \/ Yoast SEO plugin. -->","yoast_head_json":{"title":"Piste de Danse CLIC-CLAC Int\u00e9rieur - SP \u00c9quipements","robots":{"index":"index","follow":"follow","max-snippet":"max-snippet:-1","max-image-preview":"max-image-preview:large","max-video-preview":"max-video-preview:-1"},"canonical":"https:\/\/www.sp-equipements.com\/site\/produit\/piste-de-danse-clic-clac-interieur\/","og_locale":"fr_FR","og_type":"article","og_title":"Piste de Danse CLIC-CLAC Int\u00e9rieur - SP \u00c9quipements","og_description":"CLIC-CLAC est un syst\u00e8me exclusif de piste de danse d\u00e9montable ne n\u00e9cessitant aucun outil, aucune vis pour sa mise en place. La qualit\u00e9 du syst\u00e8me CLIC-CLAC en fait un produit appr\u00e9ci\u00e9 tant par les amateurs que par les professionnels.  Assemblage L\u2019assemblage est fait par un proc\u00e9d\u00e9 ing\u00e9nieux d\u2019embo\u00eetement et de blocage, qui permet une mise en place simple et rapide. L\u2019ensemble de la piste de danse est entour\u00e9 d\u2019une bordure stri\u00e9e en aluminium facilitant l\u2019acc\u00e8s.  Panneaux La base du panneau est en MDF, dimensions 1 x 1 m, \u00e9paisseur de 22 mm, avec un film d\u00e9cor parquet et un chant PVC sur la p\u00e9riph\u00e9rie du panneau. Sur le dessous du panneau sont fix\u00e9es les pi\u00e8ces servant \u00e0 l'assemblage. Il s'agit de languettes \u00e9quip\u00e9es ou non d'ergots d'embo\u00eetement. Les ergots se logent dans des per\u00e7ages sous le panneau pour les solidariser entre-eux. La pi\u00e8ce principale du syst\u00e8me est la raquette coulissante qui assure le blocage total entre les panneaux.  Bordures Les bordures sont des profil\u00e9s aluminium de 1 m\u00e8tre biais\u00e9s et stri\u00e9s facilitant l\u2019acc\u00e8s \u00e0 la piste de danse. Il y a deux sortes de bordures (avec ou sans ergots d\u2019assemblage). Les coins sont ind\u00e9pendants.  Rangement Chariot de stockage 1,10 x 0,80 m et flight-case de rangement  Caract\u00e9ristiques techniques Panneaux MDF - d\u00e9cor parquet h\u00eatre 1 x 1 m x 22 mm Bordures Aluminium 1 x 0,12 m Piste mont\u00e9e \u00e9paisseur totale 32 mm R\u00e9sistant aux br\u00fblures de cigarettes, aux taches, aux rayures, facile d\u2019entretien et insensible \u00e0 certains produits.","og_url":"https:\/\/www.sp-equipements.com\/site\/produit\/piste-de-danse-clic-clac-interieur\/","og_site_name":"SP \u00c9quipements","article_modified_time":"2019-06-19T13:32:35+00:00","og_image":[{"width":190,"height":190,"url":"https:\/\/www.sp-equipements.com\/site\/wp-content\/uploads\/2019\/06\/piste_de_danse_clicclac-1.jpg","type":"image\/jpeg"}],"twitter_card":"summary_large_image","schema":{"@context":"https:\/\/schema.org","@graph":[{"@type":"WebPage","@id":"https:\/\/www.sp-equipements.com\/site\/produit\/piste-de-danse-clic-clac-interieur\/","url":"https:\/\/www.sp-equipements.com\/site\/produit\/piste-de-danse-clic-clac-interieur\/","name":"Piste de Danse CLIC-CLAC Int\u00e9rieur - SP \u00c9quipements","isPartOf":{"@id":"https:\/\/www.sp-equipements.com\/site\/#website"},"primaryImageOfPage":{"@id":"https:\/\/www.sp-equipements.com\/site\/produit\/piste-de-danse-clic-clac-interieur\/#primaryimage"},"image":{"@id":"https:\/\/www.sp-equipements.com\/site\/produit\/piste-de-danse-clic-clac-interieur\/#primaryimage"},"thumbnailUrl":"https:\/\/www.sp-equipements.com\/site\/wp-content\/uploads\/2019\/06\/piste_de_danse_clicclac-1.jpg","datePublished":"2019-06-07T08:15:59+00:00","dateModified":"2019-06-19T13:32:35+00:00","breadcrumb":{"@id":"https:\/\/www.sp-equipements.com\/site\/produit\/piste-de-danse-clic-clac-interieur\/#breadcrumb"},"inLanguage":"fr-FR","potentialAction":[{"@type":"ReadAction","target":["https:\/\/www.sp-equipements.com\/site\/produit\/piste-de-danse-clic-clac-interieur\/"]}]},{"@type":"ImageObject","inLanguage":"fr-FR","@id":"https:\/\/www.sp-equipements.com\/site\/produit\/piste-de-danse-clic-clac-interieur\/#primaryimage","url":"https:\/\/www.sp-equipements.com\/site\/wp-content\/uploads\/2019\/06\/piste_de_danse_clicclac-1.jpg","contentUrl":"https:\/\/www.sp-equipements.com\/site\/wp-content\/uploads\/2019\/06\/piste_de_danse_clicclac-1.jpg","width":190,"height":190,"caption":"piste de danse clicclac 1"},{"@type":"BreadcrumbList","@id":"https:\/\/www.sp-equipements.com\/site\/produit\/piste-de-danse-clic-clac-interieur\/#breadcrumb","itemListElement":[{"@type":"ListItem","position":1,"name":"Accueil","item":"https:\/\/www.sp-equipements.com\/site\/"},{"@type":"ListItem","position":2,"name":"Catalogue","item":"https:\/\/www.sp-equipements.com\/site\/catalogue\/"},{"@type":"ListItem","position":3,"name":"Piste de Danse CLIC-CLAC Int\u00e9rieur"}]},{"@type":"WebSite","@id":"https:\/\/www.sp-equipements.com\/site\/#website","url":"https:\/\/www.sp-equipements.com\/site\/","name":"SP \u00c9quipements","description":"\u00c9quipements de collectivit\u00e9s","potentialAction":[{"@type":"SearchAction","target":{"@type":"EntryPoint","urlTemplate":"https:\/\/www.sp-equipements.com\/site\/?s={search_term_string}"},"query-input":"required name=search_term_string"}],"inLanguage":"fr-FR"}]}},"_links":{"self":[{"href":"https:\/\/www.sp-equipements.com\/site\/wp-json\/wp\/v2\/product\/21840"}],"collection":[{"href":"https:\/\/www.sp-equipements.com\/site\/wp-json\/wp\/v2\/product"}],"about":[{"href":"https:\/\/www.sp-equipements.com\/site\/wp-json\/wp\/v2\/types\/product"}],"replies":[{"embeddable":true,"href":"https:\/\/www.sp-equipements.com\/site\/wp-json\/wp\/v2\/comments?post=21840"}],"wp:featuredmedia":[{"embeddable":true,"href":"https:\/\/www.sp-equipements.com\/site\/wp-json\/wp\/v2\/media\/37854"}],"wp:attachment":[{"href":"https:\/\/www.sp-equipements.com\/site\/wp-json\/wp\/v2\/media?parent=21840"}],"wp:term":[{"taxonomy":"product_cat","embeddable":true,"href":"https:\/\/www.sp-equipements.com\/site\/wp-json\/wp\/v2\/product_cat?post=21840"},{"taxonomy":"product_tag","embeddable":true,"href":"https:\/\/www.sp-equipements.com\/site\/wp-json\/wp\/v2\/product_tag?post=21840"}],"curies":[{"name":"wp","href":"https:\/\/api.w.org\/{rel}","templated":true}]}}