{"id":21847,"date":"2019-06-07T10:16:45","date_gmt":"2019-06-07T08:16:45","guid":{"rendered":"http:\/\/www.polyequipements.com\/produit\/scene-mobile-alphastage-80m%c2%b2-120m%c2%b2-ou-160m%c2%b2\/"},"modified":"2019-06-19T15:32:20","modified_gmt":"2019-06-19T13:32:20","slug":"scene-mobile-alphastage-80m%c2%b2-120m%c2%b2-ou-160m%c2%b2","status":"publish","type":"product","link":"https:\/\/www.sp-equipements.com\/site\/produit\/scene-mobile-alphastage-80m%c2%b2-120m%c2%b2-ou-160m%c2%b2\/","title":{"rendered":"Sc\u00e8ne Mobile ALPHASTAGE <i>80m\u00b2, 120m\u00b2 ou 160m\u00b2<\/i>"},"content":{"rendered":"","protected":false},"excerpt":{"rendered":"<p><i>Sc\u00e8ne mobile\u00a0<b>ALPHASTAGE 80<\/b>, surface d\u00e9ploy\u00e9e 11.50 m x 7 m, clearance 6.20 m, poids 12T, 2 essieux, capacit\u00e9 de charge (r\u00e9partie) 6T, dimensions sur route 11.70 m x 2.55 m x 4 m.<\/p>\n<p>Sc\u00e8ne Mobile\u00a0<b>ALPHASTAGE 120<\/b>\u00a0surface d\u00e9ploy\u00e9e 13.60 m x 8.10 m, clearance 6.50 m, poids 26T, 3 essieux, capacit\u00e9 de charge (r\u00e9partie) 10.40 T, dimensions sur route 13.60 m x 2.55 m x 4 m.<\/p>\n<p>Sc\u00e8ne Mobile\u00a0<b>ALPHASTAGE 160<\/b>, surface d\u00e9ploy\u00e9e 13.60 m x 11.60 m, clearance 8 m, poids 30T, 3 essieux, capacit\u00e9 de charge (r\u00e9partie) 10.40 T, dimensions sur route 13.60 m x 2.55 m x 4 m.<\/i><\/p>\n<p><b>ALPHASTAGE 80<\/b><br \/>\n<i>Remorque<\/i><br \/>\n\u2022 Longueur : 11,70 m \u2022 Largeur : 2,55 m \u2022 Hauteur : 4 m \u2022 Poids : 12 T \u2022 Signalisation : CEE<br \/>\n<i>Plancher<\/i><br \/>\n\u2022 Longueur x Largeur : 11,50 x 7 m (7,50 m) \u2022 Haut. plancher sol : 1,20\/1,70 m \u2022 R\u00e9sistance : 750 Kg\/m\u00b2 \u2022 Surface : 86 m\u00b2 \u2022 Type : Plancher ext\u00e9rieur<br \/>\n<i>Toiture<\/i><br \/>\n\u2022 Longueur x Largeur : 11,40 x 7,80 m \u2022 Clearance : 6,20 m \u2022 Capacit\u00e9 de charge (r\u00e9partie) : 6 T \u2022 Type : Dur<br \/>\n<i>Aspect pratique<\/i><br \/>\n\u2022 Capacit\u00e9 Aile de Son : 2 x 2 T<\/p>\n<p><b>ALPHASTAGE 120<\/b><br \/>\n<i>Remorque<\/i><br \/>\n\u2022 Longueur : 13,60 m \u2022 Largeur : 2,55 m \u2022 Hauteur : 4 m \u2022 Poids : 26 T \u2022 Signalisation : CEE<br \/>\n<i>Plancher<\/i><br \/>\n\u2022 Long.x Larg. : 13,20 x 8,10 m \u2022 Hauteur plancher sol : 1,40\/2 m \u2022 R\u00e9sistance : 500 Kg\/m\u00b2 \u2022 Surface : 110 m\u00b2 \u2022 Type : Plancher ext\u00e9rieur<br \/>\n<i>Toiture<\/i><br \/>\n\u2022 Longueur x Largeur : 13,60 x 9 m \u2022 Clearance : 6,50 m \u2022 Capacit\u00e9 de charge (r\u00e9partie): 10,4 T \u2022 Points\/Rigging 500 Kg : 18 \u2022 Points\/Rigging 350 Kg : 4 \u2022 Type : Dur<br \/>\n<i>Aspect pratique<\/i><br \/>\n\u2022 Capacit\u00e9 Aile de Son : 2 x 1,5 T<\/p>\n<p><b>ALPHASTAGE 160<\/b><br \/>\n<i>Remorque<\/i><br \/>\n\u2022 Longueur : 13,60 m \u2022 Largeur : 2,55 m \u2022 Hauteur : 4 m \u2022 Poids : 30 T \u2022 Signalisation : CEE<br \/>\n<i>Plancher<\/i><br \/>\n\u2022 Long.x Larg. : 13,50 x 11,60 m \u2022 Haut. plancher sol : 1,40\/2 m \u2022 R\u00e9sistance : 500 Kg\/m\u00b2 \u2022 Surface : 160 m\u00b2 \u2022 Type : Plancher ext\u00e9rieur<br \/>\n<i>Toiture<\/i><br \/>\n\u2022 Long. x Larg. : 13,60 x 12,60 m \u2022 Clearance : 8 m \u2022 Capacit\u00e9 de charge (r\u00e9partie) : 10,4 T \u2022 Points\/Rigging 500 Kg : 18 \u2022 Points\/Rigging 350 Kg : 4 \u2022 Type : Dur<br \/>\n<i>Aspect pratique<\/i><br \/>\n\u2022 Capacit\u00e9 Aile de Son : 2 x 1,5 T<\/p>\n","protected":false},"featured_media":37820,"comment_status":"open","ping_status":"closed","template":"","meta":[],"product_cat":[103,189],"product_tag":[],"yoast_head":"<!-- This site is optimized with the Yoast SEO plugin v22.2 - https:\/\/yoast.com\/wordpress\/plugins\/seo\/ -->\n<title>Sc\u00e8ne Mobile ALPHASTAGE 80m\u00b2, 120m\u00b2 ou 160m\u00b2 - SP \u00c9quipements<\/title>\n<meta name=\"robots\" content=\"index, follow, max-snippet:-1, max-image-preview:large, max-video-preview:-1\" \/>\n<link rel=\"canonical\" href=\"https:\/\/www.sp-equipements.com\/site\/produit\/scene-mobile-alphastage-80m\u00b2-120m\u00b2-ou-160m\u00b2\/\" \/>\n<meta property=\"og:locale\" content=\"fr_FR\" \/>\n<meta property=\"og:type\" content=\"article\" \/>\n<meta property=\"og:title\" content=\"Sc\u00e8ne Mobile ALPHASTAGE 80m\u00b2, 120m\u00b2 ou 160m\u00b2 - SP \u00c9quipements\" \/>\n<meta property=\"og:description\" content=\"Sc\u00e8ne mobile\u00a0ALPHASTAGE 80, surface d\u00e9ploy\u00e9e 11.50 m x 7 m, clearance 6.20 m, poids 12T, 2 essieux, capacit\u00e9 de charge (r\u00e9partie) 6T, dimensions sur route 11.70 m x 2.55 m x 4 m.  Sc\u00e8ne Mobile\u00a0ALPHASTAGE 120\u00a0surface d\u00e9ploy\u00e9e 13.60 m x 8.10 m, clearance 6.50 m, poids 26T, 3 essieux, capacit\u00e9 de charge (r\u00e9partie) 10.40 T, dimensions sur route 13.60 m x 2.55 m x 4 m.  Sc\u00e8ne Mobile\u00a0ALPHASTAGE 160, surface d\u00e9ploy\u00e9e 13.60 m x 11.60 m, clearance 8 m, poids 30T, 3 essieux, capacit\u00e9 de charge (r\u00e9partie) 10.40 T, dimensions sur route 13.60 m x 2.55 m x 4 m.  ALPHASTAGE 80 Remorque \u2022 Longueur : 11,70 m \u2022 Largeur : 2,55 m \u2022 Hauteur : 4 m \u2022 Poids : 12 T \u2022 Signalisation : CEE Plancher \u2022 Longueur x Largeur : 11,50 x 7 m (7,50 m) \u2022 Haut. plancher sol : 1,20\/1,70 m \u2022 R\u00e9sistance : 750 Kg\/m\u00b2 \u2022 Surface : 86 m\u00b2 \u2022 Type : Plancher ext\u00e9rieur Toiture \u2022 Longueur x Largeur : 11,40 x 7,80 m \u2022 Clearance : 6,20 m \u2022 Capacit\u00e9 de charge (r\u00e9partie) : 6 T \u2022 Type : Dur Aspect pratique \u2022 Capacit\u00e9 Aile de Son : 2 x 2 T  ALPHASTAGE 120 Remorque \u2022 Longueur : 13,60 m \u2022 Largeur : 2,55 m \u2022 Hauteur : 4 m \u2022 Poids : 26 T \u2022 Signalisation : CEE Plancher \u2022 Long.x Larg. : 13,20 x 8,10 m \u2022 Hauteur plancher sol : 1,40\/2 m \u2022 R\u00e9sistance : 500 Kg\/m\u00b2 \u2022 Surface : 110 m\u00b2 \u2022 Type : Plancher ext\u00e9rieur Toiture \u2022 Longueur x Largeur : 13,60 x 9 m \u2022 Clearance : 6,50 m \u2022 Capacit\u00e9 de charge (r\u00e9partie): 10,4 T \u2022 Points\/Rigging 500 Kg : 18 \u2022 Points\/Rigging 350 Kg : 4 \u2022 Type : Dur Aspect pratique \u2022 Capacit\u00e9 Aile de Son : 2 x 1,5 T  ALPHASTAGE 160 Remorque \u2022 Longueur : 13,60 m \u2022 Largeur : 2,55 m \u2022 Hauteur : 4 m \u2022 Poids : 30 T \u2022 Signalisation : CEE Plancher \u2022 Long.x Larg. : 13,50 x 11,60 m \u2022 Haut. plancher sol : 1,40\/2 m \u2022 R\u00e9sistance : 500 Kg\/m\u00b2 \u2022 Surface : 160 m\u00b2 \u2022 Type : Plancher ext\u00e9rieur Toiture \u2022 Long. x Larg. : 13,60 x 12,60 m \u2022 Clearance : 8 m \u2022 Capacit\u00e9 de charge (r\u00e9partie) : 10,4 T \u2022 Points\/Rigging 500 Kg : 18 \u2022 Points\/Rigging 350 Kg : 4 \u2022 Type : Dur Aspect pratique \u2022 Capacit\u00e9 Aile de Son : 2 x 1,5 T\" \/>\n<meta property=\"og:url\" content=\"https:\/\/www.sp-equipements.com\/site\/produit\/scene-mobile-alphastage-80m\u00b2-120m\u00b2-ou-160m\u00b2\/\" \/>\n<meta property=\"og:site_name\" content=\"SP \u00c9quipements\" \/>\n<meta property=\"article:modified_time\" content=\"2019-06-19T13:32:20+00:00\" \/>\n<meta property=\"og:image\" content=\"https:\/\/www.sp-equipements.com\/site\/wp-content\/uploads\/2019\/06\/scene_mobile_alphastage-1.jpg\" \/>\n\t<meta property=\"og:image:width\" content=\"190\" \/>\n\t<meta property=\"og:image:height\" content=\"190\" \/>\n\t<meta property=\"og:image:type\" content=\"image\/jpeg\" \/>\n<meta name=\"twitter:card\" content=\"summary_large_image\" \/>\n<script type=\"application\/ld+json\" class=\"yoast-schema-graph\">{\"@context\":\"https:\/\/schema.org\",\"@graph\":[{\"@type\":\"WebPage\",\"@id\":\"https:\/\/www.sp-equipements.com\/site\/produit\/scene-mobile-alphastage-80m%c2%b2-120m%c2%b2-ou-160m%c2%b2\/\",\"url\":\"https:\/\/www.sp-equipements.com\/site\/produit\/scene-mobile-alphastage-80m%c2%b2-120m%c2%b2-ou-160m%c2%b2\/\",\"name\":\"Sc\u00e8ne Mobile ALPHASTAGE 80m\u00b2, 120m\u00b2 ou 160m\u00b2 - SP \u00c9quipements\",\"isPartOf\":{\"@id\":\"https:\/\/www.sp-equipements.com\/site\/#website\"},\"primaryImageOfPage\":{\"@id\":\"https:\/\/www.sp-equipements.com\/site\/produit\/scene-mobile-alphastage-80m%c2%b2-120m%c2%b2-ou-160m%c2%b2\/#primaryimage\"},\"image\":{\"@id\":\"https:\/\/www.sp-equipements.com\/site\/produit\/scene-mobile-alphastage-80m%c2%b2-120m%c2%b2-ou-160m%c2%b2\/#primaryimage\"},\"thumbnailUrl\":\"https:\/\/www.sp-equipements.com\/site\/wp-content\/uploads\/2019\/06\/scene_mobile_alphastage-1.jpg\",\"datePublished\":\"2019-06-07T08:16:45+00:00\",\"dateModified\":\"2019-06-19T13:32:20+00:00\",\"breadcrumb\":{\"@id\":\"https:\/\/www.sp-equipements.com\/site\/produit\/scene-mobile-alphastage-80m%c2%b2-120m%c2%b2-ou-160m%c2%b2\/#breadcrumb\"},\"inLanguage\":\"fr-FR\",\"potentialAction\":[{\"@type\":\"ReadAction\",\"target\":[\"https:\/\/www.sp-equipements.com\/site\/produit\/scene-mobile-alphastage-80m%c2%b2-120m%c2%b2-ou-160m%c2%b2\/\"]}]},{\"@type\":\"ImageObject\",\"inLanguage\":\"fr-FR\",\"@id\":\"https:\/\/www.sp-equipements.com\/site\/produit\/scene-mobile-alphastage-80m%c2%b2-120m%c2%b2-ou-160m%c2%b2\/#primaryimage\",\"url\":\"https:\/\/www.sp-equipements.com\/site\/wp-content\/uploads\/2019\/06\/scene_mobile_alphastage-1.jpg\",\"contentUrl\":\"https:\/\/www.sp-equipements.com\/site\/wp-content\/uploads\/2019\/06\/scene_mobile_alphastage-1.jpg\",\"width\":190,\"height\":190,\"caption\":\"scene mobile alphastage 1\"},{\"@type\":\"BreadcrumbList\",\"@id\":\"https:\/\/www.sp-equipements.com\/site\/produit\/scene-mobile-alphastage-80m%c2%b2-120m%c2%b2-ou-160m%c2%b2\/#breadcrumb\",\"itemListElement\":[{\"@type\":\"ListItem\",\"position\":1,\"name\":\"Accueil\",\"item\":\"https:\/\/www.sp-equipements.com\/site\/\"},{\"@type\":\"ListItem\",\"position\":2,\"name\":\"Catalogue\",\"item\":\"https:\/\/www.sp-equipements.com\/site\/catalogue\/\"},{\"@type\":\"ListItem\",\"position\":3,\"name\":\"Sc\u00e8ne Mobile ALPHASTAGE 80m\u00b2, 120m\u00b2 ou 160m\u00b2\"}]},{\"@type\":\"WebSite\",\"@id\":\"https:\/\/www.sp-equipements.com\/site\/#website\",\"url\":\"https:\/\/www.sp-equipements.com\/site\/\",\"name\":\"SP \u00c9quipements\",\"description\":\"\u00c9quipements de collectivit\u00e9s\",\"potentialAction\":[{\"@type\":\"SearchAction\",\"target\":{\"@type\":\"EntryPoint\",\"urlTemplate\":\"https:\/\/www.sp-equipements.com\/site\/?s={search_term_string}\"},\"query-input\":\"required name=search_term_string\"}],\"inLanguage\":\"fr-FR\"}]}<\/script>\n<!-- \/ Yoast SEO plugin. -->","yoast_head_json":{"title":"Sc\u00e8ne Mobile ALPHASTAGE 80m\u00b2, 120m\u00b2 ou 160m\u00b2 - SP \u00c9quipements","robots":{"index":"index","follow":"follow","max-snippet":"max-snippet:-1","max-image-preview":"max-image-preview:large","max-video-preview":"max-video-preview:-1"},"canonical":"https:\/\/www.sp-equipements.com\/site\/produit\/scene-mobile-alphastage-80m\u00b2-120m\u00b2-ou-160m\u00b2\/","og_locale":"fr_FR","og_type":"article","og_title":"Sc\u00e8ne Mobile ALPHASTAGE 80m\u00b2, 120m\u00b2 ou 160m\u00b2 - SP \u00c9quipements","og_description":"Sc\u00e8ne mobile\u00a0ALPHASTAGE 80, surface d\u00e9ploy\u00e9e 11.50 m x 7 m, clearance 6.20 m, poids 12T, 2 essieux, capacit\u00e9 de charge (r\u00e9partie) 6T, dimensions sur route 11.70 m x 2.55 m x 4 m.  Sc\u00e8ne Mobile\u00a0ALPHASTAGE 120\u00a0surface d\u00e9ploy\u00e9e 13.60 m x 8.10 m, clearance 6.50 m, poids 26T, 3 essieux, capacit\u00e9 de charge (r\u00e9partie) 10.40 T, dimensions sur route 13.60 m x 2.55 m x 4 m.  Sc\u00e8ne Mobile\u00a0ALPHASTAGE 160, surface d\u00e9ploy\u00e9e 13.60 m x 11.60 m, clearance 8 m, poids 30T, 3 essieux, capacit\u00e9 de charge (r\u00e9partie) 10.40 T, dimensions sur route 13.60 m x 2.55 m x 4 m.  ALPHASTAGE 80 Remorque \u2022 Longueur : 11,70 m \u2022 Largeur : 2,55 m \u2022 Hauteur : 4 m \u2022 Poids : 12 T \u2022 Signalisation : CEE Plancher \u2022 Longueur x Largeur : 11,50 x 7 m (7,50 m) \u2022 Haut. plancher sol : 1,20\/1,70 m \u2022 R\u00e9sistance : 750 Kg\/m\u00b2 \u2022 Surface : 86 m\u00b2 \u2022 Type : Plancher ext\u00e9rieur Toiture \u2022 Longueur x Largeur : 11,40 x 7,80 m \u2022 Clearance : 6,20 m \u2022 Capacit\u00e9 de charge (r\u00e9partie) : 6 T \u2022 Type : Dur Aspect pratique \u2022 Capacit\u00e9 Aile de Son : 2 x 2 T  ALPHASTAGE 120 Remorque \u2022 Longueur : 13,60 m \u2022 Largeur : 2,55 m \u2022 Hauteur : 4 m \u2022 Poids : 26 T \u2022 Signalisation : CEE Plancher \u2022 Long.x Larg. : 13,20 x 8,10 m \u2022 Hauteur plancher sol : 1,40\/2 m \u2022 R\u00e9sistance : 500 Kg\/m\u00b2 \u2022 Surface : 110 m\u00b2 \u2022 Type : Plancher ext\u00e9rieur Toiture \u2022 Longueur x Largeur : 13,60 x 9 m \u2022 Clearance : 6,50 m \u2022 Capacit\u00e9 de charge (r\u00e9partie): 10,4 T \u2022 Points\/Rigging 500 Kg : 18 \u2022 Points\/Rigging 350 Kg : 4 \u2022 Type : Dur Aspect pratique \u2022 Capacit\u00e9 Aile de Son : 2 x 1,5 T  ALPHASTAGE 160 Remorque \u2022 Longueur : 13,60 m \u2022 Largeur : 2,55 m \u2022 Hauteur : 4 m \u2022 Poids : 30 T \u2022 Signalisation : CEE Plancher \u2022 Long.x Larg. : 13,50 x 11,60 m \u2022 Haut. plancher sol : 1,40\/2 m \u2022 R\u00e9sistance : 500 Kg\/m\u00b2 \u2022 Surface : 160 m\u00b2 \u2022 Type : Plancher ext\u00e9rieur Toiture \u2022 Long. x Larg. : 13,60 x 12,60 m \u2022 Clearance : 8 m \u2022 Capacit\u00e9 de charge (r\u00e9partie) : 10,4 T \u2022 Points\/Rigging 500 Kg : 18 \u2022 Points\/Rigging 350 Kg : 4 \u2022 Type : Dur Aspect pratique \u2022 Capacit\u00e9 Aile de Son : 2 x 1,5 T","og_url":"https:\/\/www.sp-equipements.com\/site\/produit\/scene-mobile-alphastage-80m\u00b2-120m\u00b2-ou-160m\u00b2\/","og_site_name":"SP \u00c9quipements","article_modified_time":"2019-06-19T13:32:20+00:00","og_image":[{"width":190,"height":190,"url":"https:\/\/www.sp-equipements.com\/site\/wp-content\/uploads\/2019\/06\/scene_mobile_alphastage-1.jpg","type":"image\/jpeg"}],"twitter_card":"summary_large_image","schema":{"@context":"https:\/\/schema.org","@graph":[{"@type":"WebPage","@id":"https:\/\/www.sp-equipements.com\/site\/produit\/scene-mobile-alphastage-80m%c2%b2-120m%c2%b2-ou-160m%c2%b2\/","url":"https:\/\/www.sp-equipements.com\/site\/produit\/scene-mobile-alphastage-80m%c2%b2-120m%c2%b2-ou-160m%c2%b2\/","name":"Sc\u00e8ne Mobile ALPHASTAGE 80m\u00b2, 120m\u00b2 ou 160m\u00b2 - SP \u00c9quipements","isPartOf":{"@id":"https:\/\/www.sp-equipements.com\/site\/#website"},"primaryImageOfPage":{"@id":"https:\/\/www.sp-equipements.com\/site\/produit\/scene-mobile-alphastage-80m%c2%b2-120m%c2%b2-ou-160m%c2%b2\/#primaryimage"},"image":{"@id":"https:\/\/www.sp-equipements.com\/site\/produit\/scene-mobile-alphastage-80m%c2%b2-120m%c2%b2-ou-160m%c2%b2\/#primaryimage"},"thumbnailUrl":"https:\/\/www.sp-equipements.com\/site\/wp-content\/uploads\/2019\/06\/scene_mobile_alphastage-1.jpg","datePublished":"2019-06-07T08:16:45+00:00","dateModified":"2019-06-19T13:32:20+00:00","breadcrumb":{"@id":"https:\/\/www.sp-equipements.com\/site\/produit\/scene-mobile-alphastage-80m%c2%b2-120m%c2%b2-ou-160m%c2%b2\/#breadcrumb"},"inLanguage":"fr-FR","potentialAction":[{"@type":"ReadAction","target":["https:\/\/www.sp-equipements.com\/site\/produit\/scene-mobile-alphastage-80m%c2%b2-120m%c2%b2-ou-160m%c2%b2\/"]}]},{"@type":"ImageObject","inLanguage":"fr-FR","@id":"https:\/\/www.sp-equipements.com\/site\/produit\/scene-mobile-alphastage-80m%c2%b2-120m%c2%b2-ou-160m%c2%b2\/#primaryimage","url":"https:\/\/www.sp-equipements.com\/site\/wp-content\/uploads\/2019\/06\/scene_mobile_alphastage-1.jpg","contentUrl":"https:\/\/www.sp-equipements.com\/site\/wp-content\/uploads\/2019\/06\/scene_mobile_alphastage-1.jpg","width":190,"height":190,"caption":"scene mobile alphastage 1"},{"@type":"BreadcrumbList","@id":"https:\/\/www.sp-equipements.com\/site\/produit\/scene-mobile-alphastage-80m%c2%b2-120m%c2%b2-ou-160m%c2%b2\/#breadcrumb","itemListElement":[{"@type":"ListItem","position":1,"name":"Accueil","item":"https:\/\/www.sp-equipements.com\/site\/"},{"@type":"ListItem","position":2,"name":"Catalogue","item":"https:\/\/www.sp-equipements.com\/site\/catalogue\/"},{"@type":"ListItem","position":3,"name":"Sc\u00e8ne Mobile ALPHASTAGE 80m\u00b2, 120m\u00b2 ou 160m\u00b2"}]},{"@type":"WebSite","@id":"https:\/\/www.sp-equipements.com\/site\/#website","url":"https:\/\/www.sp-equipements.com\/site\/","name":"SP \u00c9quipements","description":"\u00c9quipements de collectivit\u00e9s","potentialAction":[{"@type":"SearchAction","target":{"@type":"EntryPoint","urlTemplate":"https:\/\/www.sp-equipements.com\/site\/?s={search_term_string}"},"query-input":"required name=search_term_string"}],"inLanguage":"fr-FR"}]}},"_links":{"self":[{"href":"https:\/\/www.sp-equipements.com\/site\/wp-json\/wp\/v2\/product\/21847"}],"collection":[{"href":"https:\/\/www.sp-equipements.com\/site\/wp-json\/wp\/v2\/product"}],"about":[{"href":"https:\/\/www.sp-equipements.com\/site\/wp-json\/wp\/v2\/types\/product"}],"replies":[{"embeddable":true,"href":"https:\/\/www.sp-equipements.com\/site\/wp-json\/wp\/v2\/comments?post=21847"}],"wp:featuredmedia":[{"embeddable":true,"href":"https:\/\/www.sp-equipements.com\/site\/wp-json\/wp\/v2\/media\/37820"}],"wp:attachment":[{"href":"https:\/\/www.sp-equipements.com\/site\/wp-json\/wp\/v2\/media?parent=21847"}],"wp:term":[{"taxonomy":"product_cat","embeddable":true,"href":"https:\/\/www.sp-equipements.com\/site\/wp-json\/wp\/v2\/product_cat?post=21847"},{"taxonomy":"product_tag","embeddable":true,"href":"https:\/\/www.sp-equipements.com\/site\/wp-json\/wp\/v2\/product_tag?post=21847"}],"curies":[{"name":"wp","href":"https:\/\/api.w.org\/{rel}","templated":true}]}}