{"id":21863,"date":"2019-06-07T10:17:38","date_gmt":"2019-06-07T08:17:38","guid":{"rendered":"http:\/\/www.polyequipements.com\/produit\/praticable-2x1m-avec-pieds-fixes-500kg-m%c2%b2-pi\/"},"modified":"2019-06-19T15:32:42","modified_gmt":"2019-06-19T13:32:42","slug":"praticable-2x1m-avec-pieds-fixes-500kg-m%c2%b2-pi","status":"publish","type":"product","link":"https:\/\/www.sp-equipements.com\/site\/produit\/praticable-2x1m-avec-pieds-fixes-500kg-m%c2%b2-pi\/","title":{"rendered":"Praticable 2x1m avec Pieds Fixes <i>500kg\/m\u00b2<\/i> PI"},"content":{"rendered":"","protected":false},"excerpt":{"rendered":"<p><b>Descriptif<\/b><br \/>\nLes plateaux des PI et des sc\u00e9niques sont identiques et peuvent recevoir les pi\u00e9tements des uns ou des autres.<br \/>\nL\u2019ensemble plateau comporte au dessous de chaque angle un carr\u00e9 avec vis de pression pour la fixation des pieds.<br \/>\nChaque pied comporte un v\u00e9rin de r\u00e9glage permettant de rattraper les irr\u00e9gularit\u00e9s du sol (course 25 mm).<br \/>\nPieds disponibles en hauteur 0,20 &#8211; 0,40 &#8211; 0,60 &#8211; 0,80 &#8211; 1,00 m.<br \/>\nLes pi\u00e9tements du podium PI permettent le montage en gradins de sc\u00e8ne.<\/p>\n<p><b>Fiche technique<\/b><br \/>\n\u2022 Plateau de 2 x 1 m en contreplaqu\u00e9 CTBX, \u00e9p. 18 mm pour utilisation int\u00e9rieur ou antid\u00e9rapant pour utilisation ext\u00e9rieur et int\u00e9rieur.<br \/>\n\u2022 Livr\u00e9 avec croisillons.<br \/>\n\u2022 Cadre en profil\u00e9 aluminium multifonctionnel \u00e0 2 niveaux de fixations permettant l\u2019accrochage de pare-chute ou d\u2019un bardage.<br \/>\n\u2022 Pieds en tube d\u2019aluminium 40 x 40 mm.<br \/>\n\u2022 Charge admissible : 500 daN\/m\u00b2.<\/p>\n<p><b>Dimensions<\/b><br \/>\n\u2022 Longueur : 2,00 m<br \/>\n\u2022 Largeur : 1,00 m<br \/>\n\u2022 Hauteurs standard (sol\/sc\u00e8ne) : 0,20 \u2013 0,40 \u2013 0,60 \u2013 0,80 \u2013 1,00 m<\/p>\n<p><b>Options<\/b><br \/>\n\u2022 Plancher antid\u00e9rapant<br \/>\n\u2022 Jupe velours M1 fix\u00e9e par bande velcro<br \/>\n\u2022 Pare-chute<br \/>\n\u2022 Escalier<br \/>\n\u2022 Chariot de transport de podium<br \/>\n\u2022 Profils de liaison et tirette<\/p>\n","protected":false},"featured_media":37870,"comment_status":"open","ping_status":"closed","template":"","meta":[],"product_cat":[195,104],"product_tag":[],"yoast_head":"<!-- This site is optimized with the Yoast SEO plugin v22.2 - https:\/\/yoast.com\/wordpress\/plugins\/seo\/ -->\n<title>Praticable 2x1m avec Pieds Fixes 500kg\/m\u00b2 PI - SP \u00c9quipements<\/title>\n<meta name=\"robots\" content=\"index, follow, max-snippet:-1, max-image-preview:large, max-video-preview:-1\" \/>\n<link rel=\"canonical\" href=\"https:\/\/www.sp-equipements.com\/site\/produit\/praticable-2x1m-avec-pieds-fixes-500kg-m\u00b2-pi\/\" \/>\n<meta property=\"og:locale\" content=\"fr_FR\" \/>\n<meta property=\"og:type\" content=\"article\" \/>\n<meta property=\"og:title\" content=\"Praticable 2x1m avec Pieds Fixes 500kg\/m\u00b2 PI - SP \u00c9quipements\" \/>\n<meta property=\"og:description\" content=\"Descriptif Les plateaux des PI et des sc\u00e9niques sont identiques et peuvent recevoir les pi\u00e9tements des uns ou des autres. L\u2019ensemble plateau comporte au dessous de chaque angle un carr\u00e9 avec vis de pression pour la fixation des pieds. Chaque pied comporte un v\u00e9rin de r\u00e9glage permettant de rattraper les irr\u00e9gularit\u00e9s du sol (course 25 mm). Pieds disponibles en hauteur 0,20 - 0,40 - 0,60 - 0,80 - 1,00 m. Les pi\u00e9tements du podium PI permettent le montage en gradins de sc\u00e8ne.  Fiche technique \u2022 Plateau de 2 x 1 m en contreplaqu\u00e9 CTBX, \u00e9p. 18 mm pour utilisation int\u00e9rieur ou antid\u00e9rapant pour utilisation ext\u00e9rieur et int\u00e9rieur. \u2022 Livr\u00e9 avec croisillons. \u2022 Cadre en profil\u00e9 aluminium multifonctionnel \u00e0 2 niveaux de fixations permettant l\u2019accrochage de pare-chute ou d\u2019un bardage. \u2022 Pieds en tube d\u2019aluminium 40 x 40 mm. \u2022 Charge admissible : 500 daN\/m\u00b2.  Dimensions \u2022 Longueur : 2,00 m \u2022 Largeur : 1,00 m \u2022 Hauteurs standard (sol\/sc\u00e8ne) : 0,20 \u2013 0,40 \u2013 0,60 \u2013 0,80 \u2013 1,00 m  Options \u2022 Plancher antid\u00e9rapant \u2022 Jupe velours M1 fix\u00e9e par bande velcro \u2022 Pare-chute \u2022 Escalier \u2022 Chariot de transport de podium \u2022 Profils de liaison et tirette\" \/>\n<meta property=\"og:url\" content=\"https:\/\/www.sp-equipements.com\/site\/produit\/praticable-2x1m-avec-pieds-fixes-500kg-m\u00b2-pi\/\" \/>\n<meta property=\"og:site_name\" content=\"SP \u00c9quipements\" \/>\n<meta property=\"article:modified_time\" content=\"2019-06-19T13:32:42+00:00\" \/>\n<meta property=\"og:image\" content=\"https:\/\/www.sp-equipements.com\/site\/wp-content\/uploads\/2019\/06\/praticable_pi-1.jpg\" \/>\n\t<meta property=\"og:image:width\" content=\"190\" \/>\n\t<meta property=\"og:image:height\" content=\"190\" \/>\n\t<meta property=\"og:image:type\" content=\"image\/jpeg\" \/>\n<meta name=\"twitter:card\" content=\"summary_large_image\" \/>\n<script type=\"application\/ld+json\" class=\"yoast-schema-graph\">{\"@context\":\"https:\/\/schema.org\",\"@graph\":[{\"@type\":\"WebPage\",\"@id\":\"https:\/\/www.sp-equipements.com\/site\/produit\/praticable-2x1m-avec-pieds-fixes-500kg-m%c2%b2-pi\/\",\"url\":\"https:\/\/www.sp-equipements.com\/site\/produit\/praticable-2x1m-avec-pieds-fixes-500kg-m%c2%b2-pi\/\",\"name\":\"Praticable 2x1m avec Pieds Fixes 500kg\/m\u00b2 PI - SP \u00c9quipements\",\"isPartOf\":{\"@id\":\"https:\/\/www.sp-equipements.com\/site\/#website\"},\"primaryImageOfPage\":{\"@id\":\"https:\/\/www.sp-equipements.com\/site\/produit\/praticable-2x1m-avec-pieds-fixes-500kg-m%c2%b2-pi\/#primaryimage\"},\"image\":{\"@id\":\"https:\/\/www.sp-equipements.com\/site\/produit\/praticable-2x1m-avec-pieds-fixes-500kg-m%c2%b2-pi\/#primaryimage\"},\"thumbnailUrl\":\"https:\/\/www.sp-equipements.com\/site\/wp-content\/uploads\/2019\/06\/praticable_pi-1.jpg\",\"datePublished\":\"2019-06-07T08:17:38+00:00\",\"dateModified\":\"2019-06-19T13:32:42+00:00\",\"breadcrumb\":{\"@id\":\"https:\/\/www.sp-equipements.com\/site\/produit\/praticable-2x1m-avec-pieds-fixes-500kg-m%c2%b2-pi\/#breadcrumb\"},\"inLanguage\":\"fr-FR\",\"potentialAction\":[{\"@type\":\"ReadAction\",\"target\":[\"https:\/\/www.sp-equipements.com\/site\/produit\/praticable-2x1m-avec-pieds-fixes-500kg-m%c2%b2-pi\/\"]}]},{\"@type\":\"ImageObject\",\"inLanguage\":\"fr-FR\",\"@id\":\"https:\/\/www.sp-equipements.com\/site\/produit\/praticable-2x1m-avec-pieds-fixes-500kg-m%c2%b2-pi\/#primaryimage\",\"url\":\"https:\/\/www.sp-equipements.com\/site\/wp-content\/uploads\/2019\/06\/praticable_pi-1.jpg\",\"contentUrl\":\"https:\/\/www.sp-equipements.com\/site\/wp-content\/uploads\/2019\/06\/praticable_pi-1.jpg\",\"width\":190,\"height\":190,\"caption\":\"praticable pi 1\"},{\"@type\":\"BreadcrumbList\",\"@id\":\"https:\/\/www.sp-equipements.com\/site\/produit\/praticable-2x1m-avec-pieds-fixes-500kg-m%c2%b2-pi\/#breadcrumb\",\"itemListElement\":[{\"@type\":\"ListItem\",\"position\":1,\"name\":\"Accueil\",\"item\":\"https:\/\/www.sp-equipements.com\/site\/\"},{\"@type\":\"ListItem\",\"position\":2,\"name\":\"Catalogue\",\"item\":\"https:\/\/www.sp-equipements.com\/site\/catalogue\/\"},{\"@type\":\"ListItem\",\"position\":3,\"name\":\"Praticable 2x1m avec Pieds Fixes 500kg\/m\u00b2 PI\"}]},{\"@type\":\"WebSite\",\"@id\":\"https:\/\/www.sp-equipements.com\/site\/#website\",\"url\":\"https:\/\/www.sp-equipements.com\/site\/\",\"name\":\"SP \u00c9quipements\",\"description\":\"\u00c9quipements de collectivit\u00e9s\",\"potentialAction\":[{\"@type\":\"SearchAction\",\"target\":{\"@type\":\"EntryPoint\",\"urlTemplate\":\"https:\/\/www.sp-equipements.com\/site\/?s={search_term_string}\"},\"query-input\":\"required name=search_term_string\"}],\"inLanguage\":\"fr-FR\"}]}<\/script>\n<!-- \/ Yoast SEO plugin. -->","yoast_head_json":{"title":"Praticable 2x1m avec Pieds Fixes 500kg\/m\u00b2 PI - SP \u00c9quipements","robots":{"index":"index","follow":"follow","max-snippet":"max-snippet:-1","max-image-preview":"max-image-preview:large","max-video-preview":"max-video-preview:-1"},"canonical":"https:\/\/www.sp-equipements.com\/site\/produit\/praticable-2x1m-avec-pieds-fixes-500kg-m\u00b2-pi\/","og_locale":"fr_FR","og_type":"article","og_title":"Praticable 2x1m avec Pieds Fixes 500kg\/m\u00b2 PI - SP \u00c9quipements","og_description":"Descriptif Les plateaux des PI et des sc\u00e9niques sont identiques et peuvent recevoir les pi\u00e9tements des uns ou des autres. L\u2019ensemble plateau comporte au dessous de chaque angle un carr\u00e9 avec vis de pression pour la fixation des pieds. Chaque pied comporte un v\u00e9rin de r\u00e9glage permettant de rattraper les irr\u00e9gularit\u00e9s du sol (course 25 mm). Pieds disponibles en hauteur 0,20 - 0,40 - 0,60 - 0,80 - 1,00 m. Les pi\u00e9tements du podium PI permettent le montage en gradins de sc\u00e8ne.  Fiche technique \u2022 Plateau de 2 x 1 m en contreplaqu\u00e9 CTBX, \u00e9p. 18 mm pour utilisation int\u00e9rieur ou antid\u00e9rapant pour utilisation ext\u00e9rieur et int\u00e9rieur. \u2022 Livr\u00e9 avec croisillons. \u2022 Cadre en profil\u00e9 aluminium multifonctionnel \u00e0 2 niveaux de fixations permettant l\u2019accrochage de pare-chute ou d\u2019un bardage. \u2022 Pieds en tube d\u2019aluminium 40 x 40 mm. \u2022 Charge admissible : 500 daN\/m\u00b2.  Dimensions \u2022 Longueur : 2,00 m \u2022 Largeur : 1,00 m \u2022 Hauteurs standard (sol\/sc\u00e8ne) : 0,20 \u2013 0,40 \u2013 0,60 \u2013 0,80 \u2013 1,00 m  Options \u2022 Plancher antid\u00e9rapant \u2022 Jupe velours M1 fix\u00e9e par bande velcro \u2022 Pare-chute \u2022 Escalier \u2022 Chariot de transport de podium \u2022 Profils de liaison et tirette","og_url":"https:\/\/www.sp-equipements.com\/site\/produit\/praticable-2x1m-avec-pieds-fixes-500kg-m\u00b2-pi\/","og_site_name":"SP \u00c9quipements","article_modified_time":"2019-06-19T13:32:42+00:00","og_image":[{"width":190,"height":190,"url":"https:\/\/www.sp-equipements.com\/site\/wp-content\/uploads\/2019\/06\/praticable_pi-1.jpg","type":"image\/jpeg"}],"twitter_card":"summary_large_image","schema":{"@context":"https:\/\/schema.org","@graph":[{"@type":"WebPage","@id":"https:\/\/www.sp-equipements.com\/site\/produit\/praticable-2x1m-avec-pieds-fixes-500kg-m%c2%b2-pi\/","url":"https:\/\/www.sp-equipements.com\/site\/produit\/praticable-2x1m-avec-pieds-fixes-500kg-m%c2%b2-pi\/","name":"Praticable 2x1m avec Pieds Fixes 500kg\/m\u00b2 PI - SP \u00c9quipements","isPartOf":{"@id":"https:\/\/www.sp-equipements.com\/site\/#website"},"primaryImageOfPage":{"@id":"https:\/\/www.sp-equipements.com\/site\/produit\/praticable-2x1m-avec-pieds-fixes-500kg-m%c2%b2-pi\/#primaryimage"},"image":{"@id":"https:\/\/www.sp-equipements.com\/site\/produit\/praticable-2x1m-avec-pieds-fixes-500kg-m%c2%b2-pi\/#primaryimage"},"thumbnailUrl":"https:\/\/www.sp-equipements.com\/site\/wp-content\/uploads\/2019\/06\/praticable_pi-1.jpg","datePublished":"2019-06-07T08:17:38+00:00","dateModified":"2019-06-19T13:32:42+00:00","breadcrumb":{"@id":"https:\/\/www.sp-equipements.com\/site\/produit\/praticable-2x1m-avec-pieds-fixes-500kg-m%c2%b2-pi\/#breadcrumb"},"inLanguage":"fr-FR","potentialAction":[{"@type":"ReadAction","target":["https:\/\/www.sp-equipements.com\/site\/produit\/praticable-2x1m-avec-pieds-fixes-500kg-m%c2%b2-pi\/"]}]},{"@type":"ImageObject","inLanguage":"fr-FR","@id":"https:\/\/www.sp-equipements.com\/site\/produit\/praticable-2x1m-avec-pieds-fixes-500kg-m%c2%b2-pi\/#primaryimage","url":"https:\/\/www.sp-equipements.com\/site\/wp-content\/uploads\/2019\/06\/praticable_pi-1.jpg","contentUrl":"https:\/\/www.sp-equipements.com\/site\/wp-content\/uploads\/2019\/06\/praticable_pi-1.jpg","width":190,"height":190,"caption":"praticable pi 1"},{"@type":"BreadcrumbList","@id":"https:\/\/www.sp-equipements.com\/site\/produit\/praticable-2x1m-avec-pieds-fixes-500kg-m%c2%b2-pi\/#breadcrumb","itemListElement":[{"@type":"ListItem","position":1,"name":"Accueil","item":"https:\/\/www.sp-equipements.com\/site\/"},{"@type":"ListItem","position":2,"name":"Catalogue","item":"https:\/\/www.sp-equipements.com\/site\/catalogue\/"},{"@type":"ListItem","position":3,"name":"Praticable 2x1m avec Pieds Fixes 500kg\/m\u00b2 PI"}]},{"@type":"WebSite","@id":"https:\/\/www.sp-equipements.com\/site\/#website","url":"https:\/\/www.sp-equipements.com\/site\/","name":"SP \u00c9quipements","description":"\u00c9quipements de collectivit\u00e9s","potentialAction":[{"@type":"SearchAction","target":{"@type":"EntryPoint","urlTemplate":"https:\/\/www.sp-equipements.com\/site\/?s={search_term_string}"},"query-input":"required name=search_term_string"}],"inLanguage":"fr-FR"}]}},"_links":{"self":[{"href":"https:\/\/www.sp-equipements.com\/site\/wp-json\/wp\/v2\/product\/21863"}],"collection":[{"href":"https:\/\/www.sp-equipements.com\/site\/wp-json\/wp\/v2\/product"}],"about":[{"href":"https:\/\/www.sp-equipements.com\/site\/wp-json\/wp\/v2\/types\/product"}],"replies":[{"embeddable":true,"href":"https:\/\/www.sp-equipements.com\/site\/wp-json\/wp\/v2\/comments?post=21863"}],"wp:featuredmedia":[{"embeddable":true,"href":"https:\/\/www.sp-equipements.com\/site\/wp-json\/wp\/v2\/media\/37870"}],"wp:attachment":[{"href":"https:\/\/www.sp-equipements.com\/site\/wp-json\/wp\/v2\/media?parent=21863"}],"wp:term":[{"taxonomy":"product_cat","embeddable":true,"href":"https:\/\/www.sp-equipements.com\/site\/wp-json\/wp\/v2\/product_cat?post=21863"},{"taxonomy":"product_tag","embeddable":true,"href":"https:\/\/www.sp-equipements.com\/site\/wp-json\/wp\/v2\/product_tag?post=21863"}],"curies":[{"name":"wp","href":"https:\/\/api.w.org\/{rel}","templated":true}]}}