{"id":21894,"date":"2019-06-07T10:18:46","date_gmt":"2019-06-07T08:18:46","guid":{"rendered":"http:\/\/www.polyequipements.com\/produit\/longe-sangle-de-connexion-simple\/"},"modified":"2019-06-19T15:32:06","modified_gmt":"2019-06-19T13:32:06","slug":"longe-sangle-de-connexion-simple","status":"publish","type":"product","link":"https:\/\/www.sp-equipements.com\/site\/produit\/longe-sangle-de-connexion-simple\/","title":{"rendered":"Longe Sangle <i>de connexion simple<\/i>"},"content":{"rendered":"","protected":false},"excerpt":{"rendered":"<div id=\"box-article-description\">\n<div id=\"display-article-description\">\n<p>Longe de connexion simple sangle.<\/p>\n<p>Connecteurs en acier d&rsquo;ouverture 18, 20 et 50mm en option.<br \/>\nConnecteurs en aluminium d&rsquo;ouverture 60 et 110mm en option.<br \/>\nPince d&rsquo;accroche en inox d&rsquo;ouverture 140mm en option.<\/p>\n<\/div>\n<\/div>\n","protected":false},"featured_media":37785,"comment_status":"open","ping_status":"closed","template":"","meta":[],"product_cat":[198,105],"product_tag":[],"yoast_head":"<!-- This site is optimized with the Yoast SEO plugin v22.2 - https:\/\/yoast.com\/wordpress\/plugins\/seo\/ -->\n<title>Longe Sangle de connexion simple - SP \u00c9quipements<\/title>\n<meta name=\"robots\" content=\"index, follow, max-snippet:-1, max-image-preview:large, max-video-preview:-1\" \/>\n<link rel=\"canonical\" href=\"https:\/\/www.sp-equipements.com\/site\/produit\/longe-sangle-de-connexion-simple\/\" \/>\n<meta property=\"og:locale\" content=\"fr_FR\" \/>\n<meta property=\"og:type\" content=\"article\" \/>\n<meta property=\"og:title\" content=\"Longe Sangle de connexion simple - SP \u00c9quipements\" \/>\n<meta property=\"og:description\" content=\"Longe de connexion simple sangle.  Connecteurs en acier d&#039;ouverture 18, 20 et 50mm en option. Connecteurs en aluminium d&#039;ouverture 60 et 110mm en option. Pince d&#039;accroche en inox d&#039;ouverture 140mm en option.\" \/>\n<meta property=\"og:url\" content=\"https:\/\/www.sp-equipements.com\/site\/produit\/longe-sangle-de-connexion-simple\/\" \/>\n<meta property=\"og:site_name\" content=\"SP \u00c9quipements\" \/>\n<meta property=\"article:modified_time\" content=\"2019-06-19T13:32:06+00:00\" \/>\n<meta property=\"og:image\" content=\"https:\/\/www.sp-equipements.com\/site\/wp-content\/uploads\/2019\/06\/longe_sangle_simple-1.jpg\" \/>\n\t<meta property=\"og:image:width\" content=\"190\" \/>\n\t<meta property=\"og:image:height\" content=\"190\" \/>\n\t<meta property=\"og:image:type\" content=\"image\/jpeg\" \/>\n<meta name=\"twitter:card\" content=\"summary_large_image\" \/>\n<script type=\"application\/ld+json\" class=\"yoast-schema-graph\">{\"@context\":\"https:\/\/schema.org\",\"@graph\":[{\"@type\":\"WebPage\",\"@id\":\"https:\/\/www.sp-equipements.com\/site\/produit\/longe-sangle-de-connexion-simple\/\",\"url\":\"https:\/\/www.sp-equipements.com\/site\/produit\/longe-sangle-de-connexion-simple\/\",\"name\":\"Longe Sangle de connexion simple - SP \u00c9quipements\",\"isPartOf\":{\"@id\":\"https:\/\/www.sp-equipements.com\/site\/#website\"},\"primaryImageOfPage\":{\"@id\":\"https:\/\/www.sp-equipements.com\/site\/produit\/longe-sangle-de-connexion-simple\/#primaryimage\"},\"image\":{\"@id\":\"https:\/\/www.sp-equipements.com\/site\/produit\/longe-sangle-de-connexion-simple\/#primaryimage\"},\"thumbnailUrl\":\"https:\/\/www.sp-equipements.com\/site\/wp-content\/uploads\/2019\/06\/longe_sangle_simple-1.jpg\",\"datePublished\":\"2019-06-07T08:18:46+00:00\",\"dateModified\":\"2019-06-19T13:32:06+00:00\",\"breadcrumb\":{\"@id\":\"https:\/\/www.sp-equipements.com\/site\/produit\/longe-sangle-de-connexion-simple\/#breadcrumb\"},\"inLanguage\":\"fr-FR\",\"potentialAction\":[{\"@type\":\"ReadAction\",\"target\":[\"https:\/\/www.sp-equipements.com\/site\/produit\/longe-sangle-de-connexion-simple\/\"]}]},{\"@type\":\"ImageObject\",\"inLanguage\":\"fr-FR\",\"@id\":\"https:\/\/www.sp-equipements.com\/site\/produit\/longe-sangle-de-connexion-simple\/#primaryimage\",\"url\":\"https:\/\/www.sp-equipements.com\/site\/wp-content\/uploads\/2019\/06\/longe_sangle_simple-1.jpg\",\"contentUrl\":\"https:\/\/www.sp-equipements.com\/site\/wp-content\/uploads\/2019\/06\/longe_sangle_simple-1.jpg\",\"width\":190,\"height\":190,\"caption\":\"longe sangle simple 1\"},{\"@type\":\"BreadcrumbList\",\"@id\":\"https:\/\/www.sp-equipements.com\/site\/produit\/longe-sangle-de-connexion-simple\/#breadcrumb\",\"itemListElement\":[{\"@type\":\"ListItem\",\"position\":1,\"name\":\"Accueil\",\"item\":\"https:\/\/www.sp-equipements.com\/site\/\"},{\"@type\":\"ListItem\",\"position\":2,\"name\":\"Catalogue\",\"item\":\"https:\/\/www.sp-equipements.com\/site\/catalogue\/\"},{\"@type\":\"ListItem\",\"position\":3,\"name\":\"Longe Sangle de connexion simple\"}]},{\"@type\":\"WebSite\",\"@id\":\"https:\/\/www.sp-equipements.com\/site\/#website\",\"url\":\"https:\/\/www.sp-equipements.com\/site\/\",\"name\":\"SP \u00c9quipements\",\"description\":\"\u00c9quipements de collectivit\u00e9s\",\"potentialAction\":[{\"@type\":\"SearchAction\",\"target\":{\"@type\":\"EntryPoint\",\"urlTemplate\":\"https:\/\/www.sp-equipements.com\/site\/?s={search_term_string}\"},\"query-input\":\"required name=search_term_string\"}],\"inLanguage\":\"fr-FR\"}]}<\/script>\n<!-- \/ Yoast SEO plugin. -->","yoast_head_json":{"title":"Longe Sangle de connexion simple - SP \u00c9quipements","robots":{"index":"index","follow":"follow","max-snippet":"max-snippet:-1","max-image-preview":"max-image-preview:large","max-video-preview":"max-video-preview:-1"},"canonical":"https:\/\/www.sp-equipements.com\/site\/produit\/longe-sangle-de-connexion-simple\/","og_locale":"fr_FR","og_type":"article","og_title":"Longe Sangle de connexion simple - SP \u00c9quipements","og_description":"Longe de connexion simple sangle.  Connecteurs en acier d'ouverture 18, 20 et 50mm en option. Connecteurs en aluminium d'ouverture 60 et 110mm en option. Pince d'accroche en inox d'ouverture 140mm en option.","og_url":"https:\/\/www.sp-equipements.com\/site\/produit\/longe-sangle-de-connexion-simple\/","og_site_name":"SP \u00c9quipements","article_modified_time":"2019-06-19T13:32:06+00:00","og_image":[{"width":190,"height":190,"url":"https:\/\/www.sp-equipements.com\/site\/wp-content\/uploads\/2019\/06\/longe_sangle_simple-1.jpg","type":"image\/jpeg"}],"twitter_card":"summary_large_image","schema":{"@context":"https:\/\/schema.org","@graph":[{"@type":"WebPage","@id":"https:\/\/www.sp-equipements.com\/site\/produit\/longe-sangle-de-connexion-simple\/","url":"https:\/\/www.sp-equipements.com\/site\/produit\/longe-sangle-de-connexion-simple\/","name":"Longe Sangle de connexion simple - SP \u00c9quipements","isPartOf":{"@id":"https:\/\/www.sp-equipements.com\/site\/#website"},"primaryImageOfPage":{"@id":"https:\/\/www.sp-equipements.com\/site\/produit\/longe-sangle-de-connexion-simple\/#primaryimage"},"image":{"@id":"https:\/\/www.sp-equipements.com\/site\/produit\/longe-sangle-de-connexion-simple\/#primaryimage"},"thumbnailUrl":"https:\/\/www.sp-equipements.com\/site\/wp-content\/uploads\/2019\/06\/longe_sangle_simple-1.jpg","datePublished":"2019-06-07T08:18:46+00:00","dateModified":"2019-06-19T13:32:06+00:00","breadcrumb":{"@id":"https:\/\/www.sp-equipements.com\/site\/produit\/longe-sangle-de-connexion-simple\/#breadcrumb"},"inLanguage":"fr-FR","potentialAction":[{"@type":"ReadAction","target":["https:\/\/www.sp-equipements.com\/site\/produit\/longe-sangle-de-connexion-simple\/"]}]},{"@type":"ImageObject","inLanguage":"fr-FR","@id":"https:\/\/www.sp-equipements.com\/site\/produit\/longe-sangle-de-connexion-simple\/#primaryimage","url":"https:\/\/www.sp-equipements.com\/site\/wp-content\/uploads\/2019\/06\/longe_sangle_simple-1.jpg","contentUrl":"https:\/\/www.sp-equipements.com\/site\/wp-content\/uploads\/2019\/06\/longe_sangle_simple-1.jpg","width":190,"height":190,"caption":"longe sangle simple 1"},{"@type":"BreadcrumbList","@id":"https:\/\/www.sp-equipements.com\/site\/produit\/longe-sangle-de-connexion-simple\/#breadcrumb","itemListElement":[{"@type":"ListItem","position":1,"name":"Accueil","item":"https:\/\/www.sp-equipements.com\/site\/"},{"@type":"ListItem","position":2,"name":"Catalogue","item":"https:\/\/www.sp-equipements.com\/site\/catalogue\/"},{"@type":"ListItem","position":3,"name":"Longe Sangle de connexion simple"}]},{"@type":"WebSite","@id":"https:\/\/www.sp-equipements.com\/site\/#website","url":"https:\/\/www.sp-equipements.com\/site\/","name":"SP \u00c9quipements","description":"\u00c9quipements de collectivit\u00e9s","potentialAction":[{"@type":"SearchAction","target":{"@type":"EntryPoint","urlTemplate":"https:\/\/www.sp-equipements.com\/site\/?s={search_term_string}"},"query-input":"required name=search_term_string"}],"inLanguage":"fr-FR"}]}},"_links":{"self":[{"href":"https:\/\/www.sp-equipements.com\/site\/wp-json\/wp\/v2\/product\/21894"}],"collection":[{"href":"https:\/\/www.sp-equipements.com\/site\/wp-json\/wp\/v2\/product"}],"about":[{"href":"https:\/\/www.sp-equipements.com\/site\/wp-json\/wp\/v2\/types\/product"}],"replies":[{"embeddable":true,"href":"https:\/\/www.sp-equipements.com\/site\/wp-json\/wp\/v2\/comments?post=21894"}],"wp:featuredmedia":[{"embeddable":true,"href":"https:\/\/www.sp-equipements.com\/site\/wp-json\/wp\/v2\/media\/37785"}],"wp:attachment":[{"href":"https:\/\/www.sp-equipements.com\/site\/wp-json\/wp\/v2\/media?parent=21894"}],"wp:term":[{"taxonomy":"product_cat","embeddable":true,"href":"https:\/\/www.sp-equipements.com\/site\/wp-json\/wp\/v2\/product_cat?post=21894"},{"taxonomy":"product_tag","embeddable":true,"href":"https:\/\/www.sp-equipements.com\/site\/wp-json\/wp\/v2\/product_tag?post=21894"}],"curies":[{"name":"wp","href":"https:\/\/api.w.org\/{rel}","templated":true}]}}