{"id":37991,"date":"2019-06-19T17:43:29","date_gmt":"2019-06-19T15:43:29","guid":{"rendered":"http:\/\/www.polyequipements.com\/?post_type=product&#038;p=37991"},"modified":"2019-06-19T18:17:30","modified_gmt":"2019-06-19T16:17:30","slug":"rampe-aluminium-sans-rebords-2","status":"publish","type":"product","link":"https:\/\/www.sp-equipements.com\/site\/produit\/rampe-aluminium-sans-rebords-2\/","title":{"rendered":"RAMPE ALUMINIUM SANS REBORDS"},"content":{"rendered":"","protected":false},"excerpt":{"rendered":"<div id=\"box-article-description\">\n<div id=\"display-article-description\">\n<p><i>Les rampes de chargement sans rebords en aluminium pour les mat\u00e9riels munis de pneumatiques ou de chenilles caoutchouc.\u00a0<\/i><\/p>\n<p><b>Caract\u00e9ristiques techniques :<\/b><br \/>\n\u2022 Rampes test\u00e9es par le TUV et certifi\u00e9es GS<br \/>\n\u2022 Surface antid\u00e9rapante<br \/>\n\u2022 Capacit\u00e9 par paire de 1050 \u00e0 7680 kg<br \/>\n\u2022 Epaisseur profil de 72 \u00e0 190 mm<br \/>\n\u2022 Largeur hors tout maxi 610 mm<\/p>\n<p><b>FRANCO DE PORT<\/b><\/p>\n<p>Capacit\u00e9 de charge par paire selon dimension :<br \/>\n\u2022 Pour la 1500x310mm : 1685kg<br \/>\n\u2022 Pour la 2000x310mm : 1600kg<br \/>\n\u2022 Pour la 2500x310mm : 1360 \u00e0 1600kg<br \/>\n\u2022 Pour la 3000x310mm : 1050 \u00e0 1350kg<br \/>\n\u2022 Pour la 3000x400mm : 3900kg<br \/>\n\u2022 Pour la 3500x430mm : 3200 \u00e0 3900kg<br \/>\n\u2022 Pour la 4000x430mm : 2600 \u00e0 3100kg<br \/>\n\u2022 Pour la 4000x470mm : 4065 \u00e0 5085kg<br \/>\n\u2022 Pour la 4000x580mm : 5520 \u00e0 6900kg<br \/>\n\u2022 Pour la 4500x580mm : 4555 \u00e0 5465kg<br \/>\n\u2022 Pour la 4500x610mm : 6400 \u00e0 7680kg<br \/>\n\u2022 Pour la 5000x610mm : 5450 \u00e0 6360kg<\/p>\n<\/div>\n<\/div>\n","protected":false},"featured_media":37520,"comment_status":"open","ping_status":"closed","template":"","meta":[],"product_cat":[95,141],"product_tag":[],"yoast_head":"<!-- This site is optimized with the Yoast SEO plugin v22.2 - https:\/\/yoast.com\/wordpress\/plugins\/seo\/ -->\n<title>RAMPE ALUMINIUM SANS REBORDS - SP \u00c9quipements<\/title>\n<meta name=\"robots\" content=\"index, follow, max-snippet:-1, max-image-preview:large, max-video-preview:-1\" \/>\n<link rel=\"canonical\" href=\"https:\/\/www.sp-equipements.com\/site\/produit\/rampe-aluminium-sans-rebords-2\/\" \/>\n<meta property=\"og:locale\" content=\"fr_FR\" \/>\n<meta property=\"og:type\" content=\"article\" \/>\n<meta property=\"og:title\" content=\"RAMPE ALUMINIUM SANS REBORDS - SP \u00c9quipements\" \/>\n<meta property=\"og:description\" content=\"Les rampes de chargement sans rebords en aluminium pour les mat\u00e9riels munis de pneumatiques ou de chenilles caoutchouc.\u00a0  Caract\u00e9ristiques techniques : \u2022 Rampes test\u00e9es par le TUV et certifi\u00e9es GS \u2022 Surface antid\u00e9rapante \u2022 Capacit\u00e9 par paire de 1050 \u00e0 7680 kg \u2022 Epaisseur profil de 72 \u00e0 190 mm \u2022 Largeur hors tout maxi 610 mm  FRANCO DE PORT  Capacit\u00e9 de charge par paire selon dimension : \u2022 Pour la 1500x310mm : 1685kg \u2022 Pour la 2000x310mm : 1600kg \u2022 Pour la 2500x310mm : 1360 \u00e0 1600kg \u2022 Pour la 3000x310mm : 1050 \u00e0 1350kg \u2022 Pour la 3000x400mm : 3900kg \u2022 Pour la 3500x430mm : 3200 \u00e0 3900kg \u2022 Pour la 4000x430mm : 2600 \u00e0 3100kg \u2022 Pour la 4000x470mm : 4065 \u00e0 5085kg \u2022 Pour la 4000x580mm : 5520 \u00e0 6900kg \u2022 Pour la 4500x580mm : 4555 \u00e0 5465kg \u2022 Pour la 4500x610mm : 6400 \u00e0 7680kg \u2022 Pour la 5000x610mm : 5450 \u00e0 6360kg\" \/>\n<meta property=\"og:url\" content=\"https:\/\/www.sp-equipements.com\/site\/produit\/rampe-aluminium-sans-rebords-2\/\" \/>\n<meta property=\"og:site_name\" content=\"SP \u00c9quipements\" \/>\n<meta property=\"article:modified_time\" content=\"2019-06-19T16:17:30+00:00\" \/>\n<meta property=\"og:image\" content=\"https:\/\/www.sp-equipements.com\/site\/wp-content\/uploads\/2019\/06\/rampe_aluminium_sans_rebords-1.jpg\" \/>\n\t<meta property=\"og:image:width\" content=\"190\" \/>\n\t<meta property=\"og:image:height\" content=\"190\" \/>\n\t<meta property=\"og:image:type\" content=\"image\/jpeg\" \/>\n<meta name=\"twitter:card\" content=\"summary_large_image\" \/>\n<script type=\"application\/ld+json\" class=\"yoast-schema-graph\">{\"@context\":\"https:\/\/schema.org\",\"@graph\":[{\"@type\":\"WebPage\",\"@id\":\"https:\/\/www.sp-equipements.com\/site\/produit\/rampe-aluminium-sans-rebords-2\/\",\"url\":\"https:\/\/www.sp-equipements.com\/site\/produit\/rampe-aluminium-sans-rebords-2\/\",\"name\":\"RAMPE ALUMINIUM SANS REBORDS - SP \u00c9quipements\",\"isPartOf\":{\"@id\":\"https:\/\/www.sp-equipements.com\/site\/#website\"},\"primaryImageOfPage\":{\"@id\":\"https:\/\/www.sp-equipements.com\/site\/produit\/rampe-aluminium-sans-rebords-2\/#primaryimage\"},\"image\":{\"@id\":\"https:\/\/www.sp-equipements.com\/site\/produit\/rampe-aluminium-sans-rebords-2\/#primaryimage\"},\"thumbnailUrl\":\"https:\/\/www.sp-equipements.com\/site\/wp-content\/uploads\/2019\/06\/rampe_aluminium_sans_rebords-1.jpg\",\"datePublished\":\"2019-06-19T15:43:29+00:00\",\"dateModified\":\"2019-06-19T16:17:30+00:00\",\"breadcrumb\":{\"@id\":\"https:\/\/www.sp-equipements.com\/site\/produit\/rampe-aluminium-sans-rebords-2\/#breadcrumb\"},\"inLanguage\":\"fr-FR\",\"potentialAction\":[{\"@type\":\"ReadAction\",\"target\":[\"https:\/\/www.sp-equipements.com\/site\/produit\/rampe-aluminium-sans-rebords-2\/\"]}]},{\"@type\":\"ImageObject\",\"inLanguage\":\"fr-FR\",\"@id\":\"https:\/\/www.sp-equipements.com\/site\/produit\/rampe-aluminium-sans-rebords-2\/#primaryimage\",\"url\":\"https:\/\/www.sp-equipements.com\/site\/wp-content\/uploads\/2019\/06\/rampe_aluminium_sans_rebords-1.jpg\",\"contentUrl\":\"https:\/\/www.sp-equipements.com\/site\/wp-content\/uploads\/2019\/06\/rampe_aluminium_sans_rebords-1.jpg\",\"width\":190,\"height\":190,\"caption\":\"rampe aluminium sans rebords 1\"},{\"@type\":\"BreadcrumbList\",\"@id\":\"https:\/\/www.sp-equipements.com\/site\/produit\/rampe-aluminium-sans-rebords-2\/#breadcrumb\",\"itemListElement\":[{\"@type\":\"ListItem\",\"position\":1,\"name\":\"Accueil\",\"item\":\"https:\/\/www.sp-equipements.com\/site\/\"},{\"@type\":\"ListItem\",\"position\":2,\"name\":\"Catalogue\",\"item\":\"https:\/\/www.sp-equipements.com\/site\/catalogue\/\"},{\"@type\":\"ListItem\",\"position\":3,\"name\":\"RAMPE ALUMINIUM SANS REBORDS\"}]},{\"@type\":\"WebSite\",\"@id\":\"https:\/\/www.sp-equipements.com\/site\/#website\",\"url\":\"https:\/\/www.sp-equipements.com\/site\/\",\"name\":\"SP \u00c9quipements\",\"description\":\"\u00c9quipements de collectivit\u00e9s\",\"potentialAction\":[{\"@type\":\"SearchAction\",\"target\":{\"@type\":\"EntryPoint\",\"urlTemplate\":\"https:\/\/www.sp-equipements.com\/site\/?s={search_term_string}\"},\"query-input\":\"required name=search_term_string\"}],\"inLanguage\":\"fr-FR\"}]}<\/script>\n<!-- \/ Yoast SEO plugin. -->","yoast_head_json":{"title":"RAMPE ALUMINIUM SANS REBORDS - SP \u00c9quipements","robots":{"index":"index","follow":"follow","max-snippet":"max-snippet:-1","max-image-preview":"max-image-preview:large","max-video-preview":"max-video-preview:-1"},"canonical":"https:\/\/www.sp-equipements.com\/site\/produit\/rampe-aluminium-sans-rebords-2\/","og_locale":"fr_FR","og_type":"article","og_title":"RAMPE ALUMINIUM SANS REBORDS - SP \u00c9quipements","og_description":"Les rampes de chargement sans rebords en aluminium pour les mat\u00e9riels munis de pneumatiques ou de chenilles caoutchouc.\u00a0  Caract\u00e9ristiques techniques : \u2022 Rampes test\u00e9es par le TUV et certifi\u00e9es GS \u2022 Surface antid\u00e9rapante \u2022 Capacit\u00e9 par paire de 1050 \u00e0 7680 kg \u2022 Epaisseur profil de 72 \u00e0 190 mm \u2022 Largeur hors tout maxi 610 mm  FRANCO DE PORT  Capacit\u00e9 de charge par paire selon dimension : \u2022 Pour la 1500x310mm : 1685kg \u2022 Pour la 2000x310mm : 1600kg \u2022 Pour la 2500x310mm : 1360 \u00e0 1600kg \u2022 Pour la 3000x310mm : 1050 \u00e0 1350kg \u2022 Pour la 3000x400mm : 3900kg \u2022 Pour la 3500x430mm : 3200 \u00e0 3900kg \u2022 Pour la 4000x430mm : 2600 \u00e0 3100kg \u2022 Pour la 4000x470mm : 4065 \u00e0 5085kg \u2022 Pour la 4000x580mm : 5520 \u00e0 6900kg \u2022 Pour la 4500x580mm : 4555 \u00e0 5465kg \u2022 Pour la 4500x610mm : 6400 \u00e0 7680kg \u2022 Pour la 5000x610mm : 5450 \u00e0 6360kg","og_url":"https:\/\/www.sp-equipements.com\/site\/produit\/rampe-aluminium-sans-rebords-2\/","og_site_name":"SP \u00c9quipements","article_modified_time":"2019-06-19T16:17:30+00:00","og_image":[{"width":190,"height":190,"url":"https:\/\/www.sp-equipements.com\/site\/wp-content\/uploads\/2019\/06\/rampe_aluminium_sans_rebords-1.jpg","type":"image\/jpeg"}],"twitter_card":"summary_large_image","schema":{"@context":"https:\/\/schema.org","@graph":[{"@type":"WebPage","@id":"https:\/\/www.sp-equipements.com\/site\/produit\/rampe-aluminium-sans-rebords-2\/","url":"https:\/\/www.sp-equipements.com\/site\/produit\/rampe-aluminium-sans-rebords-2\/","name":"RAMPE ALUMINIUM SANS REBORDS - SP \u00c9quipements","isPartOf":{"@id":"https:\/\/www.sp-equipements.com\/site\/#website"},"primaryImageOfPage":{"@id":"https:\/\/www.sp-equipements.com\/site\/produit\/rampe-aluminium-sans-rebords-2\/#primaryimage"},"image":{"@id":"https:\/\/www.sp-equipements.com\/site\/produit\/rampe-aluminium-sans-rebords-2\/#primaryimage"},"thumbnailUrl":"https:\/\/www.sp-equipements.com\/site\/wp-content\/uploads\/2019\/06\/rampe_aluminium_sans_rebords-1.jpg","datePublished":"2019-06-19T15:43:29+00:00","dateModified":"2019-06-19T16:17:30+00:00","breadcrumb":{"@id":"https:\/\/www.sp-equipements.com\/site\/produit\/rampe-aluminium-sans-rebords-2\/#breadcrumb"},"inLanguage":"fr-FR","potentialAction":[{"@type":"ReadAction","target":["https:\/\/www.sp-equipements.com\/site\/produit\/rampe-aluminium-sans-rebords-2\/"]}]},{"@type":"ImageObject","inLanguage":"fr-FR","@id":"https:\/\/www.sp-equipements.com\/site\/produit\/rampe-aluminium-sans-rebords-2\/#primaryimage","url":"https:\/\/www.sp-equipements.com\/site\/wp-content\/uploads\/2019\/06\/rampe_aluminium_sans_rebords-1.jpg","contentUrl":"https:\/\/www.sp-equipements.com\/site\/wp-content\/uploads\/2019\/06\/rampe_aluminium_sans_rebords-1.jpg","width":190,"height":190,"caption":"rampe aluminium sans rebords 1"},{"@type":"BreadcrumbList","@id":"https:\/\/www.sp-equipements.com\/site\/produit\/rampe-aluminium-sans-rebords-2\/#breadcrumb","itemListElement":[{"@type":"ListItem","position":1,"name":"Accueil","item":"https:\/\/www.sp-equipements.com\/site\/"},{"@type":"ListItem","position":2,"name":"Catalogue","item":"https:\/\/www.sp-equipements.com\/site\/catalogue\/"},{"@type":"ListItem","position":3,"name":"RAMPE ALUMINIUM SANS REBORDS"}]},{"@type":"WebSite","@id":"https:\/\/www.sp-equipements.com\/site\/#website","url":"https:\/\/www.sp-equipements.com\/site\/","name":"SP \u00c9quipements","description":"\u00c9quipements de collectivit\u00e9s","potentialAction":[{"@type":"SearchAction","target":{"@type":"EntryPoint","urlTemplate":"https:\/\/www.sp-equipements.com\/site\/?s={search_term_string}"},"query-input":"required name=search_term_string"}],"inLanguage":"fr-FR"}]}},"_links":{"self":[{"href":"https:\/\/www.sp-equipements.com\/site\/wp-json\/wp\/v2\/product\/37991"}],"collection":[{"href":"https:\/\/www.sp-equipements.com\/site\/wp-json\/wp\/v2\/product"}],"about":[{"href":"https:\/\/www.sp-equipements.com\/site\/wp-json\/wp\/v2\/types\/product"}],"replies":[{"embeddable":true,"href":"https:\/\/www.sp-equipements.com\/site\/wp-json\/wp\/v2\/comments?post=37991"}],"wp:featuredmedia":[{"embeddable":true,"href":"https:\/\/www.sp-equipements.com\/site\/wp-json\/wp\/v2\/media\/37520"}],"wp:attachment":[{"href":"https:\/\/www.sp-equipements.com\/site\/wp-json\/wp\/v2\/media?parent=37991"}],"wp:term":[{"taxonomy":"product_cat","embeddable":true,"href":"https:\/\/www.sp-equipements.com\/site\/wp-json\/wp\/v2\/product_cat?post=37991"},{"taxonomy":"product_tag","embeddable":true,"href":"https:\/\/www.sp-equipements.com\/site\/wp-json\/wp\/v2\/product_tag?post=37991"}],"curies":[{"name":"wp","href":"https:\/\/api.w.org\/{rel}","templated":true}]}}