{"id":38310,"date":"2020-12-02T14:31:29","date_gmt":"2020-12-02T13:31:29","guid":{"rendered":"https:\/\/sp-equipements.avancenet.org\/?post_type=product&#038;p=38310"},"modified":"2022-04-01T07:34:08","modified_gmt":"2022-04-01T05:34:08","slug":"isoloir-magic","status":"publish","type":"product","link":"https:\/\/www.sp-equipements.com\/site\/produit\/isoloir-magic\/","title":{"rendered":"Isoloir MAGIC"},"content":{"rendered":"<h2>Isoloir MAGIC : description<\/h2>\n<p>&nbsp;<\/p>\n<p>L&rsquo;isoloir ultra l\u00e9ger est un isoloir compact, l\u00e9ger et montable par une personne seule sans outils<\/p>\n<p>Il est parfaitement pliant, pour un rangement tr\u00e8s efficace et une faible dimension repli\u00e9 (2m x 1m).<\/p>\n<p>Il est adapt\u00e9 aux personnes \u00e0 mobilit\u00e9 r\u00e9duite (PMR) via sa tablette amovible \u00e0 deux positions (standard et PMR).<\/p>\n<p>&nbsp;<\/p>\n<h2>Caract\u00e9ristiques<\/h2>\n<ul>\n<li>Poids : Ultra l\u00e9ger : 16kg<\/li>\n<li>Dimension repli\u00e9 : 2 m x 1m<\/li>\n<li>Fourni avec :<\/li>\n<li>1 rideau classement au feu M1<\/li>\n<li>Une tablette amovible \u00e0 deux positions : PMR et standard.<\/li>\n<li>Un sac de protection Blanc<\/li>\n<\/ul>\n<p>&nbsp;<\/p>\n<h2>Sp\u00e9cificit\u00e9s<\/h2>\n<p>L&rsquo;isoloir ultra l\u00e9ger est adaptable en isoloir complet.<\/p>\n<p>Sa l\u00e9g\u00e8ret\u00e9 permet un montage facile par une personne sans outils, le tout en 2 minutes. Et pour son d\u00e9montage c\u2019est tout aussi simple !<\/p>\n<p>3 c\u00f4t\u00e9s ferm\u00e9s , 1 rideau class\u00e9 au feu M1 et 2 tablettes de 30cm pour 1 tablette de 60cm de profondeur dont une avec trou de 6cm de diam\u00e8tre pour permettre peut-\u00eatre des futurs \u00e9lections \u00e9lectroniques.<\/p>\n<p>&nbsp;<\/p>\n<h2>Options disponibles :<\/h2>\n<p>&#8211; \u00c9clairage LED<br \/>\n&#8211; Plexiglas<\/p>\n","protected":false},"excerpt":{"rendered":"<p>Poids : Ultra l\u00e9ger : 16kg<\/p>\n<p>Dimension repli\u00e9 : 2 m x 1m<\/p>\n<p>Fournis :<\/p>\n<p>&#8211; 1 rideau classement au feu M1<\/p>\n<p>&#8211; Tablette amovible deux posi-<br \/>\ntion : PMR et standard.<\/p>\n<p>&#8211; Sac de Proctection Blanc<\/p>\n","protected":false},"featured_media":38315,"comment_status":"open","ping_status":"closed","template":"","meta":[],"product_cat":[166,99],"product_tag":[],"yoast_head":"<!-- This site is optimized with the Yoast SEO plugin v22.2 - https:\/\/yoast.com\/wordpress\/plugins\/seo\/ -->\n<title>Isoloir MAGIC - SP \u00c9quipements<\/title>\n<meta name=\"robots\" content=\"index, follow, max-snippet:-1, max-image-preview:large, max-video-preview:-1\" \/>\n<link rel=\"canonical\" href=\"https:\/\/www.sp-equipements.com\/site\/produit\/isoloir-magic\/\" \/>\n<meta property=\"og:locale\" content=\"fr_FR\" \/>\n<meta property=\"og:type\" content=\"article\" \/>\n<meta property=\"og:title\" content=\"Isoloir MAGIC - SP \u00c9quipements\" \/>\n<meta property=\"og:description\" content=\"Poids : Ultra l\u00e9ger : 16kg  Dimension repli\u00e9 : 2 m x 1m  Fournis :  - 1 rideau classement au feu M1  - Tablette amovible deux posi- tion : PMR et standard.  - Sac de Proctection Blanc\" \/>\n<meta property=\"og:url\" content=\"https:\/\/www.sp-equipements.com\/site\/produit\/isoloir-magic\/\" \/>\n<meta property=\"og:site_name\" content=\"SP \u00c9quipements\" \/>\n<meta property=\"article:modified_time\" content=\"2022-04-01T05:34:08+00:00\" \/>\n<meta property=\"og:image\" content=\"https:\/\/www.sp-equipements.com\/site\/wp-content\/uploads\/2020\/12\/isoloir-magic.jpg\" \/>\n\t<meta property=\"og:image:width\" content=\"190\" \/>\n\t<meta property=\"og:image:height\" content=\"190\" \/>\n\t<meta property=\"og:image:type\" content=\"image\/jpeg\" \/>\n<meta name=\"twitter:card\" content=\"summary_large_image\" \/>\n<meta name=\"twitter:label1\" content=\"Dur\u00e9e de lecture estim\u00e9e\" \/>\n\t<meta name=\"twitter:data1\" content=\"1 minute\" \/>\n<script type=\"application\/ld+json\" class=\"yoast-schema-graph\">{\"@context\":\"https:\/\/schema.org\",\"@graph\":[{\"@type\":\"WebPage\",\"@id\":\"https:\/\/www.sp-equipements.com\/site\/produit\/isoloir-magic\/\",\"url\":\"https:\/\/www.sp-equipements.com\/site\/produit\/isoloir-magic\/\",\"name\":\"Isoloir MAGIC - SP \u00c9quipements\",\"isPartOf\":{\"@id\":\"https:\/\/www.sp-equipements.com\/site\/#website\"},\"primaryImageOfPage\":{\"@id\":\"https:\/\/www.sp-equipements.com\/site\/produit\/isoloir-magic\/#primaryimage\"},\"image\":{\"@id\":\"https:\/\/www.sp-equipements.com\/site\/produit\/isoloir-magic\/#primaryimage\"},\"thumbnailUrl\":\"https:\/\/www.sp-equipements.com\/site\/wp-content\/uploads\/2020\/12\/isoloir-magic.jpg\",\"datePublished\":\"2020-12-02T13:31:29+00:00\",\"dateModified\":\"2022-04-01T05:34:08+00:00\",\"breadcrumb\":{\"@id\":\"https:\/\/www.sp-equipements.com\/site\/produit\/isoloir-magic\/#breadcrumb\"},\"inLanguage\":\"fr-FR\",\"potentialAction\":[{\"@type\":\"ReadAction\",\"target\":[\"https:\/\/www.sp-equipements.com\/site\/produit\/isoloir-magic\/\"]}]},{\"@type\":\"ImageObject\",\"inLanguage\":\"fr-FR\",\"@id\":\"https:\/\/www.sp-equipements.com\/site\/produit\/isoloir-magic\/#primaryimage\",\"url\":\"https:\/\/www.sp-equipements.com\/site\/wp-content\/uploads\/2020\/12\/isoloir-magic.jpg\",\"contentUrl\":\"https:\/\/www.sp-equipements.com\/site\/wp-content\/uploads\/2020\/12\/isoloir-magic.jpg\",\"width\":190,\"height\":190},{\"@type\":\"BreadcrumbList\",\"@id\":\"https:\/\/www.sp-equipements.com\/site\/produit\/isoloir-magic\/#breadcrumb\",\"itemListElement\":[{\"@type\":\"ListItem\",\"position\":1,\"name\":\"Accueil\",\"item\":\"https:\/\/www.sp-equipements.com\/site\/\"},{\"@type\":\"ListItem\",\"position\":2,\"name\":\"Catalogue\",\"item\":\"https:\/\/www.sp-equipements.com\/site\/catalogue\/\"},{\"@type\":\"ListItem\",\"position\":3,\"name\":\"Isoloir MAGIC\"}]},{\"@type\":\"WebSite\",\"@id\":\"https:\/\/www.sp-equipements.com\/site\/#website\",\"url\":\"https:\/\/www.sp-equipements.com\/site\/\",\"name\":\"SP \u00c9quipements\",\"description\":\"\u00c9quipements de collectivit\u00e9s\",\"potentialAction\":[{\"@type\":\"SearchAction\",\"target\":{\"@type\":\"EntryPoint\",\"urlTemplate\":\"https:\/\/www.sp-equipements.com\/site\/?s={search_term_string}\"},\"query-input\":\"required name=search_term_string\"}],\"inLanguage\":\"fr-FR\"}]}<\/script>\n<!-- \/ Yoast SEO plugin. -->","yoast_head_json":{"title":"Isoloir MAGIC - SP \u00c9quipements","robots":{"index":"index","follow":"follow","max-snippet":"max-snippet:-1","max-image-preview":"max-image-preview:large","max-video-preview":"max-video-preview:-1"},"canonical":"https:\/\/www.sp-equipements.com\/site\/produit\/isoloir-magic\/","og_locale":"fr_FR","og_type":"article","og_title":"Isoloir MAGIC - SP \u00c9quipements","og_description":"Poids : Ultra l\u00e9ger : 16kg  Dimension repli\u00e9 : 2 m x 1m  Fournis :  - 1 rideau classement au feu M1  - Tablette amovible deux posi- tion : PMR et standard.  - Sac de Proctection Blanc","og_url":"https:\/\/www.sp-equipements.com\/site\/produit\/isoloir-magic\/","og_site_name":"SP \u00c9quipements","article_modified_time":"2022-04-01T05:34:08+00:00","og_image":[{"width":190,"height":190,"url":"https:\/\/www.sp-equipements.com\/site\/wp-content\/uploads\/2020\/12\/isoloir-magic.jpg","type":"image\/jpeg"}],"twitter_card":"summary_large_image","twitter_misc":{"Dur\u00e9e de lecture estim\u00e9e":"1 minute"},"schema":{"@context":"https:\/\/schema.org","@graph":[{"@type":"WebPage","@id":"https:\/\/www.sp-equipements.com\/site\/produit\/isoloir-magic\/","url":"https:\/\/www.sp-equipements.com\/site\/produit\/isoloir-magic\/","name":"Isoloir MAGIC - SP \u00c9quipements","isPartOf":{"@id":"https:\/\/www.sp-equipements.com\/site\/#website"},"primaryImageOfPage":{"@id":"https:\/\/www.sp-equipements.com\/site\/produit\/isoloir-magic\/#primaryimage"},"image":{"@id":"https:\/\/www.sp-equipements.com\/site\/produit\/isoloir-magic\/#primaryimage"},"thumbnailUrl":"https:\/\/www.sp-equipements.com\/site\/wp-content\/uploads\/2020\/12\/isoloir-magic.jpg","datePublished":"2020-12-02T13:31:29+00:00","dateModified":"2022-04-01T05:34:08+00:00","breadcrumb":{"@id":"https:\/\/www.sp-equipements.com\/site\/produit\/isoloir-magic\/#breadcrumb"},"inLanguage":"fr-FR","potentialAction":[{"@type":"ReadAction","target":["https:\/\/www.sp-equipements.com\/site\/produit\/isoloir-magic\/"]}]},{"@type":"ImageObject","inLanguage":"fr-FR","@id":"https:\/\/www.sp-equipements.com\/site\/produit\/isoloir-magic\/#primaryimage","url":"https:\/\/www.sp-equipements.com\/site\/wp-content\/uploads\/2020\/12\/isoloir-magic.jpg","contentUrl":"https:\/\/www.sp-equipements.com\/site\/wp-content\/uploads\/2020\/12\/isoloir-magic.jpg","width":190,"height":190},{"@type":"BreadcrumbList","@id":"https:\/\/www.sp-equipements.com\/site\/produit\/isoloir-magic\/#breadcrumb","itemListElement":[{"@type":"ListItem","position":1,"name":"Accueil","item":"https:\/\/www.sp-equipements.com\/site\/"},{"@type":"ListItem","position":2,"name":"Catalogue","item":"https:\/\/www.sp-equipements.com\/site\/catalogue\/"},{"@type":"ListItem","position":3,"name":"Isoloir MAGIC"}]},{"@type":"WebSite","@id":"https:\/\/www.sp-equipements.com\/site\/#website","url":"https:\/\/www.sp-equipements.com\/site\/","name":"SP \u00c9quipements","description":"\u00c9quipements de collectivit\u00e9s","potentialAction":[{"@type":"SearchAction","target":{"@type":"EntryPoint","urlTemplate":"https:\/\/www.sp-equipements.com\/site\/?s={search_term_string}"},"query-input":"required name=search_term_string"}],"inLanguage":"fr-FR"}]}},"_links":{"self":[{"href":"https:\/\/www.sp-equipements.com\/site\/wp-json\/wp\/v2\/product\/38310"}],"collection":[{"href":"https:\/\/www.sp-equipements.com\/site\/wp-json\/wp\/v2\/product"}],"about":[{"href":"https:\/\/www.sp-equipements.com\/site\/wp-json\/wp\/v2\/types\/product"}],"replies":[{"embeddable":true,"href":"https:\/\/www.sp-equipements.com\/site\/wp-json\/wp\/v2\/comments?post=38310"}],"wp:featuredmedia":[{"embeddable":true,"href":"https:\/\/www.sp-equipements.com\/site\/wp-json\/wp\/v2\/media\/38315"}],"wp:attachment":[{"href":"https:\/\/www.sp-equipements.com\/site\/wp-json\/wp\/v2\/media?parent=38310"}],"wp:term":[{"taxonomy":"product_cat","embeddable":true,"href":"https:\/\/www.sp-equipements.com\/site\/wp-json\/wp\/v2\/product_cat?post=38310"},{"taxonomy":"product_tag","embeddable":true,"href":"https:\/\/www.sp-equipements.com\/site\/wp-json\/wp\/v2\/product_tag?post=38310"}],"curies":[{"name":"wp","href":"https:\/\/api.w.org\/{rel}","templated":true}]}}