{"id":38311,"date":"2020-12-02T14:44:09","date_gmt":"2020-12-02T13:44:09","guid":{"rendered":"https:\/\/sp-equipements.avancenet.org\/?post_type=product&#038;p=38311"},"modified":"2020-12-03T14:35:15","modified_gmt":"2020-12-03T13:35:15","slug":"urne-electorale","status":"publish","type":"product","link":"https:\/\/www.sp-equipements.com\/site\/produit\/urne-electorale\/","title":{"rendered":"Urne \u00e9lectorale"},"content":{"rendered":"<h2>Urne \u00e9lectorale : Description du produit<\/h2>\n<p>L&rsquo;urne SODEM est une urne conforme aux r\u00e9glementations en vigueur pour les \u00e9lections.<\/p>\n<p>Elle est disponible en plusieurs formats (contenance 300-500 bulletins, contenance 1000-1200 bulletins et contenance 1600-1800 bulletins)<\/p>\n<p>&nbsp;<\/p>\n<h2>Caract\u00e9ristiques techniques<\/h2>\n<ul>\n<li>Urne 6 faces en plexiglas<\/li>\n<li>Structure en aluminium rigide et<br \/>\nultral\u00e9ger<\/li>\n<li>Finition satin\u00e9e<\/li>\n<li>2 poign\u00e9es de manutention<\/li>\n<li>Ouverture du couvercle assur\u00e9e par 2 serrures<\/li>\n<li>Urnes empilables<\/li>\n<\/ul>\n<p>&nbsp;<\/p>\n<h2>Point forts<\/h2>\n<ul>\n<li><strong>Incassable<\/strong> : Fabrication en S.A.N. (mat\u00e9riaux transparent tr\u00e8s<br \/>\nr\u00e9sistant).<\/li>\n<li><strong>Inviolable<\/strong> : Trappe en acier zingu\u00e9 munie d\u2019un compteur \u00e0 4<br \/>\nchiffres qui s\u2019actionne manuellement \u00e0 l\u2019aide d\u2019un levier.<\/li>\n<li><strong>S\u00e9curit\u00e9<\/strong> : Ouverture par 2 serrures int\u00e9gr\u00e9es qui ne peuvent<br \/>\n\u00eatre actionn\u00e9es que par l\u2019introduction simultan\u00e9 de 2 clefs de<br \/>\ncouleur diff\u00e9rentes.<\/li>\n<li><strong>Protection<\/strong> : Remise \u00e0 z\u00e9ro du compteur impossible pendant le<br \/>\nscrutin.<\/li>\n<li><strong>Syst\u00e8me anti-fraude<\/strong> : Profil autour du capot emp\u00eachant de<br \/>\nglisser une enveloppe par le cot\u00e9.<\/li>\n<\/ul>\n<p>&nbsp;<\/p>\n<p>Garantie 2 ans.<\/p>\n<p>&nbsp;<\/p>\n<h2>Options et dimensions<\/h2>\n<ul>\n<li>300-500 BULLETINS (22L) 30x30x25cm<\/li>\n<li>1000-1200 BULLETINS (60L) 45x45x30cm<\/li>\n<li>1600-1800 BULLETINS (90L) 45x45x45cm<\/li>\n<\/ul>\n","protected":false},"excerpt":{"rendered":"<p>L&rsquo;urne \u00e9lectorale est une urne conforme aux r\u00e9glementations en vigueur pour les \u00e9lections.<\/p>\n<p>Elle peut contenir de 300 \u00e0 1800 bulletins en fonction du mod\u00e8le choisis.<\/p>\n<p>&nbsp;<\/p>\n","protected":false},"featured_media":38313,"comment_status":"open","ping_status":"closed","template":"","meta":[],"product_cat":[99,167],"product_tag":[],"yoast_head":"<!-- This site is optimized with the Yoast SEO plugin v22.2 - https:\/\/yoast.com\/wordpress\/plugins\/seo\/ -->\n<title>Urne \u00e9lectorale - SP \u00c9quipements<\/title>\n<meta name=\"robots\" content=\"index, follow, max-snippet:-1, max-image-preview:large, max-video-preview:-1\" \/>\n<link rel=\"canonical\" href=\"https:\/\/www.sp-equipements.com\/site\/produit\/urne-electorale\/\" \/>\n<meta property=\"og:locale\" content=\"fr_FR\" \/>\n<meta property=\"og:type\" content=\"article\" \/>\n<meta property=\"og:title\" content=\"Urne \u00e9lectorale - SP \u00c9quipements\" \/>\n<meta property=\"og:description\" content=\"L&#039;urne \u00e9lectorale est une urne conforme aux r\u00e9glementations en vigueur pour les \u00e9lections.  Elle peut contenir de 300 \u00e0 1800 bulletins en fonction du mod\u00e8le choisis.  &nbsp;\" \/>\n<meta property=\"og:url\" content=\"https:\/\/www.sp-equipements.com\/site\/produit\/urne-electorale\/\" \/>\n<meta property=\"og:site_name\" content=\"SP \u00c9quipements\" \/>\n<meta property=\"article:modified_time\" content=\"2020-12-03T13:35:15+00:00\" \/>\n<meta property=\"og:image\" content=\"https:\/\/www.sp-equipements.com\/site\/wp-content\/uploads\/2020\/12\/urne-SODEM-miniature.png\" \/>\n\t<meta property=\"og:image:width\" content=\"190\" \/>\n\t<meta property=\"og:image:height\" content=\"190\" \/>\n\t<meta property=\"og:image:type\" content=\"image\/png\" \/>\n<meta name=\"twitter:card\" content=\"summary_large_image\" \/>\n<meta name=\"twitter:label1\" content=\"Dur\u00e9e de lecture estim\u00e9e\" \/>\n\t<meta name=\"twitter:data1\" content=\"1 minute\" \/>\n<script type=\"application\/ld+json\" class=\"yoast-schema-graph\">{\"@context\":\"https:\/\/schema.org\",\"@graph\":[{\"@type\":\"WebPage\",\"@id\":\"https:\/\/www.sp-equipements.com\/site\/produit\/urne-electorale\/\",\"url\":\"https:\/\/www.sp-equipements.com\/site\/produit\/urne-electorale\/\",\"name\":\"Urne \u00e9lectorale - SP \u00c9quipements\",\"isPartOf\":{\"@id\":\"https:\/\/www.sp-equipements.com\/site\/#website\"},\"primaryImageOfPage\":{\"@id\":\"https:\/\/www.sp-equipements.com\/site\/produit\/urne-electorale\/#primaryimage\"},\"image\":{\"@id\":\"https:\/\/www.sp-equipements.com\/site\/produit\/urne-electorale\/#primaryimage\"},\"thumbnailUrl\":\"https:\/\/www.sp-equipements.com\/site\/wp-content\/uploads\/2020\/12\/urne-SODEM-miniature.png\",\"datePublished\":\"2020-12-02T13:44:09+00:00\",\"dateModified\":\"2020-12-03T13:35:15+00:00\",\"breadcrumb\":{\"@id\":\"https:\/\/www.sp-equipements.com\/site\/produit\/urne-electorale\/#breadcrumb\"},\"inLanguage\":\"fr-FR\",\"potentialAction\":[{\"@type\":\"ReadAction\",\"target\":[\"https:\/\/www.sp-equipements.com\/site\/produit\/urne-electorale\/\"]}]},{\"@type\":\"ImageObject\",\"inLanguage\":\"fr-FR\",\"@id\":\"https:\/\/www.sp-equipements.com\/site\/produit\/urne-electorale\/#primaryimage\",\"url\":\"https:\/\/www.sp-equipements.com\/site\/wp-content\/uploads\/2020\/12\/urne-SODEM-miniature.png\",\"contentUrl\":\"https:\/\/www.sp-equipements.com\/site\/wp-content\/uploads\/2020\/12\/urne-SODEM-miniature.png\",\"width\":190,\"height\":190},{\"@type\":\"BreadcrumbList\",\"@id\":\"https:\/\/www.sp-equipements.com\/site\/produit\/urne-electorale\/#breadcrumb\",\"itemListElement\":[{\"@type\":\"ListItem\",\"position\":1,\"name\":\"Accueil\",\"item\":\"https:\/\/www.sp-equipements.com\/site\/\"},{\"@type\":\"ListItem\",\"position\":2,\"name\":\"Catalogue\",\"item\":\"https:\/\/www.sp-equipements.com\/site\/catalogue\/\"},{\"@type\":\"ListItem\",\"position\":3,\"name\":\"Urne \u00e9lectorale\"}]},{\"@type\":\"WebSite\",\"@id\":\"https:\/\/www.sp-equipements.com\/site\/#website\",\"url\":\"https:\/\/www.sp-equipements.com\/site\/\",\"name\":\"SP \u00c9quipements\",\"description\":\"\u00c9quipements de collectivit\u00e9s\",\"potentialAction\":[{\"@type\":\"SearchAction\",\"target\":{\"@type\":\"EntryPoint\",\"urlTemplate\":\"https:\/\/www.sp-equipements.com\/site\/?s={search_term_string}\"},\"query-input\":\"required name=search_term_string\"}],\"inLanguage\":\"fr-FR\"}]}<\/script>\n<!-- \/ Yoast SEO plugin. -->","yoast_head_json":{"title":"Urne \u00e9lectorale - SP \u00c9quipements","robots":{"index":"index","follow":"follow","max-snippet":"max-snippet:-1","max-image-preview":"max-image-preview:large","max-video-preview":"max-video-preview:-1"},"canonical":"https:\/\/www.sp-equipements.com\/site\/produit\/urne-electorale\/","og_locale":"fr_FR","og_type":"article","og_title":"Urne \u00e9lectorale - SP \u00c9quipements","og_description":"L'urne \u00e9lectorale est une urne conforme aux r\u00e9glementations en vigueur pour les \u00e9lections.  Elle peut contenir de 300 \u00e0 1800 bulletins en fonction du mod\u00e8le choisis.  &nbsp;","og_url":"https:\/\/www.sp-equipements.com\/site\/produit\/urne-electorale\/","og_site_name":"SP \u00c9quipements","article_modified_time":"2020-12-03T13:35:15+00:00","og_image":[{"width":190,"height":190,"url":"https:\/\/www.sp-equipements.com\/site\/wp-content\/uploads\/2020\/12\/urne-SODEM-miniature.png","type":"image\/png"}],"twitter_card":"summary_large_image","twitter_misc":{"Dur\u00e9e de lecture estim\u00e9e":"1 minute"},"schema":{"@context":"https:\/\/schema.org","@graph":[{"@type":"WebPage","@id":"https:\/\/www.sp-equipements.com\/site\/produit\/urne-electorale\/","url":"https:\/\/www.sp-equipements.com\/site\/produit\/urne-electorale\/","name":"Urne \u00e9lectorale - SP \u00c9quipements","isPartOf":{"@id":"https:\/\/www.sp-equipements.com\/site\/#website"},"primaryImageOfPage":{"@id":"https:\/\/www.sp-equipements.com\/site\/produit\/urne-electorale\/#primaryimage"},"image":{"@id":"https:\/\/www.sp-equipements.com\/site\/produit\/urne-electorale\/#primaryimage"},"thumbnailUrl":"https:\/\/www.sp-equipements.com\/site\/wp-content\/uploads\/2020\/12\/urne-SODEM-miniature.png","datePublished":"2020-12-02T13:44:09+00:00","dateModified":"2020-12-03T13:35:15+00:00","breadcrumb":{"@id":"https:\/\/www.sp-equipements.com\/site\/produit\/urne-electorale\/#breadcrumb"},"inLanguage":"fr-FR","potentialAction":[{"@type":"ReadAction","target":["https:\/\/www.sp-equipements.com\/site\/produit\/urne-electorale\/"]}]},{"@type":"ImageObject","inLanguage":"fr-FR","@id":"https:\/\/www.sp-equipements.com\/site\/produit\/urne-electorale\/#primaryimage","url":"https:\/\/www.sp-equipements.com\/site\/wp-content\/uploads\/2020\/12\/urne-SODEM-miniature.png","contentUrl":"https:\/\/www.sp-equipements.com\/site\/wp-content\/uploads\/2020\/12\/urne-SODEM-miniature.png","width":190,"height":190},{"@type":"BreadcrumbList","@id":"https:\/\/www.sp-equipements.com\/site\/produit\/urne-electorale\/#breadcrumb","itemListElement":[{"@type":"ListItem","position":1,"name":"Accueil","item":"https:\/\/www.sp-equipements.com\/site\/"},{"@type":"ListItem","position":2,"name":"Catalogue","item":"https:\/\/www.sp-equipements.com\/site\/catalogue\/"},{"@type":"ListItem","position":3,"name":"Urne \u00e9lectorale"}]},{"@type":"WebSite","@id":"https:\/\/www.sp-equipements.com\/site\/#website","url":"https:\/\/www.sp-equipements.com\/site\/","name":"SP \u00c9quipements","description":"\u00c9quipements de collectivit\u00e9s","potentialAction":[{"@type":"SearchAction","target":{"@type":"EntryPoint","urlTemplate":"https:\/\/www.sp-equipements.com\/site\/?s={search_term_string}"},"query-input":"required name=search_term_string"}],"inLanguage":"fr-FR"}]}},"_links":{"self":[{"href":"https:\/\/www.sp-equipements.com\/site\/wp-json\/wp\/v2\/product\/38311"}],"collection":[{"href":"https:\/\/www.sp-equipements.com\/site\/wp-json\/wp\/v2\/product"}],"about":[{"href":"https:\/\/www.sp-equipements.com\/site\/wp-json\/wp\/v2\/types\/product"}],"replies":[{"embeddable":true,"href":"https:\/\/www.sp-equipements.com\/site\/wp-json\/wp\/v2\/comments?post=38311"}],"wp:featuredmedia":[{"embeddable":true,"href":"https:\/\/www.sp-equipements.com\/site\/wp-json\/wp\/v2\/media\/38313"}],"wp:attachment":[{"href":"https:\/\/www.sp-equipements.com\/site\/wp-json\/wp\/v2\/media?parent=38311"}],"wp:term":[{"taxonomy":"product_cat","embeddable":true,"href":"https:\/\/www.sp-equipements.com\/site\/wp-json\/wp\/v2\/product_cat?post=38311"},{"taxonomy":"product_tag","embeddable":true,"href":"https:\/\/www.sp-equipements.com\/site\/wp-json\/wp\/v2\/product_tag?post=38311"}],"curies":[{"name":"wp","href":"https:\/\/api.w.org\/{rel}","templated":true}]}}